CRAN Package Check Results for Package MazamaSpatialUtils

Last updated on 2021-09-23 02:49:11 CEST.

Flavor Version Tinstall Tcheck Ttotal Status Flags
r-devel-linux-x86_64-debian-clang 0.7.6 8.78 94.18 102.96 OK
r-devel-linux-x86_64-debian-gcc 0.7.6 7.27 70.31 77.58 OK
r-devel-linux-x86_64-fedora-clang 0.7.6 138.37 NOTE
r-devel-linux-x86_64-fedora-gcc 0.7.6 120.50 NOTE
r-devel-windows-x86_64 0.7.6 16.00 120.00 136.00 OK
r-devel-windows-x86_64-gcc10-UCRT 0.7.6 ERROR
r-patched-linux-x86_64 0.7.6 10.03 90.15 100.18 OK
r-patched-solaris-x86 0.7.6 176.60 NOTE
r-release-linux-x86_64 0.7.6 10.35 89.40 99.75 OK
r-release-macos-arm64 0.7.6 NOTE
r-release-macos-x86_64 0.7.6 NOTE
r-release-windows-ix86+x86_64 0.7.6 25.00 139.00 164.00 OK
r-oldrel-macos-x86_64 0.7.6 NOTE
r-oldrel-windows-ix86+x86_64 0.7.6 25.00 130.00 155.00 OK

Check Details

Version: 0.7.6
Check: data for non-ASCII characters
Result: NOTE
     Note: found 17 marked UTF-8 strings
Flavors: r-devel-linux-x86_64-fedora-clang, r-devel-linux-x86_64-fedora-gcc, r-patched-solaris-x86, r-release-macos-arm64, r-release-macos-x86_64, r-oldrel-macos-x86_64

Version: 0.7.6
Check: package dependencies
Result: ERROR
    Packages required but not available:
     'MazamaCoreUtils', 'rgdal', 'rmapshaper'
    
    See section 'The DESCRIPTION file' in the 'Writing R Extensions'
    manual.
Flavor: r-devel-windows-x86_64-gcc10-UCRT