CRAN Package Check Results for Package MedianaDesigner

Last updated on 2022-01-29 02:49:53 CET.

Flavor Version Tinstall Tcheck Ttotal Status Flags
r-devel-linux-x86_64-debian-clang 0.7 60.28 303.21 363.49 OK
r-devel-linux-x86_64-debian-gcc 0.7 50.28 216.80 267.08 OK
r-devel-linux-x86_64-fedora-clang 0.7 336.04 NOTE
r-devel-linux-x86_64-fedora-gcc 0.7 328.64 OK
r-devel-windows-x86_64-new-UL 0.7 198.00 360.00 558.00 OK
r-devel-windows-x86_64-new-TK 0.7 OK
r-patched-linux-x86_64 0.7 57.28 201.34 258.62 OK
r-release-linux-x86_64 0.7 59.75 201.20 260.95 OK
r-release-macos-arm64 0.7 NOTE
r-release-macos-x86_64 0.7 NOTE
r-release-windows-ix86+x86_64 0.7 122.00 439.00 561.00 OK
r-oldrel-macos-x86_64 0.7 NOTE
r-oldrel-windows-ix86+x86_64 0.7 122.00 437.00 559.00 OK

Check Details

Version: 0.7
Check: installed package size
Result: NOTE
     installed size is 6.2Mb
     sub-directories of 1Mb or more:
     libs 5.4Mb
Flavors: r-devel-linux-x86_64-fedora-clang, r-release-macos-arm64, r-release-macos-x86_64, r-oldrel-macos-x86_64