CRAN Package Check Results for Package MetaDBparse

Last updated on 2021-10-26 02:56:36 CEST.

Flavor Version Tinstall Tcheck Ttotal Status Flags
r-devel-linux-x86_64-debian-clang 2.0.0 14.33 111.82 126.15 OK
r-devel-linux-x86_64-debian-gcc 2.0.0 10.30 85.83 96.13 OK
r-devel-linux-x86_64-fedora-clang 2.0.0 165.06 NOTE
r-devel-linux-x86_64-fedora-gcc 2.0.0 145.45 NOTE
r-devel-windows-x86_64 2.0.0 22.00 148.00 170.00 OK
r-devel-windows-x86_64-gcc10-UCRT 2.0.0 NOTE
r-patched-linux-x86_64 2.0.0 14.85 107.15 122.00 OK
r-release-linux-x86_64 2.0.0 13.07 107.25 120.32 OK
r-release-macos-arm64 2.0.0 NOTE
r-release-macos-x86_64 2.0.0 ERROR
r-release-windows-ix86+x86_64 2.0.0 21.00 141.00 162.00 OK
r-oldrel-macos-x86_64 2.0.0 ERROR
r-oldrel-windows-ix86+x86_64 2.0.0 31.00 145.00 176.00 OK

Check Details

Version: 2.0.0
Check: package dependencies
Result: NOTE
    Imports includes 28 non-default packages.
    Importing from so many packages makes the package vulnerable to any of
    them becoming unavailable. Move as many as possible to Suggests and
    use conditionally.
Flavor: r-devel-linux-x86_64-fedora-clang

Version: 2.0.0
Check: dependencies in R code
Result: NOTE
    Namespace in Imports field not imported from: ‘pacman’
     All declared Imports should be used.
Flavors: r-devel-linux-x86_64-fedora-clang, r-devel-linux-x86_64-fedora-gcc, r-devel-windows-x86_64-gcc10-UCRT, r-release-macos-arm64

Version: 2.0.0
Check: package dependencies
Result: ERROR
    Packages required but not available: 'ChemmineR', 'Rdisop'
    
    See section ‘The DESCRIPTION file’ in the ‘Writing R Extensions’
    manual.
Flavor: r-release-macos-x86_64

Version: 2.0.0
Check: package dependencies
Result: ERROR
    Packages required but not available: 'KEGGREST', 'ChemmineR', 'Rdisop'
    
    See section ‘The DESCRIPTION file’ in the ‘Writing R Extensions’
    manual.
Flavor: r-oldrel-macos-x86_64