CRAN Package Check Results for Package MetaIntegrator

Last updated on 2022-01-16 02:49:34 CET.

Flavor Version Tinstall Tcheck Ttotal Status Flags
r-devel-linux-x86_64-debian-clang 2.1.3 14.08 163.31 177.39 OK
r-devel-linux-x86_64-debian-gcc 2.1.3 13.51 131.18 144.69 OK
r-devel-linux-x86_64-fedora-clang 2.1.3 NOTE
r-devel-linux-x86_64-fedora-gcc 2.1.3 205.33 NOTE
r-devel-windows-x86_64-new-UL 2.1.3 188.00 201.00 389.00 OK
r-devel-windows-x86_64-new-TK 2.1.3 ERROR
r-patched-linux-x86_64 2.1.3 13.64 153.41 167.05 OK
r-release-linux-x86_64 2.1.3 14.64 151.65 166.29 OK
r-release-macos-arm64 2.1.3 NOTE
r-release-macos-x86_64 2.1.3 NOTE
r-release-windows-ix86+x86_64 2.1.3 32.00 202.00 234.00 OK
r-oldrel-macos-x86_64 2.1.3 ERROR
r-oldrel-windows-ix86+x86_64 2.1.3 32.00 206.00 238.00 OK

Check Details

Version: 2.1.3
Check: package dependencies
Result: NOTE
    Imports includes 35 non-default packages.
    Importing from so many packages makes the package vulnerable to any of
    them becoming unavailable. Move as many as possible to Suggests and
    use conditionally.
Flavor: r-devel-linux-x86_64-fedora-clang

Version: 2.1.3
Check: dependencies in R code
Result: NOTE
    Namespaces in Imports field not imported from:
     ‘BiocManager’ ‘DT’ ‘GEOmetadb’ ‘RMySQL’ ‘RSQLite’ ‘gplots’ ‘pheatmap’
     ‘readr’
     All declared Imports should be used.
Flavors: r-devel-linux-x86_64-fedora-clang, r-devel-linux-x86_64-fedora-gcc, r-release-macos-arm64, r-release-macos-x86_64

Version: 2.1.3
Check: package dependencies
Result: ERROR
    Package required but not available: 'ggpubr'
    
    See section 'The DESCRIPTION file' in the 'Writing R Extensions'
    manual.
Flavor: r-devel-windows-x86_64-new-TK

Version: 2.1.3
Check: package dependencies
Result: ERROR
    Package required but not available: ‘GEOmetadb’
    
    See section ‘The DESCRIPTION file’ in the ‘Writing R Extensions’
    manual.
Flavor: r-oldrel-macos-x86_64