CRAN Package Check Results for Package MetaIntegrator

Last updated on 2022-08-18 04:56:29 CEST.

Flavor Version Tinstall Tcheck Ttotal Status Flags
r-devel-linux-x86_64-debian-clang 2.1.3 17.73 168.77 186.50 OK
r-devel-linux-x86_64-debian-gcc 2.1.3 13.41 121.23 134.64 OK
r-devel-linux-x86_64-fedora-clang 2.1.3 248.87 NOTE
r-devel-linux-x86_64-fedora-gcc 2.1.3 237.97 NOTE
r-devel-windows-x86_64 2.1.3 132.00 204.00 336.00 OK
r-patched-linux-x86_64 2.1.3 13.44 157.38 170.82 OK
r-release-linux-x86_64 2.1.3 13.48 157.67 171.15 OK
r-release-macos-arm64 2.1.3 64.00 NOTE
r-release-macos-x86_64 2.1.3 114.00 NOTE
r-release-windows-x86_64 2.1.3 149.00 201.00 350.00 OK
r-oldrel-macos-arm64 2.1.3 92.00 NOTE
r-oldrel-macos-x86_64 2.1.3 78.00 NOTE
r-oldrel-windows-ix86+x86_64 2.1.3 32.00 215.00 247.00 OK

Check Details

Version: 2.1.3
Check: package dependencies
Result: NOTE
    Imports includes 35 non-default packages.
    Importing from so many packages makes the package vulnerable to any of
    them becoming unavailable. Move as many as possible to Suggests and
    use conditionally.
Flavor: r-devel-linux-x86_64-fedora-clang

Version: 2.1.3
Check: dependencies in R code
Result: NOTE
    Namespaces in Imports field not imported from:
     ‘BiocManager’ ‘DT’ ‘GEOmetadb’ ‘RMySQL’ ‘RSQLite’ ‘gplots’ ‘pheatmap’
     ‘readr’
     All declared Imports should be used.
Flavors: r-devel-linux-x86_64-fedora-clang, r-devel-linux-x86_64-fedora-gcc, r-release-macos-arm64, r-release-macos-x86_64, r-oldrel-macos-arm64, r-oldrel-macos-x86_64