CRAN Package Check Results for Package MetaheuristicFPA

Last updated on 2022-01-22 02:51:21 CET.

Flavor Version Tinstall Tcheck Ttotal Status Flags
r-devel-linux-x86_64-debian-clang 1.0 27.44 34.02 61.46 OK
r-devel-linux-x86_64-debian-gcc 1.0 21.19 26.29 47.48 OK
r-devel-linux-x86_64-fedora-clang 1.0 90.61 NOTE
r-devel-linux-x86_64-fedora-gcc 1.0 81.27 NOTE
r-devel-windows-x86_64-new-UL 1.0 53.00 73.00 126.00 OK
r-devel-windows-x86_64-new-TK 1.0 OK
r-patched-linux-x86_64 1.0 26.54 32.99 59.53 OK
r-release-linux-x86_64 1.0 23.54 32.27 55.81 OK
r-release-macos-arm64 1.0 OK
r-release-macos-x86_64 1.0 OK
r-release-windows-ix86+x86_64 1.0 76.00 73.00 149.00 OK
r-oldrel-macos-x86_64 1.0 OK
r-oldrel-windows-ix86+x86_64 1.0 77.00 75.00 152.00 OK

Check Details

Version: 1.0
Check: compiled code
Result: NOTE
    File ‘MetaheuristicFPA/libs/MetaheuristicFPA.so’:
     Found no calls to: ‘R_registerRoutines’, ‘R_useDynamicSymbols’
    
    It is good practice to register native routines and to disable symbol
    search.
    
    See ‘Writing portable packages’ in the ‘Writing R Extensions’ manual.
Flavors: r-devel-linux-x86_64-fedora-clang, r-devel-linux-x86_64-fedora-gcc