CRAN Package Check Results for Package MplusAutomation

Last updated on 2022-06-25 02:52:21 CEST.

Flavor Version Tinstall Tcheck Ttotal Status Flags
r-devel-linux-x86_64-debian-clang 1.1.0 44.86 151.18 196.04 OK
r-devel-linux-x86_64-debian-gcc 1.1.0 35.20 111.36 146.56 OK
r-devel-linux-x86_64-fedora-clang 1.1.0 264.22 OK
r-devel-linux-x86_64-fedora-gcc 1.1.0 243.76 OK
r-devel-windows-x86_64 1.1.0 310.00 188.00 498.00 OK
r-patched-linux-x86_64 1.1.0 47.85 140.01 187.86 OK
r-release-linux-x86_64 1.1.0 40.98 140.97 181.95 OK
r-release-macos-arm64 1.1.0 54.00 NOTE
r-release-macos-x86_64 1.1.0 86.00 OK
r-release-windows-x86_64 1.1.0 221.00 186.00 407.00 OK
r-oldrel-macos-arm64 1.1.0 52.00 OK
r-oldrel-macos-x86_64 1.1.0 84.00 OK
r-oldrel-windows-ix86+x86_64 1.1.0 79.00 181.00 260.00 OK

Check Details

Version: 1.1.0
Check: package dependencies
Result: NOTE
    Package suggested but not available for checking: ‘rhdf5’
Flavor: r-release-macos-arm64