Last updated on 2023-02-04 02:50:03 CET.
Flavor | Version | Tinstall | Tcheck | Ttotal | Status | Flags |
---|---|---|---|---|---|---|
r-devel-linux-x86_64-debian-clang | 1.1.0 | 51.16 | 150.73 | 201.89 | OK | |
r-devel-linux-x86_64-debian-gcc | 1.1.0 | 34.42 | 109.22 | 143.64 | OK | |
r-devel-linux-x86_64-fedora-clang | 1.1.0 | 277.51 | OK | |||
r-devel-linux-x86_64-fedora-gcc | 1.1.0 | 278.81 | OK | |||
r-devel-windows-x86_64 | 1.1.0 | 331.00 | 226.00 | 557.00 | OK | |
r-patched-linux-x86_64 | 1.1.0 | 50.52 | 135.32 | 185.84 | OK | |
r-release-linux-x86_64 | 1.1.0 | 40.43 | 136.46 | 176.89 | OK | |
r-release-macos-arm64 | 1.1.0 | 54.00 | NOTE | |||
r-release-macos-x86_64 | 1.1.0 | 86.00 | OK | |||
r-release-windows-x86_64 | 1.1.0 | 258.00 | 203.00 | 461.00 | OK | |
r-oldrel-macos-arm64 | 1.1.0 | 52.00 | OK | |||
r-oldrel-macos-x86_64 | 1.1.0 | 84.00 | OK | |||
r-oldrel-windows-ix86+x86_64 | 1.1.0 | 78.00 | 176.00 | 254.00 | OK |
Version: 1.1.0
Check: package dependencies
Result: NOTE
Package suggested but not available for checking: ‘rhdf5’
Flavor: r-release-macos-arm64