CRAN Package Check Results for Package MrSGUIDE

Last updated on 2021-08-02 02:49:57 CEST.

Flavor Version Tinstall Tcheck Ttotal Status Flags
r-devel-linux-x86_64-debian-clang 0.1.2 156.63 77.28 233.91 OK
r-devel-linux-x86_64-debian-gcc 0.1.2 97.80 55.76 153.56 OK
r-devel-linux-x86_64-fedora-clang 0.1.2 322.95 NOTE
r-devel-linux-x86_64-fedora-gcc 0.1.2 288.53 OK
r-devel-windows-x86_64 0.1.2 132.00 118.00 250.00 OK
r-devel-windows-x86_64-gcc10-UCRT 0.1.2 OK
r-patched-linux-x86_64 0.1.2 OK
r-patched-solaris-x86 0.1.2 226.00 WARN
r-release-linux-x86_64 0.1.2 119.74 76.09 195.83 OK
r-release-macos-arm64 0.1.2 WARN
r-release-macos-x86_64 0.1.2 WARN
r-release-windows-ix86+x86_64 0.1.2 347.00 140.00 487.00 NOTE
r-oldrel-macos-x86_64 0.1.2 WARN
r-oldrel-windows-ix86+x86_64 0.1.2 259.00 131.00 390.00 NOTE

Check Details

Version: 0.1.2
Check: installed package size
Result: NOTE
     installed size is 8.1Mb
     sub-directories of 1Mb or more:
     doc 1.9Mb
     libs 6.0Mb
Flavors: r-devel-linux-x86_64-fedora-clang, r-release-macos-arm64, r-release-macos-x86_64, r-release-windows-ix86+x86_64, r-oldrel-macos-x86_64, r-oldrel-windows-ix86+x86_64

Version: 0.1.2
Check: re-building of vignette outputs
Result: WARN
    Error(s) in re-building vignettes:
     ...
    --- re-building ‘UsageOfMrSGUIDE.Rmd’ using rmarkdown
    Warning in engine$weave(file, quiet = quiet, encoding = enc) :
     Pandoc (>= 1.12.3) not available. Falling back to R Markdown v1.
    Quitting from lines 119-120 (UsageOfMrSGUIDE.Rmd)
    Error: processing vignette 'UsageOfMrSGUIDE.Rmd' failed with diagnostics:
    there is no package called 'webshot'
    --- failed re-building ‘UsageOfMrSGUIDE.Rmd’
    
    SUMMARY: processing the following file failed:
     ‘UsageOfMrSGUIDE.Rmd’
    
    Error: Vignette re-building failed.
    Execution halted
Flavor: r-patched-solaris-x86

Version: 0.1.2
Check: re-building of vignette outputs
Result: WARN
    Error(s) in re-building vignettes:
     ...
    --- re-building ‘UsageOfMrSGUIDE.Rmd’ using rmarkdown
    Warning in engine$weave(file, quiet = quiet, encoding = enc) :
     Pandoc (>= 1.12.3) not available. Falling back to R Markdown v1.
    Quitting from lines 119-120 (UsageOfMrSGUIDE.Rmd)
    Error: processing vignette 'UsageOfMrSGUIDE.Rmd' failed with diagnostics:
    invalid 'path' argument
    --- failed re-building ‘UsageOfMrSGUIDE.Rmd’
    
    SUMMARY: processing the following file failed:
     ‘UsageOfMrSGUIDE.Rmd’
    
    Error: Vignette re-building failed.
    Execution halted
Flavors: r-release-macos-arm64, r-release-macos-x86_64

Version: 0.1.2
Check: re-building of vignette outputs
Result: WARN
    Error(s) in re-building vignettes:
     ...
    --- re-building ‘UsageOfMrSGUIDE.Rmd’ using rmarkdown
    Warning in engine$weave(file, quiet = quiet, encoding = enc) :
     Pandoc (>= 1.12.3) and/or pandoc-citeproc not available. Falling back to R Markdown v1.
    Quitting from lines 119-120 (UsageOfMrSGUIDE.Rmd)
    Error: processing vignette 'UsageOfMrSGUIDE.Rmd' failed with diagnostics:
    cannot open the connection
    --- failed re-building ‘UsageOfMrSGUIDE.Rmd’
    
    SUMMARY: processing the following file failed:
     ‘UsageOfMrSGUIDE.Rmd’
    
    Error: Vignette re-building failed.
    Execution halted
Flavor: r-oldrel-macos-x86_64