CRAN Package Check Results for Package MuMIn

Last updated on 2021-09-18 02:52:03 CEST.

Flavor Version Tinstall Tcheck Ttotal Status Flags
r-devel-linux-x86_64-debian-clang 1.43.17 19.29 164.69 183.98 OK
r-devel-linux-x86_64-debian-gcc 1.43.17 13.91 123.56 137.47 OK
r-devel-linux-x86_64-fedora-clang 1.43.17 225.87 NOTE
r-devel-linux-x86_64-fedora-gcc 1.43.17 215.35 OK
r-devel-windows-x86_64 1.43.17 18.00 146.00 164.00 OK
r-devel-windows-x86_64-gcc10-UCRT 1.43.17 OK
r-patched-linux-x86_64 1.43.17 17.64 157.17 174.81 OK
r-patched-solaris-x86 1.43.17 313.30 OK
r-release-linux-x86_64 1.43.17 16.93 155.22 172.15 OK
r-release-macos-arm64 1.43.17 OK
r-release-macos-x86_64 1.43.17 OK
r-release-windows-ix86+x86_64 1.43.17 32.00 202.00 234.00 OK
r-oldrel-macos-x86_64 1.43.17 OK
r-oldrel-windows-ix86+x86_64 1.43.17 33.00 199.00 232.00 OK

Check Details

Version: 1.43.17
Check: Rd cross-references
Result: NOTE
    Undeclared packages ‘AICcmodavg’, ‘bbmle’, ‘glmulti’, ‘arm’, ‘wgeesel’, ‘ape’, ‘bestglm’, ‘leaps’, ‘glmmTMB’, ‘brglm’, ‘quantreg’, ‘maxlike’, ‘RMark’ in Rd xrefs
Flavor: r-devel-linux-x86_64-fedora-clang