CRAN Package Check Results for Package MultiBD

Last updated on 2023-06-07 02:59:20 CEST.

Flavor Version Tinstall Tcheck Ttotal Status Flags
r-devel-linux-x86_64-debian-clang 0.2.0 106.68 147.59 254.27 NOTE
r-devel-linux-x86_64-debian-gcc 0.2.0 81.57 112.26 193.83 NOTE
r-devel-linux-x86_64-fedora-clang 0.2.0 368.80 NOTE
r-devel-linux-x86_64-fedora-gcc 0.2.0 377.72 NOTE
r-devel-windows-x86_64 0.2.0 80.00 156.00 236.00 NOTE
r-patched-linux-x86_64 0.2.0 99.72 157.71 257.43 NOTE
r-release-linux-x86_64 0.2.0 88.60 157.13 245.73 NOTE
r-release-macos-arm64 0.2.0 84.00 NOTE
r-release-macos-x86_64 0.2.0 177.00 NOTE
r-release-windows-x86_64 0.2.0 80.00 156.00 236.00 NOTE
r-oldrel-macos-arm64 0.2.0 77.00 NOTE
r-oldrel-macos-x86_64 0.2.0 96.00 NOTE
r-oldrel-windows-x86_64 0.2.0 110.00 151.00 261.00 OK

Check Details

Version: 0.2.0
Check: C++ specification
Result: NOTE
     Specified C++11: please drop specification unless essential
Flavors: r-devel-linux-x86_64-debian-clang, r-devel-linux-x86_64-debian-gcc, r-devel-linux-x86_64-fedora-clang, r-devel-linux-x86_64-fedora-gcc, r-devel-windows-x86_64, r-patched-linux-x86_64, r-release-linux-x86_64, r-release-macos-arm64, r-release-macos-x86_64, r-release-windows-x86_64

Version: 0.2.0
Check: compiled code
Result: NOTE
    File ‘MultiBD/libs/MultiBD.so’:
     Found no calls to: ‘R_registerRoutines’, ‘R_useDynamicSymbols’
    
    It is good practice to register native routines and to disable symbol
    search.
    
    See ‘Writing portable packages’ in the ‘Writing R Extensions’ manual.
Flavors: r-devel-linux-x86_64-fedora-clang, r-devel-linux-x86_64-fedora-gcc

Version: 0.2.0
Check: installed package size
Result: NOTE
     installed size is 6.5Mb
     sub-directories of 1Mb or more:
     libs 4.9Mb
Flavors: r-release-macos-arm64, r-release-macos-x86_64, r-oldrel-macos-arm64, r-oldrel-macos-x86_64