CRAN Package Check Results for Package NFWdist

Last updated on 2022-01-29 02:49:55 CET.

Flavor Version Tinstall Tcheck Ttotal Status Flags
r-devel-linux-x86_64-debian-clang 0.1.0 1.76 35.57 37.33 NOTE
r-devel-linux-x86_64-debian-gcc 0.1.0 1.67 27.50 29.17 NOTE
r-devel-linux-x86_64-fedora-clang 0.1.0 46.38 NOTE
r-devel-linux-x86_64-fedora-gcc 0.1.0 35.77 NOTE
r-devel-windows-x86_64-new-UL 0.1.0 13.00 58.00 71.00 NOTE
r-devel-windows-x86_64-new-TK 0.1.0 NOTE
r-patched-linux-x86_64 0.1.0 2.18 30.07 32.25 NOTE
r-release-linux-x86_64 0.1.0 1.63 30.88 32.51 NOTE
r-release-macos-arm64 0.1.0 NOTE
r-release-macos-x86_64 0.1.0 NOTE
r-release-windows-ix86+x86_64 0.1.0 5.00 43.00 48.00 NOTE
r-oldrel-macos-x86_64 0.1.0 OK
r-oldrel-windows-ix86+x86_64 0.1.0 6.00 43.00 49.00 OK

Check Details

Version: 0.1.0
Check: LazyData
Result: NOTE
     'LazyData' is specified without a 'data' directory
Flavors: r-devel-linux-x86_64-debian-clang, r-devel-linux-x86_64-debian-gcc, r-devel-linux-x86_64-fedora-clang, r-devel-linux-x86_64-fedora-gcc, r-devel-windows-x86_64-new-UL, r-devel-windows-x86_64-new-TK, r-patched-linux-x86_64, r-release-linux-x86_64, r-release-macos-arm64, r-release-macos-x86_64, r-release-windows-ix86+x86_64