CRAN Package Check Results for Package NHPoisson

Last updated on 2022-01-29 02:49:55 CET.

Flavor Version Tinstall Tcheck Ttotal Status Flags
r-devel-linux-x86_64-debian-clang 3.3 4.59 56.30 60.89 OK
r-devel-linux-x86_64-debian-gcc 3.3 4.43 43.41 47.84 OK
r-devel-linux-x86_64-fedora-clang 3.3 76.07 OK
r-devel-linux-x86_64-fedora-gcc 3.3 64.61 OK
r-devel-windows-x86_64-new-UL 3.3 66.00 86.00 152.00 OK
r-devel-windows-x86_64-new-TK 3.3 ERROR
r-patched-linux-x86_64 3.3 7.50 54.55 62.05 OK
r-release-linux-x86_64 3.3 4.25 53.81 58.06 OK
r-release-macos-arm64 3.3 OK
r-release-macos-x86_64 3.3 OK
r-release-windows-ix86+x86_64 3.3 13.00 73.00 86.00 OK
r-oldrel-macos-x86_64 3.3 OK
r-oldrel-windows-ix86+x86_64 3.3 15.00 74.00 89.00 OK

Check Details

Version: 3.3
Check: package dependencies
Result: ERROR
    Package required but not available: 'car'
    
    See section 'The DESCRIPTION file' in the 'Writing R Extensions'
    manual.
Flavor: r-devel-windows-x86_64-new-TK