Last updated on 2022-05-23 02:53:43 CEST.
Flavor | Version | Tinstall | Tcheck | Ttotal | Status | Flags |
---|---|---|---|---|---|---|
r-devel-linux-x86_64-debian-clang | 1.0 | 9.17 | 100.33 | 109.50 | NOTE | |
r-devel-linux-x86_64-debian-gcc | 1.0 | 7.97 | 73.88 | 81.85 | NOTE | |
r-devel-linux-x86_64-fedora-clang | 1.0 | 126.71 | NOTE | |||
r-devel-linux-x86_64-fedora-gcc | 1.0 | 124.50 | NOTE | |||
r-devel-windows-x86_64 | 1.0 | 16.00 | 110.00 | 126.00 | NOTE | |
r-patched-linux-x86_64 | 1.0 | 9.92 | 92.89 | 102.81 | NOTE | |
r-release-linux-x86_64 | 1.0 | 8.13 | 94.69 | 102.82 | NOTE | |
r-release-macos-arm64 | 1.0 | 55.00 | NOTE | |||
r-release-macos-x86_64 | 1.0 | 51.00 | NOTE | |||
r-release-windows-x86_64 | 1.0 | 15.00 | 108.00 | 123.00 | NOTE | |
r-oldrel-macos-arm64 | 1.0 | 42.00 | NOTE | |||
r-oldrel-macos-x86_64 | 1.0 | 65.00 | NOTE | |||
r-oldrel-windows-ix86+x86_64 | 1.0 | 21.00 | 108.00 | 129.00 | NOTE |
Version: 1.0
Check: R code for possible problems
Result: NOTE
.mcmc.bar: no visible global function definition for 'rnorm'
.mcmc.bar: no visible global function definition for 'runif'
.mcmc.comb: no visible global function definition for 'rnorm'
.mcmc.comb: no visible global function definition for 'runif'
.mcmc.rd: no visible global function definition for 'rnorm'
.mcmc.rd: no visible global function definition for 'runif'
.mcmc.trans: no visible global function definition for 'rnorm'
.mcmc.trans: no visible global function definition for 'runif'
.simulate.bar: no visible global function definition for 'rlnorm'
.simulate.bar: no visible global function definition for 'rbeta'
.simulate.bar: no visible global function definition for 'rbinom'
.simulate.comb: no visible global function definition for 'rlnorm'
.simulate.comb: no visible global function definition for 'rbeta'
.simulate.comb: no visible global function definition for 'rbinom'
.simulate.rd: no visible global function definition for 'rlnorm'
.simulate.rd: no visible global function definition for 'rbinom'
.simulate.trans: no visible global function definition for 'rlnorm'
.simulate.trans: no visible global function definition for 'rbinom'
Undefined global functions or variables:
rbeta rbinom rlnorm rnorm runif
Consider adding
importFrom("stats", "rbeta", "rbinom", "rlnorm", "rnorm", "runif")
to your NAMESPACE file.
Flavors: r-devel-linux-x86_64-debian-clang, r-devel-linux-x86_64-debian-gcc, r-devel-linux-x86_64-fedora-clang, r-devel-linux-x86_64-fedora-gcc, r-devel-windows-x86_64, r-patched-linux-x86_64, r-release-linux-x86_64, r-release-macos-arm64, r-release-macos-x86_64, r-release-windows-x86_64, r-oldrel-macos-arm64, r-oldrel-macos-x86_64, r-oldrel-windows-ix86+x86_64