Last updated on 2023-06-06 02:55:47 CEST.
Flavor | Version | Tinstall | Tcheck | Ttotal | Status | Flags |
---|---|---|---|---|---|---|
r-devel-linux-x86_64-debian-clang | 0.2 | 6.94 | 59.05 | 65.99 | NOTE | |
r-devel-linux-x86_64-debian-gcc | 0.2 | 4.99 | 45.14 | 50.13 | NOTE | |
r-devel-linux-x86_64-fedora-clang | 0.2 | 80.76 | NOTE | |||
r-devel-linux-x86_64-fedora-gcc | 0.2 | 76.35 | NOTE | |||
r-devel-windows-x86_64 | 0.2 | 8.00 | 67.00 | 75.00 | NOTE | |
r-patched-linux-x86_64 | 0.2 | 6.50 | 54.98 | 61.48 | NOTE | |
r-release-linux-x86_64 | 0.2 | 6.88 | 55.26 | 62.14 | NOTE | |
r-release-macos-arm64 | 0.2 | 28.00 | NOTE | |||
r-release-macos-x86_64 | 0.2 | 43.00 | NOTE | |||
r-release-windows-x86_64 | 0.2 | 9.00 | 72.00 | 81.00 | NOTE | |
r-oldrel-macos-arm64 | 0.2 | 22.00 | NOTE | |||
r-oldrel-macos-x86_64 | 0.2 | 35.00 | NOTE | |||
r-oldrel-windows-x86_64 | 0.2 | 9.00 | 76.00 | 85.00 | NOTE |
Version: 0.2
Check: package dependencies
Result: NOTE
Package which this enhances but not available for checking: ‘jpndistrict’
Flavors: r-devel-linux-x86_64-debian-clang, r-devel-linux-x86_64-debian-gcc, r-devel-linux-x86_64-fedora-clang, r-devel-linux-x86_64-fedora-gcc, r-devel-windows-x86_64, r-patched-linux-x86_64, r-release-linux-x86_64, r-release-macos-arm64, r-release-macos-x86_64, r-release-windows-x86_64, r-oldrel-macos-arm64, r-oldrel-macos-x86_64, r-oldrel-windows-x86_64
Version: 0.2
Check: Rd cross-references
Result: NOTE
Undeclared packages ‘cshapes’, ‘mapdata’ in Rd xrefs
Flavor: r-devel-linux-x86_64-fedora-clang