CRAN Package Check Results for Package OptCirClust

Last updated on 2021-07-28 02:49:15 CEST.

Flavor Version Tinstall Tcheck Ttotal Status Flags
r-devel-linux-x86_64-debian-clang 0.0.3 20.11 53.75 73.86 WARN
r-devel-linux-x86_64-debian-gcc 0.0.3 13.92 43.23 57.15 NOTE
r-devel-linux-x86_64-fedora-clang 0.0.3 108.16 NOTE
r-devel-linux-x86_64-fedora-gcc 0.0.3 99.25 NOTE
r-devel-windows-x86_64 0.0.3 27.00 89.00 116.00 NOTE
r-devel-windows-x86_64-gcc10-UCRT 0.0.3 NOTE
r-patched-linux-x86_64 0.0.3 18.73 53.46 72.19 NOTE
r-patched-solaris-x86 0.0.3 125.80 NOTE
r-release-linux-x86_64 0.0.3 17.99 54.14 72.13 NOTE
r-release-macos-arm64 0.0.3 WARN
r-release-macos-x86_64 0.0.3 NOTE
r-release-windows-ix86+x86_64 0.0.3 52.00 84.00 136.00 NOTE
r-oldrel-macos-x86_64 0.0.3 OK
r-oldrel-windows-ix86+x86_64 0.0.3 37.00 110.00 147.00 OK

Check Details

Version: 0.0.3
Check: package dependencies
Result: NOTE
    Package suggested but not available for checking: 'bazar'
Flavor: r-devel-linux-x86_64-debian-clang

Version: 0.0.3
Check: LazyData
Result: NOTE
     'LazyData' is specified without a 'data' directory
Flavors: r-devel-linux-x86_64-debian-clang, r-devel-linux-x86_64-debian-gcc, r-devel-linux-x86_64-fedora-clang, r-devel-linux-x86_64-fedora-gcc, r-devel-windows-x86_64, r-devel-windows-x86_64-gcc10-UCRT, r-patched-linux-x86_64, r-patched-solaris-x86, r-release-linux-x86_64, r-release-macos-arm64, r-release-macos-x86_64, r-release-windows-ix86+x86_64

Version: 0.0.3
Check: re-building of vignette outputs
Result: WARN
    Error(s) in re-building vignettes:
     ...
    --- re-building 'CircularGenomes.Rmd' using rmarkdown
    Quitting from lines 17-63 (CircularGenomes.Rmd)
    Error: processing vignette 'CircularGenomes.Rmd' failed with diagnostics:
    there is no package called 'bazar'
    --- failed re-building 'CircularGenomes.Rmd'
    
    --- re-building 'Performance.Rmd' using rmarkdown
    --- finished re-building 'Performance.Rmd'
    
    --- re-building 'Tutorial_CirClust.Rmd' using rmarkdown
    --- finished re-building 'Tutorial_CirClust.Rmd'
    
    --- re-building 'Tutorial_FramedClust.Rmd' using rmarkdown
    --- finished re-building 'Tutorial_FramedClust.Rmd'
    
    SUMMARY: processing the following file failed:
     'CircularGenomes.Rmd'
    
    Error: Vignette re-building failed.
    Execution halted
Flavor: r-devel-linux-x86_64-debian-clang

Version: 0.0.3
Check: re-building of vignette outputs
Result: WARN
    Error(s) in re-building vignettes:
    --- re-building ‘CircularGenomes.Rmd’ using rmarkdown
    Warning in engine$weave(file, quiet = quiet, encoding = enc) :
     Pandoc (>= 1.12.3) not available. Falling back to R Markdown v1.
    Warning in title(...) : no font could be found for family "Arial"
    Warning in title(...) : no font could be found for family "Arial"
    Warning in title(...) : no font could be found for family "Arial"
    Warning in text.default(0.65, -0.075, labels = as.character(0)) :
     no font could be found for family "Arial"
    Warning in text.default(0.65, -0.075, labels = as.character(0)) :
     no font could be found for family "Arial"
    Warning in text.default(0.65, -0.075, labels = as.character(0)) :
     no font could be found for family "Arial"
    Warning in text.default(0.65, -0.075, labels = as.character(0)) :
     no font could be found for family "Arial"
    Warning in strwidth(xvec) : no font could be found for family "Arial"
    Warning in strwidth(xvec) : no font could be found for family "Arial"
    Warning in text.default(center[1] + radius * cos(charpos[xchar]), center[2] + :
     no font could be found for family "Arial"
    Warning in text.default(center[1] + radius * cos(charpos[xchar]), center[2] + :
     no font could be found for family "Arial"
    Warning in text.default(center[1] + radius * cos(charpos[xchar]), center[2] + :
     no font could be found for family "Arial"
    Warning in text.default(center[1] + radius * cos(charpos[xchar]), center[2] + :
     no font could be found for family "Arial"
    Warning in strwidth(xvec) : no font could be found for family "Arial"
    Warning in strwidth(xvec) : no font could be found for family "Arial"
    Warning in text.default(center[1] + radius * cos(charpos[xchar]), center[2] + :
     no font could be found for family "Arial"
    Warning in text.default(center[1] + radius * cos(charpos[xchar]), center[2] + :
     no font could be found for family "Arial"
    Warning in text.default(center[1] + radius * cos(charpos[xchar]), center[2] + :
     no font could be found for family "Arial"
    Warning in text.default(center[1] + radius * cos(charpos[xchar]), center[2] + :
     no font could be found for family "Arial"
    Warning in strwidth(xvec) : no font could be found for family "Arial"
    Warning in strwidth(xvec) : no font could be found for family "Arial"
    Warning in text.default(center[1] + radius * cos(charpos[xchar]), center[2] + :
     no font could be found for family "Arial"
    Warning in text.default(center[1] + radius * cos(charpos[xchar]), center[2] + :
     no font could be found for family "Arial"
    Warning in text.default(center[1] + radius * cos(charpos[xchar]), center[2] + :
     no font could be found for family "Arial"
    Warning in text.default(center[1] + radius * cos(charpos[xchar]), center[2] + :
     no font could be found for family "Arial"
    Warning in strwidth(xvec) : no font could be found for family "Arial"
    Warning in strwidth(xvec) : no font could be found for family "Arial"
    Warning in text.default(center[1] + radius * cos(charpos[xchar]), center[2] + :
     no font could be found for family "Arial"
    Warning in text.default(center[1] + radius * cos(charpos[xchar]), center[2] + :
     no font could be found for family "Arial"
    Warning in text.default(center[1] + radius * cos(charpos[xchar]), center[2] + :
     no font could be found for family "Arial"
    Warning in text.default(center[1] + radius * cos(charpos[xchar]), center[2] + :
     no font could be found for family "Arial"
    Warning in strwidth(xvec) : no font could be found for family "Arial"
    Warning in strwidth(xvec) : no font could be found for family "Arial"
    Warning in text.default(center[1] + radius * cos(charpos[xchar]), center[2] + :
     no font could be found for family "Arial"
    Warning in text.default(center[1] + radius * cos(charpos[xchar]), center[2] + :
     no font could be found for family "Arial"
    Warning in text.default(center[1] + radius * cos(charpos[xchar]), center[2] + :
     no font could be found for family "Arial"
    Warning in text.default(center[1] + radius * cos(charpos[xchar]), center[2] + :
     no font could be found for family "Arial"
    Warning in strwidth(xvec) : no font could be found for family "Arial"
    Warning in strwidth(xvec) : no font could be found for family "Arial"
    Warning in text.default(center[1] + radius * cos(charpos[xchar]), center[2] + :
     no font could be found for family "Arial"
    Warning in text.default(center[1] + radius * cos(charpos[xchar]), center[2] + :
     no font could be found for family "Arial"
    Warning in text.default(center[1] + radius * cos(charpos[xchar]), center[2] + :
     no font could be found for family "Arial"
    Warning in text.default(center[1] + radius * cos(charpos[xchar]), center[2] + :
     no font could be found for family "Arial"
    Warning in strwidth(xvec) : no font could be found for family "Arial"
    Warning in strwidth(xvec) : no font could be found for family "Arial"
    Warning in text.default(center[1] + radius * cos(charpos[xchar]), center[2] + :
     no font could be found for family "Arial"
    Warning in text.default(center[1] + radius * cos(charpos[xchar]), center[2] + :
     no font could be found for family "Arial"
    Warning in text.default(center[1] + radius * cos(charpos[xchar]), center[2] + :
     no font could be found for family "Arial"
    Warning in text.default(center[1] + radius * cos(charpos[xchar]), center[2] + :
     no font could be found for family "Arial"
    Warning in strwidth(xvec) : no font could be found for family "Arial"
    Warning in strwidth(xvec) : no font could be found for family "Arial"
    Warning in text.default(center[1] + radius * cos(charpos[xchar]), center[2] + :
     no font could be found for family "Arial"
    Warning in text.default(center[1] + radius * cos(charpos[xchar]), center[2] + :
     no font could be found for family "Arial"
    Warning in text.default(center[1] + radius * cos(charpos[xchar]), center[2] + :
     no font could be found for family "Arial"
    Warning in text.default(center[1] + radius * cos(charpos[xchar]), center[2] + :
     no font could be found for family "Arial"
    Warning in strwidth(xvec) : no font could be found for family "Arial"
    Warning in strwidth(xvec) : no font could be found for family "Arial"
    Warning in text.default(center[1] + radius * cos(charpos[xchar]), center[2] + :
     no font could be found for family "Arial"
    Warning in text.default(center[1] + radius * cos(charpos[xchar]), center[2] + :
     no font could be found for family "Arial"
    Warning in text.default(center[1] + radius * cos(charpos[xchar]), center[2] + :
     no font could be found for family "Arial"
    Warning in text.default(center[1] + radius * cos(charpos[xchar]), center[2] + :
     no font could be found for family "Arial"
    Warning in strwidth(xvec) : no font could be found for family "Arial"
    Warning in strwidth(xvec) : no font could be found for family "Arial"
    Warning in strwidth(xvec) : no font could be found for family "Arial"
    Warning in text.default(center[1] + radius * cos(charpos[xchar]), center[2] + :
     no font could be found for family "Arial"
    Warning in text.default(center[1] + radius * cos(charpos[xchar]), center[2] + :
     no font could be found for family "Arial"
    Warning in text.default(center[1] + radius * cos(charpos[xchar]), center[2] + :
     no font could be found for family "Arial"
    Warning in text.default(center[1] + radius * cos(charpos[xchar]), center[2] + :
     no font could be found for family "Arial"
    Warning in text.default(center[1] + radius * cos(charpos[xchar]), center[2] + :
     no font could be found for family "Arial"
    Warning in text.default(center[1] + radius * cos(charpos[xchar]), center[2] + :
     no font could be found for family "Arial"
    Warning in strwidth(xvec) : no font could be found for family "Arial"
    Warning in strwidth(xvec) : no font could be found for family "Arial"
    Warning in strwidth(xvec) : no font could be found for family "Arial"
    Warning in text.default(center[1] + radius * cos(charpos[xchar]), center[2] + :
     no font could be found for family "Arial"
    Warning in text.default(center[1] + radius * cos(charpos[xchar]), center[2] + :
     no font could be found for family "Arial"
    Warning in text.default(center[1] + radius * cos(charpos[xchar]), center[2] + :
     no font could be found for family "Arial"
    Warning in text.default(center[1] + radius * cos(charpos[xchar]), center[2] + :
     no font could be found for family "Arial"
    Warning in text.default(center[1] + radius * cos(charpos[xchar]), center[2] + :
     no font could be found for family "Arial"
    Warning in text.default(center[1] + radius * cos(charpos[xchar]), center[2] + :
     no font could be found for family "Arial"
    Warning in strwidth(xvec) : no font could be found for family "Arial"
    Warning in strwidth(xvec) : no font could be found for family "Arial"
    Warning in strwidth(xvec) : no font could be found for family "Arial"
    Warning in text.default(center[1] + radius * cos(charpos[xchar]), center[2] + :
     no font could be found for family "Arial"
    Warning in text.default(center[1] + radius * cos(charpos[xchar]), center[2] + :
     no font could be found for family "Arial"
    Warning in text.default(center[1] + radius * cos(charpos[xchar]), center[2] + :
     no font could be found for family "Arial"
    Warning in text.default(center[1] + radius * cos(charpos[xchar]), center[2] + :
     no font could be found for family "Arial"
    Warning in text.default(center[1] + radius * cos(charpos[xchar]), center[2] + :
     no font could be found for family "Arial"
    Warning in text.default(center[1] + radius * cos(charpos[xchar]), center[2] + :
     no font could be found for family "Arial"
    Warning in strwidth(xvec) : no font could be found for family "Arial"
    Warning in strwidth(xvec) : no font could be found for family "Arial"
    Warning in strwidth(xvec) : no font could be found for family "Arial"
    Warning in text.default(center[1] + radius * cos(charpos[xchar]), center[2] + :
     no font could be found for family "Arial"
    Warning in text.default(center[1] + radius * cos(charpos[xchar]), center[2] + :
     no font could be found for family "Arial"
    Warning in text.default(center[1] + radius * cos(charpos[xchar]), center[2] + :
     no font could be found for family "Arial"
    Warning in text.default(center[1] + radius * cos(charpos[xchar]), center[2] + :
     no font could be found for family "Arial"
    Warning in text.default(center[1] + radius * cos(charpos[xchar]), center[2] + :
     no font could be found for family "Arial"
    Warning in text.default(center[1] + radius * cos(charpos[xchar]), center[2] + :
     no font could be found for family "Arial"
    Warning in strwidth(xvec) : no font could be found for family "Arial"
    Warning in strwidth(xvec) : no font could be found for family "Arial"
    Warning in strwidth(xvec) : no font could be found for family "Arial"
    Warning in text.default(center[1] + radius * cos(charpos[xchar]), center[2] + :
     no font could be found for family "Arial"
    Warning in text.default(center[1] + radius * cos(charpos[xchar]), center[2] + :
     no font could be found for family "Arial"
    Warning in text.default(center[1] + radius * cos(charpos[xchar]), center[2] + :
     no font could be found for family "Arial"
    Warning in text.default(center[1] + radius * cos(charpos[xchar]), center[2] + :
     no font could be found for family "Arial"
    Warning in text.default(center[1] + radius * cos(charpos[xchar]), center[2] + :
     no font could be found for family "Arial"
    Warning in text.default(center[1] + radius * cos(charpos[xchar]), center[2] + :
     no font could be found for family "Arial"
    Warning in title(...) : no font could be found for family "Arial"
    Warning in title(...) : no font could be found for family "Arial"
    Warning in title(...) : no font could be found for family "Arial"
    Warning in text.default(0.65, -0.075, labels = as.character(0)) :
     no font could be found for family "Arial"
    Warning in text.default(0.65, -0.075, labels = as.character(0)) :
     no font could be found for family "Arial"
    Warning in text.default(0.65, -0.075, labels = as.character(0)) :
     no font could be found for family "Arial"
    Warning in text.default(0.65, -0.075, labels = as.character(0)) :
     no font could be found for family "Arial"
    Warning in strwidth(xvec) : no font could be found for family "Arial"
    Warning in strwidth(xvec) : no font could be found for family "Arial"
    Warning in text.default(center[1] + radius * cos(charpos[xchar]), center[2] + :
     no font could be found for family "Arial"
    Warning in text.default(center[1] + radius * cos(charpos[xchar]), center[2] + :
     no font could be found for family "Arial"
    Warning in text.default(center[1] + radius * cos(charpos[xchar]), center[2] + :
     no font could be found for family "Arial"
    Warning in text.default(center[1] + radius * cos(charpos[xchar]), center[2] + :
     no font could be found for family "Arial"
    Warning in strwidth(xvec) : no font could be found for family "Arial"
    Warning in strwidth(xvec) : no font could be found for family "Arial"
    Warning in text.default(center[1] + radius * cos(charpos[xchar]), center[2] + :
     no font could be found for family "Arial"
    Warning in text.default(center[1] + radius * cos(charpos[xchar]), center[2] + :
     no font could be found for family "Arial"
    Warning in text.default(center[1] + radius * cos(charpos[xchar]), center[2] + :
     no font could be found for family "Arial"
    Warning in text.default(center[1] + radius * cos(charpos[xchar]), center[2] + :
     no font could be found for family "Arial"
    Warning in strwidth(xvec) : no font could be found for family "Arial"
    Warning in strwidth(xvec) : no font could be found for family "Arial"
    Warning in text.default(center[1] + radius * cos(charpos[xchar]), center[2] + :
     no font could be found for family "Arial"
    Warning in text.default(center[1] + radius * cos(charpos[xchar]), center[2] + :
     no font could be found for family "Arial"
    Warning in text.default(center[1] + radius * cos(charpos[xchar]), center[2] + :
     no font could be found for family "Arial"
    Warning in text.default(center[1] + radius * cos(charpos[xchar]), center[2] + :
     no font could be found for family "Arial"
    Warning in strwidth(xvec) : no font could be found for family "Arial"
    Warning in strwidth(xvec) : no font could be found for family "Arial"
    Warning in text.default(center[1] + radius * cos(charpos[xchar]), center[2] + :
     no font could be found for family "Arial"
    Warning in text.default(center[1] + radius * cos(charpos[xchar]), center[2] + :
     no font could be found for family "Arial"
    Warning in text.default(center[1] + radius * cos(charpos[xchar]), center[2] + :
     no font could be found for family "Arial"
    Warning in text.default(center[1] + radius * cos(charpos[xchar]), center[2] + :
     no font could be found for family "Arial"
    Warning in strwidth(xvec) : no font could be found for family "Arial"
    Warning in strwidth(xvec) : no font could be found for family "Arial"
    Warning in text.default(center[1] + radius * cos(charpos[xchar]), center[2] + :
     no font could be found for family "Arial"
    Warning in text.default(center[1] + radius * cos(charpos[xchar]), center[2] + :
     no font could be found for family "Arial"
    Warning in text.default(center[1] + radius * cos(charpos[xchar]), center[2] + :
     no font could be found for family "Arial"
    Warning in text.default(center[1] + radius * cos(charpos[xchar]), center[2] + :
     no font could be found for family "Arial"
    Warning in strwidth(xvec) : no font could be found for family "Arial"
    Warning in strwidth(xvec) : no font could be found for family "Arial"
    Warning in text.default(center[1] + radius * cos(charpos[xchar]), center[2] + :
     no font could be found for family "Arial"
    Warning in text.default(center[1] + radius * cos(charpos[xchar]), center[2] + :
     no font could be found for family "Arial"
    Warning in text.default(center[1] + radius * cos(charpos[xchar]), center[2] + :
     no font could be found for family "Arial"
    Warning in text.default(center[1] + radius * cos(charpos[xchar]), center[2] + :
     no font could be found for family "Arial"
    Warning in strwidth(xvec) : no font could be found for family "Arial"
    Warning in strwidth(xvec) : no font could be found for family "Arial"
    Warning in text.default(center[1] + radius * cos(charpos[xchar]), center[2] + :
     no font could be found for family "Arial"
    Warning in text.default(center[1] + radius * cos(charpos[xchar]), center[2] + :
     no font could be found for family "Arial"
    Warning in text.default(center[1] + radius * cos(charpos[xchar]), center[2] + :
     no font could be found for family "Arial"
    Warning in text.default(center[1] + radius * cos(charpos[xchar]), center[2] + :
     no font could be found for family "Arial"
    Warning in strwidth(xvec) : no font could be found for family "Arial"
    Warning in strwidth(xvec) : no font could be found for family "Arial"
    Warning in text.default(center[1] + radius * cos(charpos[xchar]), center[2] + :
     no font could be found for family "Arial"
    Warning in text.default(center[1] + radius * cos(charpos[xchar]), center[2] + :
     no font could be found for family "Arial"
    Warning in text.default(center[1] + radius * cos(charpos[xchar]), center[2] + :
     no font could be found for family "Arial"
    Warning in text.default(center[1] + radius * cos(charpos[xchar]), center[2] + :
     no font could be found for family "Arial"
    Warning in strwidth(xvec) : no font could be found for family "Arial"
    Warning in strwidth(xvec) : no font could be found for family "Arial"
    Warning in text.default(center[1] + radius * cos(charpos[xchar]), center[2] + :
     no font could be found for family "Arial"
    Warning in text.default(center[1] + radius * cos(charpos[xchar]), center[2] + :
     no font could be found for family "Arial"
    Warning in text.default(center[1] + radius * cos(charpos[xchar]), center[2] + :
     no font could be found for family "Arial"
    Warning in text.default(center[1] + radius * cos(charpos[xchar]), center[2] + :
     no font could be found for family "Arial"
    Warning in strwidth(xvec) : no font could be found for family "Arial"
    Warning in strwidth(xvec) : no font could be found for family "Arial"
    Warning in strwidth(xvec) : no font could be found for family "Arial"
    Warning in text.default(center[1] + radius * cos(charpos[xchar]), center[2] + :
     no font could be found for family "Arial"
    Warning in text.default(center[1] + radius * cos(charpos[xchar]), center[2] + :
     no font could be found for family "Arial"
    Warning in text.default(center[1] + radius * cos(charpos[xchar]), center[2] + :
     no font could be found for family "Arial"
    Warning in text.default(center[1] + radius * cos(charpos[xchar]), center[2] + :
     no font could be found for family "Arial"
    Warning in text.default(center[1] + radius * cos(charpos[xchar]), center[2] + :
     no font could be found for family "Arial"
    Warning in text.default(center[1] + radius * cos(charpos[xchar]), center[2] + :
     no font could be found for family "Arial"
    Warning in strwidth(xvec) : no font could be found for family "Arial"
    Warning in strwidth(xvec) : no font could be found for family "Arial"
    Warning in strwidth(xvec) : no font could be found for family "Arial"
    Warning in text.default(center[1] + radius * cos(charpos[xchar]), center[2] + :
     no font could be found for family "Arial"
    Warning in text.default(center[1] + radius * cos(charpos[xchar]), center[2] + :
     no font could be found for family "Arial"
    Warning in text.default(center[1] + radius * cos(charpos[xchar]), center[2] + :
     no font could be found for family "Arial"
    Warning in text.default(center[1] + radius * cos(charpos[xchar]), center[2] + :
     no font could be found for family "Arial"
    Warning in text.default(center[1] + radius * cos(charpos[xchar]), center[2] + :
     no font could be found for family "Arial"
    Warning in text.default(center[1] + radius * cos(charpos[xchar]), center[2] + :
     no font could be found for family "Arial"
    Warning in strwidth(xvec) : no font could be found for family "Arial"
    Warning in strwidth(xvec) : no font could be found for family "Arial"
    Warning in strwidth(xvec) : no font could be found for family "Arial"
    Warning in text.default(center[1] + radius * cos(charpos[xchar]), center[2] + :
     no font could be found for family "Arial"
    Warning in text.default(center[1] + radius * cos(charpos[xchar]), center[2] + :
     no font could be found for family "Arial"
    Warning in text.default(center[1] + radius * cos(charpos[xchar]), center[2] + :
     no font could be found for family "Arial"
    Warning in text.default(center[1] + radius * cos(charpos[xchar]), center[2] + :
     no font could be found for family "Arial"
    Warning in text.default(center[1] + radius * cos(charpos[xchar]), center[2] + :
     no font could be found for family "Arial"
    Warning in text.default(center[1] + radius * cos(charpos[xchar]), center[2] + :
     no font could be found for family "Arial"
    Warning in strwidth(xvec) : no font could be found for family "Arial"
    Warning in strwidth(xvec) : no font could be found for family "Arial"
    Warning in strwidth(xvec) : no font could be found for family "Arial"
    Warning in text.default(center[1] + radius * cos(charpos[xchar]), center[2] + :
     no font could be found for family "Arial"
    Warning in text.default(center[1] + radius * cos(charpos[xchar]), center[2] + :
     no font could be found for family "Arial"
    Warning in text.default(center[1] + radius * cos(charpos[xchar]), center[2] + :
     no font could be found for family "Arial"
    Warning in text.default(center[1] + radius * cos(charpos[xchar]), center[2] + :
     no font could be found for family "Arial"
    Warning in text.default(center[1] + radius * cos(charpos[xchar]), center[2] + :
     no font could be found for family "Arial"
    Warning in text.default(center[1] + radius * cos(charpos[xchar]), center[2] + :
     no font could be found for family "Arial"
    Warning in strwidth(xvec) : no font could be found for family "Arial"
    Warning in strwidth(xvec) : no font could be found for family "Arial"
    Warning in strwidth(xvec) : no font could be found for family "Arial"
    Warning in text.default(center[1] + radius * cos(charpos[xchar]), center[2] + :
     no font could be found for family "Arial"
    Warning in text.default(center[1] + radius * cos(charpos[xchar]), center[2] + :
     no font could be found for family "Arial"
    Warning in text.default(center[1] + radius * cos(charpos[xchar]), center[2] + :
     no font could be found for family "Arial"
    Warning in text.default(center[1] + radius * cos(charpos[xchar]), center[2] + :
     no font could be found for family "Arial"
    Warning in text.default(center[1] + radius * cos(charpos[xchar]), center[2] + :
     no font could be found for family "Arial"
    Warning in text.default(center[1] + radius * cos(charpos[xchar]), center[2] + :
     no font could be found for family "Arial"
    Warning in doTryCatch(return(expr), name, parentenv, handler) :
     no font could be found for family "Arial"
    Warning in doTryCatch(return(expr), name, parentenv, handler) :
     no font could be found for family "Arial"
    Warning in doTryCatch(return(expr), name, parentenv, handler) :
     no font could be found for family "Arial"
    Warning in doTryCatch(return(expr), name, parentenv, handler) :
     no font could be found for family "Arial"
    Warning in doTryCatch(return(expr), name, parentenv, handler) :
     no font could be found for family "Arial"
    Warning in doTryCatch(return(expr), name, parentenv, handler) :
     no font could be found for family "Arial"
    Warning in doTryCatch(return(expr), name, parentenv, handler) :
     no font could be found for family "Arial"
    Warning in doTryCatch(return(expr), name, parentenv, handler) :
     no font could be found for family "Arial"
    Warning in doTryCatch(return(expr), name, parentenv, handler) :
     no font could be found for family "Arial"
    Warning in doTryCatch(return(expr), name, parentenv, handler) :
     no font could be found for family "Arial"
    Warning in doTryCatch(return(expr), name, parentenv, handler) :
     no font could be found for family "Arial"
    Warning in doTryCatch(return(expr), name, parentenv, handler) :
     no font could be found for family "Arial"
    Warning in doTryCatch(return(expr), name, parentenv, handler) :
     no font could be found for family "Arial"
    Warning in doTryCatch(return(expr), name, parentenv, handler) :
     no font could be found for family "Arial"
    Warning in doTryCatch(return(expr), name, parentenv, handler) :
     no font could be found for family "Arial"
    Warning in doTryCatch(return(expr), name, parentenv, handler) :
     no font could be found for family "Arial"
    Warning in doTryCatch(return(expr), name, parentenv, handler) :
     no font could be found for family "Arial"
    Warning in doTryCatch(return(expr), name, parentenv, handler) :
     no font could be found for family "Arial"
    Warning in doTryCatch(return(expr), name, parentenv, handler) :
     no font could be found for family "Arial"
    Warning in doTryCatch(return(expr), name, parentenv, handler) :
     no font could be found for family "Arial"
    Warning in doTryCatch(return(expr), name, parentenv, handler) :
     no font could be found for family "Arial"
    Warning in doTryCatch(return(expr), name, parentenv, handler) :
     no font could be found for family "Arial"
    Warning in doTryCatch(return(expr), name, parentenv, handler) :
     no font could be found for family "Arial"
    Warning in doTryCatch(return(expr), name, parentenv, handler) :
     no font could be found for family "Arial"
    Warning in doTryCatch(return(expr), name, parentenv, handler) :
     no font could be found for family "Arial"
    Warning in doTryCatch(return(expr), name, parentenv, handler) :
     no font could be found for family "Arial"
    Warning in doTryCatch(return(expr), name, parentenv, handler) :
     no font could be found for family "Arial"
    Warning in doTryCatch(return(expr), name, parentenv, handler) :
     no font could be found for family "Arial"
    Warning in doTryCatch(return(expr), name, parentenv, handler) :
     no font could be found for family "Arial"
    Warning in doTryCatch(return(expr), name, parentenv, handler) :
     no font could be found for family "Arial"
    Warning in doTryCatch(return(expr), name, parentenv, handler) :
     no font could be found for family "Arial"
    Warning in doTryCatch(return(expr), name, parentenv, handler) :
     no font could be found for family "Arial"
    Warning in doTryCatch(return(expr), name, parentenv, handler) :
     no font could be found for family "Arial"
    Warning in doTryCatch(return(expr), name, parentenv, handler) :
     no font could be found for family "Arial"
    Warning in doTryCatch(return(expr), name, parentenv, handler) :
     no font could be found for family "Arial"
    Warning in doTryCatch(return(expr), name, parentenv, handler) :
     no font could be found for family "Arial"
    Warning in doTryCatch(return(expr), name, parentenv, handler) :
     no font could be found for family "Arial"
    Warning in doTryCatch(return(expr), name, parentenv, handler) :
     no font could be found for family "Arial"
    Warning in doTryCatch(return(expr), name, parentenv, handler) :
     no font could be found for family "Arial"
    Warning in doTryCatch(return(expr), name, parentenv, handler) :
     no font could be found for family "Arial"
    Warning in doTryCatch(return(expr), name, parentenv, handler) :
     no font could be found for family "Arial"
    Warning in doTryCatch(return(expr), name, parentenv, handler) :
     no font could be found for family "Arial"
    Warning in doTryCatch(return(expr), name, parentenv, handler) :
     no font could be found for family "Arial"
    Warning in doTryCatch(return(expr), name, parentenv, handler) :
     no font could be found for family "Arial"
    Warning in doTryCatch(return(expr), name, parentenv, handler) :
     no font could be found for family "Arial"
    Warning in doTryCatch(return(expr), name, parentenv, handler) :
     no font could be found for family "Arial"
    Warning in doTryCatch(return(expr), name, parentenv, handler) :
     no font could be found for family "Arial"
    Warning in doTryCatch(return(expr), name, parentenv, handler) :
     no font could be found for family "Arial"
    Warning in doTryCatch(return(expr), name, parentenv, handler) :
     no font could be found for family "Arial"
    Warning in doTryCatch(return(expr), name, parentenv, handler) :
     no font could be found for family "Arial"
    Warning in doTryCatch(return(expr), name, parentenv, handler) :
     no font could be found for family "Arial"
    Warning in doTryCatch(return(expr), name, parentenv, handler) :
     no font could be found for family "Arial"
    Warning in doTryCatch(return(expr), name, parentenv, handler) :
     no font could be found for family "Arial"
    Warning in doTryCatch(return(expr), name, parentenv, handler) :
     no font could be found for family "Arial"
    Warning in doTryCatch(return(expr), name, parentenv, handler) :
     no font could be found for family "Arial"
    Warning in doTryCatch(return(expr), name, parentenv, handler) :
     no font could be found for family "Arial"
    Warning in doTryCatch(return(expr), name, parentenv, handler) :
     no font could be found for family "Arial"
    Warning in doTryCatch(return(expr), name, parentenv, handler) :
     no font could be found for family "Arial"
    Warning in doTryCatch(return(expr), name, parentenv, handler) :
     no font could be found for family "Arial"
    Warning in doTryCatch(return(expr), name, parentenv, handler) :
     no font could be found for family "Arial"
    Warning in doTryCatch(return(expr), name, parentenv, handler) :
     no font could be found for family "Arial"
    Warning in doTryCatch(return(expr), name, parentenv, handler) :
     no font could be found for family "Arial"
    Warning in doTryCatch(return(expr), name, parentenv, handler) :
     no font could be found for family "Arial"
    Warning in doTryCatch(return(expr), name, parentenv, handler) :
     no font could be found for family "Arial"
    Warning in doTryCatch(return(expr), name, parentenv, handler) :
     no font could be found for family "Arial"
    Warning in doTryCatch(return(expr), name, parentenv, handler) :
     no font could be found for family "Arial"
    Warning in doTryCatch(return(expr), name, parentenv, handler) :
     no font could be found for family "Arial"
    Warning in doTryCatch(return(expr), name, parentenv, handler) :
     no font could be found for family "Arial"
    Warning in doTryCatch(return(expr), name, parentenv, handler) :
     no font could be found for family "Arial"
    Warning in doTryCatch(return(expr), name, parentenv, handler) :
     no font could be found for family "Arial"
    Warning in doTryCatch(return(expr), name, parentenv, handler) :
     no font could be found for family "Arial"
    Warning in doTryCatch(return(expr), name, parentenv, handler) :
     no font could be found for family "Arial"
    Warning in doTryCatch(return(expr), name, parentenv, handler) :
     no font could be found for family "Arial"
    Warning in doTryCatch(return(expr), name, parentenv, handler) :
     no font could be found for family "Arial"
    Warning in doTryCatch(return(expr), name, parentenv, handler) :
     no font could be found for family "Arial"
    Warning in doTryCatch(return(expr), name, parentenv, handler) :
     no font could be found for family "Arial"
    Warning in doTryCatch(return(expr), name, parentenv, handler) :
     no font could be found for family "Arial"
    Warning in doTryCatch(return(expr), name, parentenv, handler) :
     no font could be found for family "Arial"
    Warning in doTryCatch(return(expr), name, parentenv, handler) :
     no font could be found for family "Arial"
    Warning in doTryCatch(return(expr), name, parentenv, handler) :
     no font could be found for family "Arial"
    Warning in doTryCatch(return(expr), name, parentenv, handler) :
     no font could be found for family "Arial"
    Warning in doTryCatch(return(expr), name, parentenv, handler) :
     no font could be found for family "Arial"
    Warning in doTryCatch(return(expr), name, parentenv, handler) :
     no font could be found for family "Arial"
    Warning in doTryCatch(return(expr), name, parentenv, handler) :
     no font could be found for family "Arial"
    Warning in doTryCatch(return(expr), name, parentenv, handler) :
     no font could be found for family "Arial"
    Warning in doTryCatch(return(expr), name, parentenv, handler) :
     no font could be found for family "Arial"
    Warning in doTryCatch(return(expr), name, parentenv, handler) :
     no font could be found for family "Arial"
    Warning in doTryCatch(return(expr), name, parentenv, handler) :
     no font could be found for family "Arial"
    Warning in doTryCatch(return(expr), name, parentenv, handler) :
     no font could be found for family "Arial"
    Warning in doTryCatch(return(expr), name, parentenv, handler) :
     no font could be found for family "Arial"
    Warning in doTryCatch(return(expr), name, parentenv, handler) :
     no font could be found for family "Arial"
    Warning in doTryCatch(return(expr), name, parentenv, handler) :
     no font could be found for family "Arial"
    Warning in doTryCatch(return(expr), name, parentenv, handler) :
     no font could be found for family "Arial"
    Warning in doTryCatch(return(expr), name, parentenv, handler) :
     no font could be found for family "Arial"
    Warning in doTryCatch(return(expr), name, parentenv, handler) :
     no font could be found for family "Arial"
    Warning in doTryCatch(return(expr), name, parentenv, handler) :
     no font could be found for family "Arial"
    Warning in doTryCatch(return(expr), name, parentenv, handler) :
     no font could be found for family "Arial"
    Warning in doTryCatch(return(expr), name, parentenv, handler) :
     no font could be found for family "Arial"
    Warning in doTryCatch(return(expr), name, parentenv, handler) :
     no font could be found for family "Arial"
    Warning in doTryCatch(return(expr), name, parentenv, handler) :
     no font could be found for family "Arial"
    Warning in doTryCatch(return(expr), name, parentenv, handler) :
     no font could be found for family "Arial"
    Warning in doTryCatch(return(expr), name, parentenv, handler) :
     no font could be found for family "Arial"
    Warning in doTryCatch(return(expr), name, parentenv, handler) :
     no font could be found for family "Arial"
    Warning in doTryCatch(return(expr), name, parentenv, handler) :
     no font could be found for family "Arial"
    Warning in doTryCatch(return(expr), name, parentenv, handler) :
     no font could be found for family "Arial"
    Warning in doTryCatch(return(expr), name, parentenv, handler) :
     no font could be found for family "Arial"
    Warning in doTryCatch(return(expr), name, parentenv, handler) :
     no font could be found for family "Arial"
    Warning in doTryCatch(return(expr), name, parentenv, handler) :
     no font could be found for family "Arial"
    Warning in doTryCatch(return(expr), name, parentenv, handler) :
     no font could be found for family "Arial"
    Warning in doTryCatch(return(expr), name, parentenv, handler) :
     no font could be found for family "Arial"
    Warning in doTryCatch(return(expr), name, parentenv, handler) :
     no font could be found for family "Arial"
    Warning in doTryCatch(return(expr), name, parentenv, handler) :
     no font could be found for family "Arial"
    Warning in doTryCatch(return(expr), name, parentenv, handler) :
     no font could be found for family "Arial"
    Warning in doTryCatch(return(expr), name, parentenv, handler) :
     no font could be found for family "Arial"
    Warning in doTryCatch(return(expr), name, parentenv, handler) :
     no font could be found for family "Arial"
    Warning in doTryCatch(return(expr), name, parentenv, handler) :
     no font could be found for family "Arial"
    Warning in doTryCatch(return(expr), name, parentenv, handler) :
     no font could be found for family "Arial"
    Warning in doTryCatch(return(expr), name, parentenv, handler) :
     no font could be found for family "Arial"
    Warning in doTryCatch(return(expr), name, parentenv, handler) :
     no font could be found for family "Arial"
    Warning in doTryCatch(return(expr), name, parentenv, handler) :
     no font could be found for family "Arial"
    Warning in doTryCatch(return(expr), name, parentenv, handler) :
     no font could be found for family "Arial"
    Warning in doTryCatch(return(expr), name, parentenv, handler) :
     no font could be found for family "Arial"
    Warning in doTryCatch(return(expr), name, parentenv, handler) :
     no font could be found for family "Arial"
    Warning in doTryCatch(return(expr), name, parentenv, handler) :
     no font could be found for family "Arial"
    Warning in doTryCatch(return(expr), name, parentenv, handler) :
     no font could be found for family "Arial"
    Warning in doTryCatch(return(expr), name, parentenv, handler) :
     no font could be found for family "Arial"
    Warning in doTryCatch(return(expr), name, parentenv, handler) :
     no font could be found for family "Arial"
    Warning in doTryCatch(return(expr), name, parentenv, handler) :
     no font could be found for family "Arial"
    Warning in doTryCatch(return(expr), name, parentenv, handler) :
     no font could be found for family "Arial"
    Warning in doTryCatch(return(expr), name, parentenv, handler) :
     no font could be found for family "Arial"
    Warning in doTryCatch(return(expr), name, parentenv, handler) :
     no font could be found for family "Arial"
    Warning in doTryCatch(return(expr), name, parentenv, handler) :
     no font could be found for family "Arial"
    Warning in doTryCatch(return(expr), name, parentenv, handler) :
     no font could be found for family "Arial"
    Warning in doTryCatch(return(expr), name, parentenv, handler) :
     no font could be found for family "Arial"
    Warning in doTryCatch(return(expr), name, parentenv, handler) :
     no font could be found for family "Arial"
    Warning in doTryCatch(return(expr), name, parentenv, handler) :
     no font could be found for family "Arial"
    Warning in doTryCatch(return(expr), name, parentenv, handler) :
     no font could be found for family "Arial"
    Warning in doTryCatch(return(expr), name, parentenv, handler) :
     no font could be found for family "Arial"
    Warning in doTryCatch(return(expr), name, parentenv, handler) :
     no font could be found for family "Arial"
    Warning in doTryCatch(return(expr), name, parentenv, handler) :
     no font could be found for family "Arial"
    Warning in doTryCatch(return(expr), name, parentenv, handler) :
     no font could be found for family "Arial"
    Warning in doTryCatch(return(expr), name, parentenv, handler) :
     no font could be found for family "Arial"
    Warning in doTryCatch(return(expr), name, parentenv, handler) :
     no font could be found for family "Arial"
    Warning in doTryCatch(return(expr), name, parentenv, handler) :
     no font could be found for family "Arial"
    Warning in doTryCatch(return(expr), name, parentenv, handler) :
     no font could be found for family "Arial"
    Warning in doTryCatch(return(expr), name, parentenv, handler) :
     no font could be found for family "Arial"
    Warning in doTryCatch(return(expr), name, parentenv, handler) :
     no font could be found for family "Arial"
    Warning in doTryCatch(return(expr), name, parentenv, handler) :
     no font could be found for family "Arial"
    Warning in doTryCatch(return(expr), name, parentenv, handler) :
     no font could be found for family "Arial"
    Warning in doTryCatch(return(expr), name, parentenv, handler) :
     no font could be found for family "Arial"
    Warning in doTryCatch(return(expr), name, parentenv, handler) :
     no font could be found for family "Arial"
    Warning in doTryCatch(return(expr), name, parentenv, handler) :
     no font could be found for family "Arial"
    Warning in doTryCatch(return(expr), name, parentenv, handler) :
     no font could be found for family "Arial"
    Warning in doTryCatch(return(expr), name, parentenv, handler) :
     no font could be found for family "Arial"
    Warning in doTryCatch(return(expr), name, parentenv, handler) :
     no font could be found for family "Arial"
    Warning in doTryCatch(return(expr), name, parentenv, handler) :
     no font could be found for family "Arial"
    Warning in doTryCatch(return(expr), name, parentenv, handler) :
     no font could be found for family "Arial"
    Warning in doTryCatch(return(expr), name, parentenv, handler) :
     no font could be found for family "Arial"
    Warning in doTryCatch(return(expr), name, parentenv, handler) :
     no font could be found for family "Arial"
    Warning in doTryCatch(return(expr), name, parentenv, handler) :
     no font could be found for family "Arial"
    Warning in doTryCatch(return(expr), name, parentenv, handler) :
     no font could be found for family "Arial"
    Warning in doTryCatch(return(expr), name, parentenv, handler) :
     no font could be found for family "Arial"
    Warning in doTryCatch(return(expr), name, parentenv, handler) :
     no font could be found for family "Arial"
    Warning in doTryCatch(return(expr), name, parentenv, handler) :
     no font could be found for family "Arial"
    Warning in doTryCatch(return(expr), name, parentenv, handler) :
     no font could be found for family "Arial"
    Warning in doTryCatch(return(expr), name, parentenv, handler) :
     no font could be found for family "Arial"
    Warning in doTryCatch(return(expr), name, parentenv, handler) :
     no font could be found for family "Arial"
    Warning in doTryCatch(return(expr), name, parentenv, handler) :
     no font could be found for family "Arial"
    Warning in doTryCatch(return(expr), name, parentenv, handler) :
     no font could be found for family "Arial"
    Warning in doTryCatch(return(expr), name, parentenv, handler) :
     no font could be found for family "Arial"
    Warning in doTryCatch(return(expr), name, parentenv, handler) :
     no font could be found for family "Arial"
    Warning in doTryCatch(return(expr), name, parentenv, handler) :
     no font could be found for family "Arial"
    Warning in doTryCatch(return(expr), name, parentenv, handler) :
     no font could be found for family "Arial"
    Warning in doTryCatch(return(expr), name, parentenv, handler) :
     no font could be found for family "Arial"
    Warning in doTryCatch(return(expr), name, parentenv, handler) :
     no font could be found for family "Arial"
    Warning in doTryCatch(return(expr), name, parentenv, handler) :
     no font could be found for family "Arial"
    Warning in doTryCatch(return(expr), name, parentenv, handler) :
     no font could be found for family "Arial"
    Warning in doTryCatch(return(expr), name, parentenv, handler) :
     no font could be found for family "Arial"
    Warning in doTryCatch(return(expr), name, parentenv, handler) :
     no font could be found for family "Arial"
    Warning in doTryCatch(return(expr), name, parentenv, handler) :
     no font could be found for family "Arial"
    Warning in doTryCatch(return(expr), name, parentenv, handler) :
     no font could be found for family "Arial"
    Warning in doTryCatch(return(expr), name, parentenv, handler) :
     no font could be found for family "Arial"
    Warning in doTryCatch(return(expr), name, parentenv, handler) :
     no font could be found for family "Arial"
    Warning in doTryCatch(return(expr), name, parentenv, handler) :
     no font could be found for family "Arial"
    Warning in doTryCatch(return(expr), name, parentenv, handler) :
     no font could be found for family "Arial"
    Warning in doTryCatch(return(expr), name, parentenv, handler) :
     no font could be found for family "Arial"
    Warning in doTryCatch(return(expr), name, parentenv, handler) :
     no font could be found for family "Arial"
    Warning in doTryCatch(return(expr), name, parentenv, handler) :
     no font could be found for family "Arial"
    Warning in doTryCatch(return(expr), name, parentenv, handler) :
     no font could be found for family "Arial"
    Warning in doTryCatch(return(expr), name, parentenv, handler) :
     no font could be found for family "Arial"
    Warning in doTryCatch(return(expr), name, parentenv, handler) :
     no font could be found for family "Arial"
    Warning in doTryCatch(return(expr), name, parentenv, handler) :
     no font could be found for family "Arial"
    Warning in doTryCatch(return(expr), name, parentenv, handler) :
     no font could be found for family "Arial"
    Warning in doTryCatch(return(expr), name, parentenv, handler) :
     no font could be found for family "Arial"
    Warning in doTryCatch(return(expr), name, parentenv, handler) :
     no font could be found for family "Arial"
    Warning in doTryCatch(return(expr), name, parentenv, handler) :
     no font could be found for family "Arial"
    Warning in doTryCatch(return(expr), name, parentenv, handler) :
     no font could be found for family "Arial"
    Warning in doTryCatch(return(expr), name, parentenv, handler) :
     no font could be found for family "Arial"
    Warning in doTryCatch(return(expr), name, parentenv, handler) :
     no font could be found for family "Arial"
    Warning in doTryCatch(return(expr), name, parentenv, handler) :
     no font could be found for family "Arial"
    Warning in doTryCatch(return(expr), name, parentenv, handler) :
     no font could be found for family "Arial"
    Warning in doTryCatch(return(expr), name, parentenv, handler) :
     no font could be found for family "Arial"
    Warning in doTryCatch(return(expr), name, parentenv, handler) :
     no font could be found for family "Arial"
    Warning in doTryCatch(return(expr), name, parentenv, handler) :
     no font could be found for family "Arial"
    Warning in doTryCatch(return(expr), name, parentenv, handler) :
     no font could be found for family "Arial"
    Warning in doTryCatch(return(expr), name, parentenv, handler) :
     no font could be found for family "Arial"
    Warning in doTryCatch(return(expr), name, parentenv, handler) :
     no font could be found for family "Arial"
    Warning in doTryCatch(return(expr), name, parentenv, handler) :
     no font could be found for family "Arial"
    Warning in doTryCatch(return(expr), name, parentenv, handler) :
     no font could be found for family "Arial"
    Warning in doTryCatch(return(expr), name, parentenv, handler) :
     no font could be found for family "Arial"
    Warning in doTryCatch(return(expr), name, parentenv, handler) :
     no font could be found for family "Arial"
    Warning in doTryCatch(return(expr), name, parentenv, handler) :
     no font could be found for family "Arial"
    --- finished re-building ‘CircularGenomes.Rmd’
    
    --- re-building ‘Performance.Rmd’ using rmarkdown
    Warning in engine$weave(file, quiet = quiet, encoding = enc) :
     Pandoc (>= 1.12.3) not available. Falling back to R Markdown v1.
    Warning in grid.Call(C_stringMetric, as.graphicsAnnot(x$label)) :
     no font could be found for family "Arial"
    Warning in grid.Call(C_stringMetric, as.graphicsAnnot(x$label)) :
     no font could be found for family "Arial"
    Warning in grid.Call(C_stringMetric, as.graphicsAnnot(x$label)) :
     no font could be found for family "Arial"
    Warning in grid.Call(C_stringMetric, as.graphicsAnnot(x$label)) :
     no font could be found for family "Arial"
    Warning in grid.Call(C_stringMetric, as.graphicsAnnot(x$label)) :
     no font could be found for family "Arial"
    Warning in grid.Call(C_stringMetric, as.graphicsAnnot(x$label)) :
     no font could be found for family "Arial"
    Warning in grid.Call(C_stringMetric, as.graphicsAnnot(x$label)) :
     no font could be found for family "Arial"
    Warning in grid.Call(C_stringMetric, as.graphicsAnnot(x$label)) :
     no font could be found for family "Arial"
    Warning in grid.Call(C_stringMetric, as.graphicsAnnot(x$label)) :
     no font could be found for family "Arial"
    Warning in grid.Call(C_stringMetric, as.graphicsAnnot(x$label)) :
     no font could be found for family "Arial"
    Warning in grid.Call(C_stringMetric, as.graphicsAnnot(x$label)) :
     no font could be found for family "Arial"
    Warning in grid.Call(C_stringMetric, as.graphicsAnnot(x$label)) :
     no font could be found for family "Arial"
    Warning in grid.Call(C_stringMetric, as.graphicsAnnot(x$label)) :
     no font could be found for family "Arial"
    Warning in grid.Call(C_stringMetric, as.graphicsAnnot(x$label)) :
     no font could be found for family "Arial"
    Warning in grid.Call(C_stringMetric, as.graphicsAnnot(x$label)) :
     no font could be found for family "Arial"
    Warning in grid.Call(C_stringMetric, as.graphicsAnnot(x$label)) :
     no font could be found for family "Arial"
    Warning in grid.Call(C_stringMetric, as.graphicsAnnot(x$label)) :
     no font could be found for family "Arial"
    Warning in grid.Call(C_stringMetric, as.graphicsAnnot(x$label)) :
     no font could be found for family "Arial"
    Warning in grid.Call(C_stringMetric, as.graphicsAnnot(x$label)) :
     no font could be found for family "Arial"
    Warning in grid.Call(C_stringMetric, as.graphicsAnnot(x$label)) :
     no font could be found for family "Arial"
    Warning in grid.Call(C_stringMetric, as.graphicsAnnot(x$label)) :
     no font could be found for family "Arial"
    Warning in grid.Call(C_stringMetric, as.graphicsAnnot(x$label)) :
     no font could be found for family "Arial"
    Warning in grid.Call(C_stringMetric, as.graphicsAnnot(x$label)) :
     no font could be found for family "Arial"
    Warning in grid.Call(C_stringMetric, as.graphicsAnnot(x$label)) :
     no font could be found for family "Arial"
    Warning in grid.Call(C_stringMetric, as.graphicsAnnot(x$label)) :
     no font could be found for family "Arial"
    Warning in grid.Call(C_stringMetric, as.graphicsAnnot(x$label)) :
     no font could be found for family "Arial"
    Warning in grid.Call(C_stringMetric, as.graphicsAnnot(x$label)) :
     no font could be found for family "Arial"
    Warning in grid.Call(C_stringMetric, as.graphicsAnnot(x$label)) :
     no font could be found for family "Arial"
    Warning in grid.Call(C_textBounds, as.graphicsAnnot(x$label), x$x, x$y, :
     no font could be found for family "Arial"
    Quitting from lines 242-243 (Performance.Rmd)
    Error: processing vignette 'Performance.Rmd' failed with diagnostics:
    polygon edge not found
    --- failed re-building ‘Performance.Rmd’
    
    --- re-building ‘Tutorial_CirClust.Rmd’ using rmarkdown
    Warning in engine$weave(file, quiet = quiet, encoding = enc) :
     Pandoc (>= 1.12.3) not available. Falling back to R Markdown v1.
    Warning in title(...) : no font could be found for family "Arial"
    Warning in title(...) : no font could be found for family "Arial"
    Warning in title(...) : no font could be found for family "Arial"
    Warning in title(...) : no font could be found for family "Arial"
    Warning in title(...) : no font could be found for family "Arial"
    Warning in text.default(0.65, -0.075, labels = as.character(0)) :
     no font could be found for family "Arial"
    Warning in text.default(0.65, -0.075, labels = as.character(0)) :
     no font could be found for family "Arial"
    Warning in text.default(0.65, -0.075, labels = as.character(0)) :
     no font could be found for family "Arial"
    Warning in text.default(0.65, -0.075, labels = as.character(0)) :
     no font could be found for family "Arial"
    Warning in strwidth(xvec) : no font could be found for family "Arial"
    Warning in strwidth(xvec) : no font could be found for family "Arial"
    Warning in text.default(center[1] + radius * cos(charpos[xchar]), center[2] + :
     no font could be found for family "Arial"
    Warning in text.default(center[1] + radius * cos(charpos[xchar]), center[2] + :
     no font could be found for family "Arial"
    Warning in text.default(center[1] + radius * cos(charpos[xchar]), center[2] + :
     no font could be found for family "Arial"
    Warning in text.default(center[1] + radius * cos(charpos[xchar]), center[2] + :
     no font could be found for family "Arial"
    Warning in strwidth(xvec) : no font could be found for family "Arial"
    Warning in strwidth(xvec) : no font could be found for family "Arial"
    Warning in text.default(center[1] + radius * cos(charpos[xchar]), center[2] + :
     no font could be found for family "Arial"
    Warning in text.default(center[1] + radius * cos(charpos[xchar]), center[2] + :
     no font could be found for family "Arial"
    Warning in text.default(center[1] + radius * cos(charpos[xchar]), center[2] + :
     no font could be found for family "Arial"
    Warning in text.default(center[1] + radius * cos(charpos[xchar]), center[2] + :
     no font could be found for family "Arial"
    Warning in strwidth(xvec) : no font could be found for family "Arial"
    Warning in strwidth(xvec) : no font could be found for family "Arial"
    Warning in text.default(center[1] + radius * cos(charpos[xchar]), center[2] + :
     no font could be found for family "Arial"
    Warning in text.default(center[1] + radius * cos(charpos[xchar]), center[2] + :
     no font could be found for family "Arial"
    Warning in text.default(center[1] + radius * cos(charpos[xchar]), center[2] + :
     no font could be found for family "Arial"
    Warning in text.default(center[1] + radius * cos(charpos[xchar]), center[2] + :
     no font could be found for family "Arial"
    Warning in strwidth(xvec) : no font could be found for family "Arial"
    Warning in strwidth(xvec) : no font could be found for family "Arial"
    Warning in text.default(center[1] + radius * cos(charpos[xchar]), center[2] + :
     no font could be found for family "Arial"
    Warning in text.default(center[1] + radius * cos(charpos[xchar]), center[2] + :
     no font could be found for family "Arial"
    Warning in text.default(center[1] + radius * cos(charpos[xchar]), center[2] + :
     no font could be found for family "Arial"
    Warning in text.default(center[1] + radius * cos(charpos[xchar]), center[2] + :
     no font could be found for family "Arial"
    Warning in strwidth(xvec) : no font could be found for family "Arial"
    Warning in strwidth(xvec) : no font could be found for family "Arial"
    Warning in text.default(center[1] + radius * cos(charpos[xchar]), center[2] + :
     no font could be found for family "Arial"
    Warning in text.default(center[1] + radius * cos(charpos[xchar]), center[2] + :
     no font could be found for family "Arial"
    Warning in text.default(center[1] + radius * cos(charpos[xchar]), center[2] + :
     no font could be found for family "Arial"
    Warning in text.default(center[1] + radius * cos(charpos[xchar]), center[2] + :
     no font could be found for family "Arial"
    Warning in title(...) : no font could be found for family "Arial"
    Warning in title(...) : no font could be found for family "Arial"
    Warning in title(...) : no font could be found for family "Arial"
    Warning in title(...) : no font could be found for family "Arial"
    Warning in title(...) : no font could be found for family "Arial"
    Warning in text.default(0.65, -0.075, labels = as.character(0)) :
     no font could be found for family "Arial"
    Warning in text.default(0.65, -0.075, labels = as.character(0)) :
     no font could be found for family "Arial"
    Warning in text.default(0.65, -0.075, labels = as.character(0)) :
     no font could be found for family "Arial"
    Warning in text.default(0.65, -0.075, labels = as.character(0)) :
     no font could be found for family "Arial"
    Warning in strwidth(xvec) : no font could be found for family "Arial"
    Warning in strwidth(xvec) : no font could be found for family "Arial"
    Warning in text.default(center[1] + radius * cos(charpos[xchar]), center[2] + :
     no font could be found for family "Arial"
    Warning in text.default(center[1] + radius * cos(charpos[xchar]), center[2] + :
     no font could be found for family "Arial"
    Warning in text.default(center[1] + radius * cos(charpos[xchar]), center[2] + :
     no font could be found for family "Arial"
    Warning in text.default(center[1] + radius * cos(charpos[xchar]), center[2] + :
     no font could be found for family "Arial"
    Warning in strwidth(xvec) : no font could be found for family "Arial"
    Warning in strwidth(xvec) : no font could be found for family "Arial"
    Warning in text.default(center[1] + radius * cos(charpos[xchar]), center[2] + :
     no font could be found for family "Arial"
    Warning in text.default(center[1] + radius * cos(charpos[xchar]), center[2] + :
     no font could be found for family "Arial"
    Warning in text.default(center[1] + radius * cos(charpos[xchar]), center[2] + :
     no font could be found for family "Arial"
    Warning in text.default(center[1] + radius * cos(charpos[xchar]), center[2] + :
     no font could be found for family "Arial"
    Warning in strwidth(xvec) : no font could be found for family "Arial"
    Warning in strwidth(xvec) : no font could be found for family "Arial"
    Warning in text.default(center[1] + radius * cos(charpos[xchar]), center[2] + :
     no font could be found for family "Arial"
    Warning in text.default(center[1] + radius * cos(charpos[xchar]), center[2] + :
     no font could be found for family "Arial"
    Warning in text.default(center[1] + radius * cos(charpos[xchar]), center[2] + :
     no font could be found for family "Arial"
    Warning in text.default(center[1] + radius * cos(charpos[xchar]), center[2] + :
     no font could be found for family "Arial"
    Warning in strwidth(xvec) : no font could be found for family "Arial"
    Warning in strwidth(xvec) : no font could be found for family "Arial"
    Warning in text.default(center[1] + radius * cos(charpos[xchar]), center[2] + :
     no font could be found for family "Arial"
    Warning in text.default(center[1] + radius * cos(charpos[xchar]), center[2] + :
     no font could be found for family "Arial"
    Warning in text.default(center[1] + radius * cos(charpos[xchar]), center[2] + :
     no font could be found for family "Arial"
    Warning in text.default(center[1] + radius * cos(charpos[xchar]), center[2] + :
     no font could be found for family "Arial"
    Warning in strwidth(xvec) : no font could be found for family "Arial"
    Warning in strwidth(xvec) : no font could be found for family "Arial"
    Warning in text.default(center[1] + radius * cos(charpos[xchar]), center[2] + :
     no font could be found for family "Arial"
    Warning in text.default(center[1] + radius * cos(charpos[xchar]), center[2] + :
     no font could be found for family "Arial"
    Warning in text.default(center[1] + radius * cos(charpos[xchar]), center[2] + :
     no font could be found for family "Arial"
    Warning in text.default(center[1] + radius * cos(charpos[xchar]), center[2] + :
     no font could be found for family "Arial"
    Warning in title(...) : no font could be found for family "Arial"
    Warning in title(...) : no font could be found for family "Arial"
    Warning in title(...) : no font could be found for family "Arial"
    Warning in title(...) : no font could be found for family "Arial"
    Warning in title(...) : no font could be found for family "Arial"
    Warning in text.default(0.65, -0.075, labels = as.character(0)) :
     no font could be found for family "Arial"
    Warning in text.default(0.65, -0.075, labels = as.character(0)) :
     no font could be found for family "Arial"
    Warning in text.default(0.65, -0.075, labels = as.character(0)) :
     no font could be found for family "Arial"
    Warning in text.default(0.65, -0.075, labels = as.character(0)) :
     no font could be found for family "Arial"
    Warning in strwidth(xvec) : no font could be found for family "Arial"
    Warning in strwidth(xvec) : no font could be found for family "Arial"
    Warning in text.default(center[1] + radius * cos(charpos[xchar]), center[2] + :
     no font could be found for family "Arial"
    Warning in text.default(center[1] + radius * cos(charpos[xchar]), center[2] + :
     no font could be found for family "Arial"
    Warning in text.default(center[1] + radius * cos(charpos[xchar]), center[2] + :
     no font could be found for family "Arial"
    Warning in text.default(center[1] + radius * cos(charpos[xchar]), center[2] + :
     no font could be found for family "Arial"
    Warning in strwidth(xvec) : no font could be found for family "Arial"
    Warning in strwidth(xvec) : no font could be found for family "Arial"
    Warning in text.default(center[1] + radius * cos(charpos[xchar]), center[2] + :
     no font could be found for family "Arial"
    Warning in text.default(center[1] + radius * cos(charpos[xchar]), center[2] + :
     no font could be found for family "Arial"
    Warning in text.default(center[1] + radius * cos(charpos[xchar]), center[2] + :
     no font could be found for family "Arial"
    Warning in text.default(center[1] + radius * cos(charpos[xchar]), center[2] + :
     no font could be found for family "Arial"
    Warning in strwidth(xvec) : no font could be found for family "Arial"
    Warning in strwidth(xvec) : no font could be found for family "Arial"
    Warning in text.default(center[1] + radius * cos(charpos[xchar]), center[2] + :
     no font could be found for family "Arial"
    Warning in text.default(center[1] + radius * cos(charpos[xchar]), center[2] + :
     no font could be found for family "Arial"
    Warning in text.default(center[1] + radius * cos(charpos[xchar]), center[2] + :
     no font could be found for family "Arial"
    Warning in text.default(center[1] + radius * cos(charpos[xchar]), center[2] + :
     no font could be found for family "Arial"
    Warning in strwidth(xvec) : no font could be found for family "Arial"
    Warning in strwidth(xvec) : no font could be found for family "Arial"
    Warning in text.default(center[1] + radius * cos(charpos[xchar]), center[2] + :
     no font could be found for family "Arial"
    Warning in text.default(center[1] + radius * cos(charpos[xchar]), center[2] + :
     no font could be found for family "Arial"
    Warning in text.default(center[1] + radius * cos(charpos[xchar]), center[2] + :
     no font could be found for family "Arial"
    Warning in text.default(center[1] + radius * cos(charpos[xchar]), center[2] + :
     no font could be found for family "Arial"
    Warning in strwidth(xvec) : no font could be found for family "Arial"
    Warning in strwidth(xvec) : no font could be found for family "Arial"
    Warning in text.default(center[1] + radius * cos(charpos[xchar]), center[2] + :
     no font could be found for family "Arial"
    Warning in text.default(center[1] + radius * cos(charpos[xchar]), center[2] + :
     no font could be found for family "Arial"
    Warning in text.default(center[1] + radius * cos(charpos[xchar]), center[2] + :
     no font could be found for family "Arial"
    Warning in text.default(center[1] + radius * cos(charpos[xchar]), center[2] + :
     no font could be found for family "Arial"
    Warning in doTryCatch(return(expr), name, parentenv, handler) :
     no font could be found for family "Arial"
    Warning in doTryCatch(return(expr), name, parentenv, handler) :
     no font could be found for family "Arial"
    Warning in doTryCatch(return(expr), name, parentenv, handler) :
     no font could be found for family "Arial"
    Warning in doTryCatch(return(expr), name, parentenv, handler) :
     no font could be found for family "Arial"
    Warning in doTryCatch(return(expr), name, parentenv, handler) :
     no font could be found for family "Arial"
    Warning in doTryCatch(return(expr), name, parentenv, handler) :
     no font could be found for family "Arial"
    Warning in doTryCatch(return(expr), name, parentenv, handler) :
     no font could be found for family "Arial"
    Warning in doTryCatch(return(expr), name, parentenv, handler) :
     no font could be found for family "Arial"
    Warning in doTryCatch(return(expr), name, parentenv, handler) :
     no font could be found for family "Arial"
    Warning in doTryCatch(return(expr), name, parentenv, handler) :
     no font could be found for family "Arial"
    Warning in doTryCatch(return(expr), name, parentenv, handler) :
     no font could be found for family "Arial"
    Warning in doTryCatch(return(expr), name, parentenv, handler) :
     no font could be found for family "Arial"
    Warning in doTryCatch(return(expr), name, parentenv, handler) :
     no font could be found for family "Arial"
    Warning in doTryCatch(return(expr), name, parentenv, handler) :
     no font could be found for family "Arial"
    Warning in doTryCatch(return(expr), name, parentenv, handler) :
     no font could be found for family "Arial"
    Warning in doTryCatch(return(expr), name, parentenv, handler) :
     no font could be found for family "Arial"
    Warning in doTryCatch(return(expr), name, parentenv, handler) :
     no font could be found for family "Arial"
    Warning in doTryCatch(return(expr), name, parentenv, handler) :
     no font could be found for family "Arial"
    Warning in doTryCatch(return(expr), name, parentenv, handler) :
     no font could be found for family "Arial"
    Warning in doTryCatch(return(expr), name, parentenv, handler) :
     no font could be found for family "Arial"
    Warning in doTryCatch(return(expr), name, parentenv, handler) :
     no font could be found for family "Arial"
    Warning in doTryCatch(return(expr), name, parentenv, handler) :
     no font could be found for family "Arial"
    Warning in doTryCatch(return(expr), name, parentenv, handler) :
     no font could be found for family "Arial"
    Warning in doTryCatch(return(expr), name, parentenv, handler) :
     no font could be found for family "Arial"
    Warning in doTryCatch(return(expr), name, parentenv, handler) :
     no font could be found for family "Arial"
    Warning in doTryCatch(return(expr), name, parentenv, handler) :
     no font could be found for family "Arial"
    Warning in doTryCatch(return(expr), name, parentenv, handler) :
     no font could be found for family "Arial"
    Warning in doTryCatch(return(expr), name, parentenv, handler) :
     no font could be found for family "Arial"
    Warning in doTryCatch(return(expr), name, parentenv, handler) :
     no font could be found for family "Arial"
    Warning in doTryCatch(return(expr), name, parentenv, handler) :
     no font could be found for family "Arial"
    Warning in doTryCatch(return(expr), name, parentenv, handler) :
     no font could be found for family "Arial"
    Warning in doTryCatch(return(expr), name, parentenv, handler) :
     no font could be found for family "Arial"
    Warning in doTryCatch(return(expr), name, parentenv, handler) :
     no font could be found for family "Arial"
    Warning in doTryCatch(return(expr), name, parentenv, handler) :
     no font could be found for family "Arial"
    Warning in doTryCatch(return(expr), name, parentenv, handler) :
     no font could be found for family "Arial"
    Warning in doTryCatch(return(expr), name, parentenv, handler) :
     no font could be found for family "Arial"
    Warning in doTryCatch(return(expr), name, parentenv, handler) :
     no font could be found for family "Arial"
    Warning in doTryCatch(return(expr), name, parentenv, handler) :
     no font could be found for family "Arial"
    Warning in doTryCatch(return(expr), name, parentenv, handler) :
     no font could be found for family "Arial"
    Warning in doTryCatch(return(expr), name, parentenv, handler) :
     no font could be found for family "Arial"
    Warning in doTryCatch(return(expr), name, parentenv, handler) :
     no font could be found for family "Arial"
    Warning in doTryCatch(return(expr), name, parentenv, handler) :
     no font could be found for family "Arial"
    Warning in doTryCatch(return(expr), name, parentenv, handler) :
     no font could be found for family "Arial"
    Warning in doTryCatch(return(expr), name, parentenv, handler) :
     no font could be found for family "Arial"
    Warning in doTryCatch(return(expr), name, parentenv, handler) :
     no font could be found for family "Arial"
    Warning in doTryCatch(return(expr), name, parentenv, handler) :
     no font could be found for family "Arial"
    Warning in doTryCatch(return(expr), name, parentenv, handler) :
     no font could be found for family "Arial"
    Warning in doTryCatch(return(expr), name, parentenv, handler) :
     no font could be found for family "Arial"
    Warning in doTryCatch(return(expr), name, parentenv, handler) :
     no font could be found for family "Arial"
    Warning in doTryCatch(return(expr), name, parentenv, handler) :
     no font could be found for family "Arial"
    Warning in doTryCatch(return(expr), name, parentenv, handler) :
     no font could be found for family "Arial"
    Warning in doTryCatch(return(expr), name, parentenv, handler) :
     no font could be found for family "Arial"
    Warning in doTryCatch(return(expr), name, parentenv, handler) :
     no font could be found for family "Arial"
    Warning in doTryCatch(return(expr), name, parentenv, handler) :
     no font could be found for family "Arial"
    Warning in doTryCatch(return(expr), name, parentenv, handler) :
     no font could be found for family "Arial"
    Warning in doTryCatch(return(expr), name, parentenv, handler) :
     no font could be found for family "Arial"
    Warning in doTryCatch(return(expr), name, parentenv, handler) :
     no font could be found for family "Arial"
    Warning in doTryCatch(return(expr), name, parentenv, handler) :
     no font could be found for family "Arial"
    Warning in doTryCatch(return(expr), name, parentenv, handler) :
     no font could be found for family "Arial"
    Warning in doTryCatch(return(expr), name, parentenv, handler) :
     no font could be found for family "Arial"
    Warning in doTryCatch(return(expr), name, parentenv, handler) :
     no font could be found for family "Arial"
    Warning in doTryCatch(return(expr), name, parentenv, handler) :
     no font could be found for family "Arial"
    Warning in doTryCatch(return(expr), name, parentenv, handler) :
     no font could be found for family "Arial"
    Warning in doTryCatch(return(expr), name, parentenv, handler) :
     no font could be found for family "Arial"
    Warning in doTryCatch(return(expr), name, parentenv, handler) :
     no font could be found for family "Arial"
    Warning in doTryCatch(return(expr), name, parentenv, handler) :
     no font could be found for family "Arial"
    Warning in doTryCatch(return(expr), name, parentenv, handler) :
     no font could be found for family "Arial"
    Warning in doTryCatch(return(expr), name, parentenv, handler) :
     no font could be found for family "Arial"
    Warning in doTryCatch(return(expr), name, parentenv, handler) :
     no font could be found for family "Arial"
    Warning in doTryCatch(return(expr), name, parentenv, handler) :
     no font could be found for family "Arial"
    Warning in doTryCatch(return(expr), name, parentenv, handler) :
     no font could be found for family "Arial"
    Warning in doTryCatch(return(expr), name, parentenv, handler) :
     no font could be found for family "Arial"
    Warning in doTryCatch(return(expr), name, parentenv, handler) :
     no font could be found for family "Arial"
    Warning in doTryCatch(return(expr), name, parentenv, handler) :
     no font could be found for family "Arial"
    Warning in doTryCatch(return(expr), name, parentenv, handler) :
     no font could be found for family "Arial"
    Warning in doTryCatch(return(expr), name, parentenv, handler) :
     no font could be found for family "Arial"
    Warning in doTryCatch(return(expr), name, parentenv, handler) :
     no font could be found for family "Arial"
    Warning in doTryCatch(return(expr), name, parentenv, handler) :
     no font could be found for family "Arial"
    Warning in doTryCatch(return(expr), name, parentenv, handler) :
     no font could be found for family "Arial"
    Warning in doTryCatch(return(expr), name, parentenv, handler) :
     no font could be found for family "Arial"
    Warning in doTryCatch(return(expr), name, parentenv, handler) :
     no font could be found for family "Arial"
    Warning in doTryCatch(return(expr), name, parentenv, handler) :
     no font could be found for family "Arial"
    Warning in doTryCatch(return(expr), name, parentenv, handler) :
     no font could be found for family "Arial"
    Warning in doTryCatch(return(expr), name, parentenv, handler) :
     no font could be found for family "Arial"
    Warning in doTryCatch(return(expr), name, parentenv, handler) :
     no font could be found for family "Arial"
    Warning in doTryCatch(return(expr), name, parentenv, handler) :
     no font could be found for family "Arial"
    Warning in doTryCatch(return(expr), name, parentenv, handler) :
     no font could be found for family "Arial"
    Warning in doTryCatch(return(expr), name, parentenv, handler) :
     no font could be found for family "Arial"
    Warning in doTryCatch(return(expr), name, parentenv, handler) :
     no font could be found for family "Arial"
    Warning in doTryCatch(return(expr), name, parentenv, handler) :
     no font could be found for family "Arial"
    Warning in doTryCatch(return(expr), name, parentenv, handler) :
     no font could be found for family "Arial"
    Warning in doTryCatch(return(expr), name, parentenv, handler) :
     no font could be found for family "Arial"
    Warning in doTryCatch(return(expr), name, parentenv, handler) :
     no font could be found for family "Arial"
    Warning in doTryCatch(return(expr), name, parentenv, handler) :
     no font could be found for family "Arial"
    Warning in doTryCatch(return(expr), name, parentenv, handler) :
     no font could be found for family "Arial"
    Warning in doTryCatch(return(expr), name, parentenv, handler) :
     no font could be found for family "Arial"
    Warning in doTryCatch(return(expr), name, parentenv, handler) :
     no font could be found for family "Arial"
    Warning in doTryCatch(return(expr), name, parentenv, handler) :
     no font could be found for family "Arial"
    Warning in doTryCatch(return(expr), name, parentenv, handler) :
     no font could be found for family "Arial"
    Warning in doTryCatch(return(expr), name, parentenv, handler) :
     no font could be found for family "Arial"
    Warning in doTryCatch(return(expr), name, parentenv, handler) :
     no font could be found for family "Arial"
    Warning in doTryCatch(return(expr), name, parentenv, handler) :
     no font could be found for family "Arial"
    Warning in doTryCatch(return(expr), name, parentenv, handler) :
     no font could be found for family "Arial"
    Warning in doTryCatch(return(expr), name, parentenv, handler) :
     no font could be found for family "Arial"
    Warning in doTryCatch(return(expr), name, parentenv, handler) :
     no font could be found for family "Arial"
    Warning in doTryCatch(return(expr), name, parentenv, handler) :
     no font could be found for family "Arial"
    Warning in doTryCatch(return(expr), name, parentenv, handler) :
     no font could be found for family "Arial"
    Warning in doTryCatch(return(expr), name, parentenv, handler) :
     no font could be found for family "Arial"
    Warning in doTryCatch(return(expr), name, parentenv, handler) :
     no font could be found for family "Arial"
    Warning in doTryCatch(return(expr), name, parentenv, handler) :
     no font could be found for family "Arial"
    Warning in doTryCatch(return(expr), name, parentenv, handler) :
     no font could be found for family "Arial"
    Warning in doTryCatch(return(expr), name, parentenv, handler) :
     no font could be found for family "Arial"
    Warning in doTryCatch(return(expr), name, parentenv, handler) :
     no font could be found for family "Arial"
    Warning in doTryCatch(return(expr), name, parentenv, handler) :
     no font could be found for family "Arial"
    Warning in doTryCatch(return(expr), name, parentenv, handler) :
     no font could be found for family "Arial"
    Warning in doTryCatch(return(expr), name, parentenv, handler) :
     no font could be found for family "Arial"
    Warning in doTryCatch(return(expr), name, parentenv, handler) :
     no font could be found for family "Arial"
    --- finished re-building ‘Tutorial_CirClust.Rmd’
    
    --- re-building ‘Tutorial_FramedClust.Rmd’ using rmarkdown
    Warning in engine$weave(file, quiet = quiet, encoding = enc) :
     Pandoc (>= 1.12.3) not available. Falling back to R Markdown v1.
    Warning in axis(side = side, at = at, labels = labels, ...) :
     no font could be found for family "Arial"
    Warning in axis(side = side, at = at, labels = labels, ...) :
     no font could be found for family "Arial"
    Warning in axis(side = side, at = at, labels = labels, ...) :
     no font could be found for family "Arial"
    Warning in axis(side = side, at = at, labels = labels, ...) :
     no font could be found for family "Arial"
    Warning in axis(side = side, at = at, labels = labels, ...) :
     no font could be found for family "Arial"
    Warning in axis(side = side, at = at, labels = labels, ...) :
     no font could be found for family "Arial"
    Warning in axis(side = side, at = at, labels = labels, ...) :
     no font could be found for family "Arial"
    Warning in axis(side = side, at = at, labels = labels, ...) :
     no font could be found for family "Arial"
    Warning in axis(side = side, at = at, labels = labels, ...) :
     no font could be found for family "Arial"
    Warning in axis(side = side, at = at, labels = labels, ...) :
     no font could be found for family "Arial"
    Warning in axis(side = side, at = at, labels = labels, ...) :
     no font could be found for family "Arial"
    Warning in axis(side = side, at = at, labels = labels, ...) :
     no font could be found for family "Arial"
    Warning in axis(side = side, at = at, labels = labels, ...) :
     no font could be found for family "Arial"
    Warning in axis(side = side, at = at, labels = labels, ...) :
     no font could be found for family "Arial"
    Warning in axis(side = side, at = at, labels = labels, ...) :
     no font could be found for family "Arial"
    Warning in axis(side = side, at = at, labels = labels, ...) :
     no font could be found for family "Arial"
    Warning in axis(side = side, at = at, labels = labels, ...) :
     no font could be found for family "Arial"
    Warning in axis(side = side, at = at, labels = labels, ...) :
     no font could be found for family "Arial"
    Warning in axis(side = side, at = at, labels = labels, ...) :
     no font could be found for family "Arial"
    Warning in axis(side = side, at = at, labels = labels, ...) :
     no font could be found for family "Arial"
    Warning in axis(side = side, at = at, labels = labels, ...) :
     no font could be found for family "Arial"
    Warning in axis(side = side, at = at, labels = labels, ...) :
     no font could be found for family "Arial"
    Warning in axis(side = side, at = at, labels = labels, ...) :
     no font could be found for family "Arial"
    Warning in title(...) : no font could be found for family "Arial"
    Warning in title(...) : no font could be found for family "Arial"
    Warning in title(...) : no font could be found for family "Arial"
    Warning in title(...) : no font could be found for family "Arial"
    Warning in title(...) : no font could be found for family "Arial"
    Warning in title(...) : no font could be found for family "Arial"
    Warning in title(...) : no font could be found for family "Arial"
    Warning in title(...) : no font could be found for family "Arial"
    Warning in title(...) : no font could be found for family "Arial"
    Warning in title(...) : no font could be found for family "Arial"
    Warning in strwidth(legend, units = "user", cex = cex, font = text.font) :
     no font could be found for family "Arial"
    Warning in strwidth(legend, units = "user", cex = cex, font = text.font) :
     no font could be found for family "Arial"
    Warning in strwidth(legend, units = "user", cex = cex, font = text.font) :
     no font could be found for family "Arial"
    Warning in strwidth(legend, units = "user", cex = cex, font = text.font) :
     no font could be found for family "Arial"
    Warning in strwidth(legend, units = "user", cex = cex, font = text.font) :
     no font could be found for family "Arial"
    Warning in strwidth(legend, units = "user", cex = cex, font = text.font) :
     no font could be found for family "Arial"
    Warning in strwidth(legend, units = "user", cex = cex, font = text.font) :
     no font could be found for family "Arial"
    Warning in strheight(legend, units = "user", cex = cex) :
     no font could be found for family "Arial"
    Warning in axis(side = side, at = at, labels = labels, ...) :
     no font could be found for family "Arial"
    Warning in axis(side = side, at = at, labels = labels, ...) :
     no font could be found for family "Arial"
    Warning in axis(side = side, at = at, labels = labels, ...) :
     no font could be found for family "Arial"
    Warning in axis(side = side, at = at, labels = labels, ...) :
     no font could be found for family "Arial"
    Warning in axis(side = side, at = at, labels = labels, ...) :
     no font could be found for family "Arial"
    Warning in axis(side = side, at = at, labels = labels, ...) :
     no font could be found for family "Arial"
    Warning in axis(side = side, at = at, labels = labels, ...) :
     no font could be found for family "Arial"
    Warning in axis(side = side, at = at, labels = labels, ...) :
     no font could be found for family "Arial"
    Warning in axis(side = side, at = at, labels = labels, ...) :
     no font could be found for family "Arial"
    Warning in axis(side = side, at = at, labels = labels, ...) :
     no font could be found for family "Arial"
    Warning in axis(side = side, at = at, labels = labels, ...) :
     no font could be found for family "Arial"
    Warning in axis(side = side, at = at, labels = labels, ...) :
     no font could be found for family "Arial"
    Warning in axis(side = side, at = at, labels = labels, ...) :
     no font could be found for family "Arial"
    Warning in axis(side = side, at = at, labels = labels, ...) :
     no font could be found for family "Arial"
    Warning in axis(side = side, at = at, labels = labels, ...) :
     no font could be found for family "Arial"
    Warning in axis(side = side, at = at, labels = labels, ...) :
     no font could be found for family "Arial"
    Warning in axis(side = side, at = at, labels = labels, ...) :
     no font could be found for family "Arial"
    Warning in axis(side = side, at = at, labels = labels, ...) :
     no font could be found for family "Arial"
    Warning in axis(side = side, at = at, labels = labels, ...) :
     no font could be found for family "Arial"
    Warning in axis(side = side, at = at, labels = labels, ...) :
     no font could be found for family "Arial"
    Warning in axis(side = side, at = at, labels = labels, ...) :
     no font could be found for family "Arial"
    Warning in axis(side = side, at = at, labels = labels, ...) :
     no font could be found for family "Arial"
    Warning in axis(side = side, at = at, labels = labels, ...) :
     no font could be found for family "Arial"
    Warning in title(...) : no font could be found for family "Arial"
    Warning in title(...) : no font could be found for family "Arial"
    Warning in title(...) : no font could be found for family "Arial"
    Warning in title(...) : no font could be found for family "Arial"
    Warning in title(...) : no font could be found for family "Arial"
    Warning in title(...) : no font could be found for family "Arial"
    Warning in title(...) : no font could be found for family "Arial"
    Warning in title(...) : no font could be found for family "Arial"
    Warning in title(...) : no font could be found for family "Arial"
    Warning in title(...) : no font could be found for family "Arial"
    Warning in strwidth(legend, units = "user", cex = cex, font = text.font) :
     no font could be found for family "Arial"
    Warning in strwidth(legend, units = "user", cex = cex, font = text.font) :
     no font could be found for family "Arial"
    Warning in strwidth(legend, units = "user", cex = cex, font = text.font) :
     no font could be found for family "Arial"
    Warning in strwidth(legend, units = "user", cex = cex, font = text.font) :
     no font could be found for family "Arial"
    Warning in strwidth(legend, units = "user", cex = cex, font = text.font) :
     no font could be found for family "Arial"
    Warning in strwidth(legend, units = "user", cex = cex, font = text.font) :
     no font could be found for family "Arial"
    Warning in strwidth(legend, units = "user", cex = cex, font = text.font) :
     no font could be found for family "Arial"
    Warning in strheight(legend, units = "user", cex = cex) :
     no font could be found for family "Arial"
    Warning in axis(side = side, at = at, labels = labels, ...) :
     no font could be found for family "Arial"
    Warning in axis(side = side, at = at, labels = labels, ...) :
     no font could be found for family "Arial"
    Warning in axis(side = side, at = at, labels = labels, ...) :
     no font could be found for family "Arial"
    Warning in axis(side = side, at = at, labels = labels, ...) :
     no font could be found for family "Arial"
    Warning in axis(side = side, at = at, labels = labels, ...) :
     no font could be found for family "Arial"
    Warning in axis(side = side, at = at, labels = labels, ...) :
     no font could be found for family "Arial"
    Warning in axis(side = side, at = at, labels = labels, ...) :
     no font could be found for family "Arial"
    Warning in axis(side = side, at = at, labels = labels, ...) :
     no font could be found for family "Arial"
    Warning in axis(side = side, at = at, labels = labels, ...) :
     no font could be found for family "Arial"
    Warning in axis(side = side, at = at, labels = labels, ...) :
     no font could be found for family "Arial"
    Warning in axis(side = side, at = at, labels = labels, ...) :
     no font could be found for family "Arial"
    Warning in axis(side = side, at = at, labels = labels, ...) :
     no font could be found for family "Arial"
    Warning in axis(side = side, at = at, labels = labels, ...) :
     no font could be found for family "Arial"
    Warning in axis(side = side, at = at, labels = labels, ...) :
     no font could be found for family "Arial"
    Warning in axis(side = side, at = at, labels = labels, ...) :
     no font could be found for family "Arial"
    Warning in axis(side = side, at = at, labels = labels, ...) :
     no font could be found for family "Arial"
    Warning in axis(side = side, at = at, labels = labels, ...) :
     no font could be found for family "Arial"
    Warning in axis(side = side, at = at, labels = labels, ...) :
     no font could be found for family "Arial"
    Warning in axis(side = side, at = at, labels = labels, ...) :
     no font could be found for family "Arial"
    Warning in axis(side = side, at = at, labels = labels, ...) :
     no font could be found for family "Arial"
    Warning in axis(side = side, at = at, labels = labels, ...) :
     no font could be found for family "Arial"
    Warning in axis(side = side, at = at, labels = labels, ...) :
     no font could be found for family "Arial"
    Warning in axis(side = side, at = at, labels = labels, ...) :
     no font could be found for family "Arial"
    Warning in title(...) : no font could be found for family "Arial"
    Warning in title(...) : no font could be found for family "Arial"
    Warning in title(...) : no font could be found for family "Arial"
    Warning in title(...) : no font could be found for family "Arial"
    Warning in title(...) : no font could be found for family "Arial"
    Warning in title(...) : no font could be found for family "Arial"
    Warning in title(...) : no font could be found for family "Arial"
    Warning in title(...) : no font could be found for family "Arial"
    Warning in title(...) : no font could be found for family "Arial"
    Warning in title(...) : no font could be found for family "Arial"
    Warning in strwidth(legend, units = "user", cex = cex, font = text.font) :
     no font could be found for family "Arial"
    Warning in strwidth(legend, units = "user", cex = cex, font = text.font) :
     no font could be found for family "Arial"
    Warning in strwidth(legend, units = "user", cex = cex, font = text.font) :
     no font could be found for family "Arial"
    Warning in strwidth(legend, units = "user", cex = cex, font = text.font) :
     no font could be found for family "Arial"
    Warning in strwidth(legend, units = "user", cex = cex, font = text.font) :
     no font could be found for family "Arial"
    Warning in strwidth(legend, units = "user", cex = cex, font = text.font) :
     no font could be found for family "Arial"
    Warning in strwidth(legend, units = "user", cex = cex, font = text.font) :
     no font could be found for family "Arial"
    Warning in strheight(legend, units = "user", cex = cex) :
     no font could be found for family "Arial"
    Warning in doTryCatch(return(expr), name, parentenv, handler) :
     no font could be found for family "Arial"
    Warning in doTryCatch(return(expr), name, parentenv, handler) :
     no font could be found for family "Arial"
    Warning in doTryCatch(return(expr), name, parentenv, handler) :
     no font could be found for family "Arial"
    Warning in doTryCatch(return(expr), name, parentenv, handler) :
     no font could be found for family "Arial"
    Warning in doTryCatch(return(expr), name, parentenv, handler) :
     no font could be found for family "Arial"
    Warning in doTryCatch(return(expr), name, parentenv, handler) :
     no font could be found for family "Arial"
    Warning in doTryCatch(return(expr), name, parentenv, handler) :
     no font could be found for family "Arial"
    Warning in doTryCatch(return(expr), name, parentenv, handler) :
     no font could be found for family "Arial"
    Warning in doTryCatch(return(expr), name, parentenv, handler) :
     no font could be found for family "Arial"
    Warning in doTryCatch(return(expr), name, parentenv, handler) :
     no font could be found for family "Arial"
    Warning in doTryCatch(return(expr), name, parentenv, handler) :
     no font could be found for family "Arial"
    Warning in doTryCatch(return(expr), name, parentenv, handler) :
     no font could be found for family "Arial"
    Warning in doTryCatch(return(expr), name, parentenv, handler) :
     no font could be found for family "Arial"
    Warning in doTryCatch(return(expr), name, parentenv, handler) :
     no font could be found for family "Arial"
    Warning in doTryCatch(return(expr), name, parentenv, handler) :
     no font could be found for family "Arial"
    Warning in doTryCatch(return(expr), name, parentenv, handler) :
     no font could be found for family "Arial"
    Warning in doTryCatch(return(expr), name, parentenv, handler) :
     no font could be found for family "Arial"
    Warning in doTryCatch(return(expr), name, parentenv, handler) :
     no font could be found for family "Arial"
    Warning in doTryCatch(return(expr), name, parentenv, handler) :
     no font could be found for family "Arial"
    Warning in doTryCatch(return(expr), name, parentenv, handler) :
     no font could be found for family "Arial"
    Warning in doTryCatch(return(expr), name, parentenv, handler) :
     no font could be found for family "Arial"
    Warning in doTryCatch(return(expr), name, parentenv, handler) :
     no font could be found for family "Arial"
    Warning in doTryCatch(return(expr), name, parentenv, handler) :
     no font could be found for family "Arial"
    Warning in doTryCatch(return(expr), name, parentenv, handler) :
     no font could be found for family "Arial"
    Warning in doTryCatch(return(expr), name, parentenv, handler) :
     no font could be found for family "Arial"
    Warning in doTryCatch(return(expr), name, parentenv, handler) :
     no font could be found for family "Arial"
    Warning in doTryCatch(return(expr), name, parentenv, handler) :
     no font could be found for family "Arial"
    Warning in doTryCatch(return(expr), name, parentenv, handler) :
     no font could be found for family "Arial"
    Warning in doTryCatch(return(expr), name, parentenv, handler) :
     no font could be found for family "Arial"
    Warning in doTryCatch(return(expr), name, parentenv, handler) :
     no font could be found for family "Arial"
    Warning in doTryCatch(return(expr), name, parentenv, handler) :
     no font could be found for family "Arial"
    Warning in doTryCatch(return(expr), name, parentenv, handler) :
     no font could be found for family "Arial"
    Warning in doTryCatch(return(expr), name, parentenv, handler) :
     no font could be found for family "Arial"
    Warning in doTryCatch(return(expr), name, parentenv, handler) :
     no font could be found for family "Arial"
    Warning in doTryCatch(return(expr), name, parentenv, handler) :
     no font could be found for family "Arial"
    Warning in doTryCatch(return(expr), name, parentenv, handler) :
     no font could be found for family "Arial"
    Warning in doTryCatch(return(expr), name, parentenv, handler) :
     no font could be found for family "Arial"
    Warning in doTryCatch(return(expr), name, parentenv, handler) :
     no font could be found for family "Arial"
    Warning in doTryCatch(return(expr), name, parentenv, handler) :
     no font could be found for family "Arial"
    Warning in doTryCatch(return(expr), name, parentenv, handler) :
     no font could be found for family "Arial"
    Warning in doTryCatch(return(expr), name, parentenv, handler) :
     no font could be found for family "Arial"
    Warning in doTryCatch(return(expr), name, parentenv, handler) :
     no font could be found for family "Arial"
    Warning in doTryCatch(return(expr), name, parentenv, handler) :
     no font could be found for family "Arial"
    Warning in doTryCatch(return(expr), name, parentenv, handler) :
     no font could be found for family "Arial"
    Warning in doTryCatch(return(expr), name, parentenv, handler) :
     no font could be found for family "Arial"
    Warning in doTryCatch(return(expr), name, parentenv, handler) :
     no font could be found for family "Arial"
    Warning in doTryCatch(return(expr), name, parentenv, handler) :
     no font could be found for family "Arial"
    Warning in doTryCatch(return(expr), name, parentenv, handler) :
     no font could be found for family "Arial"
    Warning in doTryCatch(return(expr), name, parentenv, handler) :
     no font could be found for family "Arial"
    Warning in doTryCatch(return(expr), name, parentenv, handler) :
     no font could be found for family "Arial"
    Warning in doTryCatch(return(expr), name, parentenv, handler) :
     no font could be found for family "Arial"
    Warning in doTryCatch(return(expr), name, parentenv, handler) :
     no font could be found for family "Arial"
    Warning in doTryCatch(return(expr), name, parentenv, handler) :
     no font could be found for family "Arial"
    Warning in doTryCatch(return(expr), name, parentenv, handler) :
     no font could be found for family "Arial"
    Warning in doTryCatch(return(expr), name, parentenv, handler) :
     no font could be found for family "Arial"
    Warning in doTryCatch(return(expr), name, parentenv, handler) :
     no font could be found for family "Arial"
    Warning in doTryCatch(return(expr), name, parentenv, handler) :
     no font could be found for family "Arial"
    Warning in doTryCatch(return(expr), name, parentenv, handler) :
     no font could be found for family "Arial"
    Warning in doTryCatch(return(expr), name, parentenv, handler) :
     no font could be found for family "Arial"
    Warning in doTryCatch(return(expr), name, parentenv, handler) :
     no font could be found for family "Arial"
    Warning in doTryCatch(return(expr), name, parentenv, handler) :
     no font could be found for family "Arial"
    Warning in doTryCatch(return(expr), name, parentenv, handler) :
     no font could be found for family "Arial"
    Warning in doTryCatch(return(expr), name, parentenv, handler) :
     no font could be found for family "Arial"
    Warning in doTryCatch(return(expr), name, parentenv, handler) :
     no font could be found for family "Arial"
    Warning in doTryCatch(return(expr), name, parentenv, handler) :
     no font could be found for family "Arial"
    Warning in doTryCatch(return(expr), name, parentenv, handler) :
     no font could be found for family "Arial"
    Warning in doTryCatch(return(expr), name, parentenv, handler) :
     no font could be found for family "Arial"
    Warning in doTryCatch(return(expr), name, parentenv, handler) :
     no font could be found for family "Arial"
    Warning in doTryCatch(return(expr), name, parentenv, handler) :
     no font could be found for family "Arial"
    Warning in doTryCatch(return(expr), name, parentenv, handler) :
     no font could be found for family "Arial"
    Warning in doTryCatch(return(expr), name, parentenv, handler) :
     no font could be found for family "Arial"
    Warning in doTryCatch(return(expr), name, parentenv, handler) :
     no font could be found for family "Arial"
    Warning in doTryCatch(return(expr), name, parentenv, handler) :
     no font could be found for family "Arial"
    Warning in doTryCatch(return(expr), name, parentenv, handler) :
     no font could be found for family "Arial"
    Warning in doTryCatch(return(expr), name, parentenv, handler) :
     no font could be found for family "Arial"
    Warning in doTryCatch(return(expr), name, parentenv, handler) :
     no font could be found for family "Arial"
    Warning in doTryCatch(return(expr), name, parentenv, handler) :
     no font could be found for family "Arial"
    Warning in doTryCatch(return(expr), name, parentenv, handler) :
     no font could be found for family "Arial"
    Warning in doTryCatch(return(expr), name, parentenv, handler) :
     no font could be found for family "Arial"
    Warning in doTryCatch(return(expr), name, parentenv, handler) :
     no font could be found for family "Arial"
    Warning in doTryCatch(return(expr), name, parentenv, handler) :
     no font could be found for family "Arial"
    Warning in doTryCatch(return(expr), name, parentenv, handler) :
     no font could be found for family "Arial"
    Warning in doTryCatch(return(expr), name, parentenv, handler) :
     no font could be found for family "Arial"
    Warning in doTryCatch(return(expr), name, parentenv, handler) :
     no font could be found for family "Arial"
    Warning in doTryCatch(return(expr), name, parentenv, handler) :
     no font could be found for family "Arial"
    Warning in doTryCatch(return(expr), name, parentenv, handler) :
     no font could be found for family "Arial"
    Warning in doTryCatch(return(expr), name, parentenv, handler) :
     no font could be found for family "Arial"
    Warning in doTryCatch(return(expr), name, parentenv, handler) :
     no font could be found for family "Arial"
    Warning in doTryCatch(return(expr), name, parentenv, handler) :
     no font could be found for family "Arial"
    Warning in doTryCatch(return(expr), name, parentenv, handler) :
     no font could be found for family "Arial"
    Warning in doTryCatch(return(expr), name, parentenv, handler) :
     no font could be found for family "Arial"
    Warning in doTryCatch(return(expr), name, parentenv, handler) :
     no font could be found for family "Arial"
    Warning in doTryCatch(return(expr), name, parentenv, handler) :
     no font could be found for family "Arial"
    Warning in doTryCatch(return(expr), name, parentenv, handler) :
     no font could be found for family "Arial"
    Warning in doTryCatch(return(expr), name, parentenv, handler) :
     no font could be found for family "Arial"
    Warning in doTryCatch(return(expr), name, parentenv, handler) :
     no font could be found for family "Arial"
    Warning in doTryCatch(return(expr), name, parentenv, handler) :
     no font could be found for family "Arial"
    Warning in doTryCatch(return(expr), name, parentenv, handler) :
     no font could be found for family "Arial"
    Warning in doTryCatch(return(expr), name, parentenv, handler) :
     no font could be found for family "Arial"
    Warning in doTryCatch(return(expr), name, parentenv, handler) :
     no font could be found for family "Arial"
    Warning in doTryCatch(return(expr), name, parentenv, handler) :
     no font could be found for family "Arial"
    Warning in doTryCatch(return(expr), name, parentenv, handler) :
     no font could be found for family "Arial"
    Warning in doTryCatch(return(expr), name, parentenv, handler) :
     no font could be found for family "Arial"
    Warning in doTryCatch(return(expr), name, parentenv, handler) :
     no font could be found for family "Arial"
    Warning in doTryCatch(return(expr), name, parentenv, handler) :
     no font could be found for family "Arial"
    Warning in doTryCatch(return(expr), name, parentenv, handler) :
     no font could be found for family "Arial"
    Warning in doTryCatch(return(expr), name, parentenv, handler) :
     no font could be found for family "Arial"
    Warning in doTryCatch(return(expr), name, parentenv, handler) :
     no font could be found for family "Arial"
    Warning in doTryCatch(return(expr), name, parentenv, handler) :
     no font could be found for family "Arial"
    Warning in doTryCatch(return(expr), name, parentenv, handler) :
     no font could be found for family "Arial"
    Warning in doTryCatch(return(expr), name, parentenv, handler) :
     no font could be found for family "Arial"
    Warning in doTryCatch(return(expr), name, parentenv, handler) :
     no font could be found for family "Arial"
    Warning in doTryCatch(return(expr), name, parentenv, handler) :
     no font could be found for family "Arial"
    Warning in doTryCatch(return(expr), name, parentenv, handler) :
     no font could be found for family "Arial"
    Warning in doTryCatch(return(expr), name, parentenv, handler) :
     no font could be found for family "Arial"
    Warning in doTryCatch(return(expr), name, parentenv, handler) :
     no font could be found for family "Arial"
    Warning in doTryCatch(return(expr), name, parentenv, handler) :
     no font could be found for family "Arial"
    Warning in doTryCatch(return(expr), name, parentenv, handler) :
     no font could be found for family "Arial"
    Warning in doTryCatch(return(expr), name, parentenv, handler) :
     no font could be found for family "Arial"
    Warning in doTryCatch(return(expr), name, parentenv, handler) :
     no font could be found for family "Arial"
    Warning in doTryCatch(return(expr), name, parentenv, handler) :
     no font could be found for family "Arial"
    Warning in doTryCatch(return(expr), name, parentenv, handler) :
     no font could be found for family "Arial"
    Warning in doTryCatch(return(expr), name, parentenv, handler) :
     no font could be found for family "Arial"
    --- finished re-building ‘Tutorial_FramedClust.Rmd’
    
    SUMMARY: processing the following file failed:
     ‘Performance.Rmd’
    
    Error: Vignette re-building failed.
    Execution halted
Flavor: r-release-macos-arm64