CRAN Package Check Results for Package PairViz

Last updated on 2021-09-22 02:49:34 CEST.

Flavor Version Tinstall Tcheck Ttotal Status Flags
r-devel-linux-x86_64-debian-clang 1.3.4 7.61 74.51 82.12 OK
r-devel-linux-x86_64-debian-gcc 1.3.4 4.98 56.57 61.55 OK
r-devel-linux-x86_64-fedora-clang 1.3.4 105.77 OK
r-devel-linux-x86_64-fedora-gcc 1.3.4 95.79 OK
r-devel-windows-x86_64 1.3.4 10.00 74.00 84.00 OK
r-devel-windows-x86_64-gcc10-UCRT 1.3.4 ERROR
r-patched-linux-x86_64 1.3.4 7.38 76.89 84.27 OK
r-patched-solaris-x86 1.3.4 143.40 OK
r-release-linux-x86_64 1.3.4 7.58 76.29 83.87 OK
r-release-macos-arm64 1.3.4 OK
r-release-macos-x86_64 1.3.4 OK
r-release-windows-ix86+x86_64 1.3.4 16.00 105.00 121.00 OK
r-oldrel-macos-x86_64 1.3.4 OK
r-oldrel-windows-ix86+x86_64 1.3.4 15.00 104.00 119.00 OK

Check Details

Version: 1.3.4
Check: whether package can be installed
Result: WARN
    Found the following significant warnings:
     WARNING: installation-time patches will not be applied, could not get the patches index
Flavor: r-devel-windows-x86_64-gcc10-UCRT

Version: 1.3.4
Check: PDF version of manual
Result: WARN
    LaTeX errors when creating PDF version.
    This typically indicates Rd problems.
Flavor: r-devel-windows-x86_64-gcc10-UCRT

Version: 1.3.4
Check: PDF version of manual without hyperrefs or index
Result: ERROR
    Re-running with no redirection of stdout/stderr.
Flavor: r-devel-windows-x86_64-gcc10-UCRT