CRAN Package Check Results for Package PearsonDS

Last updated on 2022-10-04 02:54:47 CEST.

Flavor Version Tinstall Tcheck Ttotal Status Flags
r-devel-linux-x86_64-debian-clang 1.2.2 9.57 39.99 49.56 OK
r-devel-linux-x86_64-debian-gcc 1.2.2 7.72 31.84 39.56 OK
r-devel-linux-x86_64-fedora-clang 1.2.2 76.95 WARN
r-devel-linux-x86_64-fedora-gcc 1.2.2 70.72 OK
r-devel-windows-x86_64 1.2.2 34.00 72.00 106.00 OK
r-patched-linux-x86_64 1.2.2 8.28 37.08 45.36 OK
r-release-linux-x86_64 1.2.2 8.45 36.98 45.43 OK
r-release-macos-arm64 1.2.2 21.00 OK
r-release-macos-x86_64 1.2.2 33.00 OK
r-release-windows-x86_64 1.2.2 24.00 64.00 88.00 OK
r-oldrel-macos-arm64 1.2.2 21.00 OK
r-oldrel-macos-x86_64 1.2.2 45.00 OK
r-oldrel-windows-ix86+x86_64 1.2.2 22.00 62.00 84.00 OK

Additional issues

clang15 clang15

Check Details

Version: 1.2.2
Check: whether package can be installed
Result: WARN
    Found the following significant warnings:
     pearsonIV.c:4:17: warning: invalid UTF-8 in comment [-Winvalid-utf8]
Flavor: r-devel-linux-x86_64-fedora-clang