CRAN Package Check Results for Package Phase123

Last updated on 2022-05-23 02:53:44 CEST.

Flavor Version Tinstall Tcheck Ttotal Status Flags
r-devel-linux-x86_64-debian-clang 2.1 50.67 87.50 138.17 NOTE
r-devel-linux-x86_64-debian-gcc 2.1 36.55 66.78 103.33 NOTE
r-devel-linux-x86_64-fedora-clang 2.1 178.28 NOTE
r-devel-linux-x86_64-fedora-gcc 2.1 161.24 NOTE
r-devel-windows-x86_64 2.1 46.00 126.00 172.00 NOTE
r-patched-linux-x86_64 2.1 38.82 84.14 122.96 NOTE
r-release-linux-x86_64 2.1 39.91 82.26 122.17 NOTE
r-release-macos-arm64 2.1 45.00 NOTE
r-release-macos-x86_64 2.1 62.00 NOTE
r-release-windows-x86_64 2.1 45.00 128.00 173.00 NOTE
r-oldrel-macos-arm64 2.1 53.00 NOTE
r-oldrel-macos-x86_64 2.1 80.00 NOTE
r-oldrel-windows-ix86+x86_64 2.1 108.00 153.00 261.00 NOTE

Check Details

Version: 2.1
Check: LazyData
Result: NOTE
     'LazyData' is specified without a 'data' directory
Flavors: r-devel-linux-x86_64-debian-clang, r-devel-linux-x86_64-debian-gcc, r-devel-linux-x86_64-fedora-clang, r-devel-linux-x86_64-fedora-gcc, r-devel-windows-x86_64, r-patched-linux-x86_64, r-release-linux-x86_64, r-release-macos-arm64, r-release-macos-x86_64, r-release-windows-x86_64, r-oldrel-macos-arm64, r-oldrel-macos-x86_64, r-oldrel-windows-ix86+x86_64