Last updated on 2022-05-23 02:53:44 CEST.
Flavor | Version | Tinstall | Tcheck | Ttotal | Status | Flags |
---|---|---|---|---|---|---|
r-devel-linux-x86_64-debian-clang | 1.0.4 | 24.80 | 37.31 | 62.11 | NOTE | |
r-devel-linux-x86_64-debian-gcc | 1.0.4 | 23.62 | 28.81 | 52.43 | NOTE | |
r-devel-linux-x86_64-fedora-clang | 1.0.4 | 92.29 | NOTE | |||
r-devel-linux-x86_64-fedora-gcc | 1.0.4 | 85.28 | NOTE | |||
r-devel-windows-x86_64 | 1.0.4 | 38.00 | 78.00 | 116.00 | NOTE | |
r-patched-linux-x86_64 | 1.0.4 | 23.20 | 35.66 | 58.86 | NOTE | |
r-release-linux-x86_64 | 1.0.4 | 23.99 | 35.43 | 59.42 | NOTE | |
r-release-macos-arm64 | 1.0.4 | 24.00 | NOTE | |||
r-release-macos-x86_64 | 1.0.4 | 33.00 | NOTE | |||
r-release-windows-x86_64 | 1.0.4 | 40.00 | 81.00 | 121.00 | NOTE | |
r-oldrel-macos-arm64 | 1.0.4 | 29.00 | NOTE | |||
r-oldrel-macos-x86_64 | 1.0.4 | 49.00 | NOTE | |||
r-oldrel-windows-ix86+x86_64 | 1.0.4 | 79.00 | 76.00 | 155.00 | NOTE |
Version: 1.0.4
Check: LazyData
Result: NOTE
'LazyData' is specified without a 'data' directory
Flavors: r-devel-linux-x86_64-debian-clang, r-devel-linux-x86_64-debian-gcc, r-devel-linux-x86_64-fedora-clang, r-devel-linux-x86_64-fedora-gcc, r-devel-windows-x86_64, r-patched-linux-x86_64, r-release-linux-x86_64, r-release-macos-arm64, r-release-macos-x86_64, r-release-windows-x86_64, r-oldrel-macos-arm64, r-oldrel-macos-x86_64, r-oldrel-windows-ix86+x86_64