CRAN Package Check Results for Package PoA

Last updated on 2022-01-28 02:51:07 CET.

Flavor Version Tinstall Tcheck Ttotal Status Flags
r-devel-linux-x86_64-debian-clang 1.2.1 3.81 51.12 54.93 NOTE
r-devel-linux-x86_64-debian-gcc 1.2.1 2.90 38.12 41.02 NOTE
r-devel-linux-x86_64-fedora-clang 1.2.1 70.88 NOTE
r-devel-linux-x86_64-fedora-gcc 1.2.1 62.98 NOTE
r-devel-windows-x86_64-new-UL 1.2.1 13.00 69.00 82.00 NOTE
r-devel-windows-x86_64-new-TK 1.2.1 ERROR
r-patched-linux-x86_64 1.2.1 3.13 46.12 49.25 NOTE
r-release-linux-x86_64 1.2.1 2.91 45.64 48.55 NOTE
r-release-macos-arm64 1.2.1 NOTE
r-release-macos-x86_64 1.2.1 NOTE
r-release-windows-ix86+x86_64 1.2.1 10.00 56.00 66.00 NOTE
r-oldrel-macos-x86_64 1.2.1 OK
r-oldrel-windows-ix86+x86_64 1.2.1 10.00 56.00 66.00 OK

Check Details

Version: 1.2.1
Check: LazyData
Result: NOTE
     'LazyData' is specified without a 'data' directory
Flavors: r-devel-linux-x86_64-debian-clang, r-devel-linux-x86_64-debian-gcc, r-devel-linux-x86_64-fedora-clang, r-devel-linux-x86_64-fedora-gcc, r-devel-windows-x86_64-new-UL, r-patched-linux-x86_64, r-release-linux-x86_64, r-release-macos-arm64, r-release-macos-x86_64, r-release-windows-ix86+x86_64

Version: 1.2.1
Check: package dependencies
Result: ERROR
    Package required but not available: 'nloptr'
    
    See section 'The DESCRIPTION file' in the 'Writing R Extensions'
    manual.
Flavor: r-devel-windows-x86_64-new-TK