CRAN Package Check Results for Package PointFore

Last updated on 2021-09-22 02:49:36 CEST.

Flavor Version Tinstall Tcheck Ttotal Status Flags
r-devel-linux-x86_64-debian-clang 0.2.0 5.32 127.77 133.09 OK
r-devel-linux-x86_64-debian-gcc 0.2.0 4.21 87.94 92.15 OK
r-devel-linux-x86_64-fedora-clang 0.2.0 166.95 NOTE
r-devel-linux-x86_64-fedora-gcc 0.2.0 147.17 NOTE
r-devel-windows-x86_64 0.2.0 8.00 118.00 126.00 OK
r-devel-windows-x86_64-gcc10-UCRT 0.2.0 ERROR
r-patched-linux-x86_64 0.2.0 5.57 121.83 127.40 OK
r-patched-solaris-x86 0.2.0 213.20 NOTE
r-release-linux-x86_64 0.2.0 5.35 120.80 126.15 OK
r-release-macos-arm64 0.2.0 NOTE
r-release-macos-x86_64 0.2.0 NOTE
r-release-windows-ix86+x86_64 0.2.0 15.00 168.00 183.00 OK
r-oldrel-macos-x86_64 0.2.0 NOTE
r-oldrel-windows-ix86+x86_64 0.2.0 14.00 199.00 213.00 OK

Check Details

Version: 0.2.0
Check: dependencies in R code
Result: NOTE
    Namespaces in Imports field not imported from:
     ‘car’ ‘lubridate’
     All declared Imports should be used.
Flavors: r-devel-linux-x86_64-fedora-clang, r-devel-linux-x86_64-fedora-gcc, r-devel-windows-x86_64-gcc10-UCRT, r-patched-solaris-x86, r-release-macos-arm64, r-release-macos-x86_64, r-oldrel-macos-x86_64

Version: 0.2.0
Check: whether package can be installed
Result: WARN
    Found the following significant warnings:
     WARNING: installation-time patches will not be applied, could not get the patches index
Flavor: r-devel-windows-x86_64-gcc10-UCRT

Version: 0.2.0
Check: PDF version of manual
Result: WARN
    LaTeX errors when creating PDF version.
    This typically indicates Rd problems.
Flavor: r-devel-windows-x86_64-gcc10-UCRT

Version: 0.2.0
Check: PDF version of manual without hyperrefs or index
Result: ERROR
    Re-running with no redirection of stdout/stderr.
Flavor: r-devel-windows-x86_64-gcc10-UCRT