CRAN Package Check Results for Package ProFit

Last updated on 2022-01-29 02:49:58 CET.

Flavor Version Tinstall Tcheck Ttotal Status Flags
r-devel-linux-x86_64-debian-clang 1.3.3 63.87 113.11 176.98 OK
r-devel-linux-x86_64-debian-gcc 1.3.3 47.80 80.96 128.76 OK
r-devel-linux-x86_64-fedora-clang 1.3.3 241.75 NOTE
r-devel-linux-x86_64-fedora-gcc 1.3.3 208.17 OK
r-devel-windows-x86_64-new-UL 1.3.3 213.00 194.00 407.00 NOTE
r-devel-windows-x86_64-new-TK 1.3.3 NOTE
r-patched-linux-x86_64 1.3.3 60.63 108.71 169.34 OK
r-release-linux-x86_64 1.3.3 54.57 109.49 164.06 OK
r-release-macos-arm64 1.3.3 NOTE
r-release-macos-x86_64 1.3.3 NOTE
r-release-windows-ix86+x86_64 1.3.3 101.00 186.00 287.00 NOTE
r-oldrel-macos-x86_64 1.3.3 NOTE
r-oldrel-windows-ix86+x86_64 1.3.3 100.00 184.00 284.00 NOTE

Check Details

Version: 1.3.3
Check: installed package size
Result: NOTE
     installed size is 13.0Mb
     sub-directories of 1Mb or more:
     extdata 7.4Mb
     libs 4.5Mb
Flavors: r-devel-linux-x86_64-fedora-clang, r-devel-windows-x86_64-new-UL, r-release-macos-arm64, r-release-macos-x86_64, r-release-windows-ix86+x86_64, r-oldrel-macos-x86_64, r-oldrel-windows-ix86+x86_64

Version: 1.3.3
Check: line endings in C/C++/Fortran sources/headers
Result: NOTE
    Found the following sources/headers not terminated with a newline:
     src/libprofit/include/profit/config.h
    Some compilers warn on such files.
Flavor: r-devel-windows-x86_64-new-TK