Last updated on 2022-07-04 02:53:39 CEST.
Flavor | Version | Tinstall | Tcheck | Ttotal | Status | Flags |
---|---|---|---|---|---|---|
r-devel-linux-x86_64-debian-clang | 3.4 | 40.65 | 153.15 | 193.80 | OK | |
r-devel-linux-x86_64-debian-gcc | 3.4 | 30.23 | 111.81 | 142.04 | OK | |
r-devel-linux-x86_64-fedora-clang | 3.4 | 238.60 | OK | |||
r-devel-linux-x86_64-fedora-gcc | 3.4 | 236.00 | OK | |||
r-devel-windows-x86_64 | 3.4 | 50.00 | 206.00 | 256.00 | NOTE | |
r-patched-linux-x86_64 | 3.4 | 31.79 | 143.40 | 175.19 | OK | |
r-release-linux-x86_64 | 3.4 | 30.94 | 143.10 | 174.04 | OK | |
r-release-macos-arm64 | 3.4 | 63.00 | OK | |||
r-release-macos-x86_64 | 3.4 | 112.00 | OK | |||
r-release-windows-x86_64 | 3.4 | 57.00 | 204.00 | 261.00 | NOTE | |
r-oldrel-macos-arm64 | 3.4 | 71.00 | NOTE | |||
r-oldrel-macos-x86_64 | 3.4 | 83.00 | OK | |||
r-oldrel-windows-ix86+x86_64 | 3.4 | 83.00 | 250.00 | 333.00 | NOTE |
Version: 3.4
Check: installed package size
Result: NOTE
installed size is 5.0Mb
sub-directories of 1Mb or more:
extdata 3.0Mb
libs 1.0Mb
Flavors: r-devel-windows-x86_64, r-release-windows-x86_64, r-oldrel-macos-arm64, r-oldrel-windows-ix86+x86_64