CRAN Package Check Results for Package R.cache

Last updated on 2021-09-23 02:49:19 CEST.

Flavor Version Tinstall Tcheck Ttotal Status Flags
r-devel-linux-x86_64-debian-clang 0.15.0 3.56 40.45 44.01 OK
r-devel-linux-x86_64-debian-gcc 0.15.0 2.57 31.45 34.02 OK
r-devel-linux-x86_64-fedora-clang 0.15.0 61.89 OK
r-devel-linux-x86_64-fedora-gcc 0.15.0 50.84 OK
r-devel-windows-x86_64 0.15.0 5.00 69.00 74.00 OK
r-devel-windows-x86_64-gcc10-UCRT 0.15.0 ERROR
r-patched-linux-x86_64 0.15.0 3.60 38.90 42.50 OK
r-patched-solaris-x86 0.15.0 77.00 OK
r-release-linux-x86_64 0.15.0 3.49 38.90 42.39 OK
r-release-macos-arm64 0.15.0 OK
r-release-macos-x86_64 0.15.0 OK
r-release-windows-ix86+x86_64 0.15.0 8.00 91.00 99.00 OK
r-oldrel-macos-x86_64 0.15.0 OK
r-oldrel-windows-ix86+x86_64 0.15.0 18.00 72.00 90.00 OK

Check Details

Version: 0.15.0
Check: PDF version of manual
Result: WARN
    LaTeX errors when creating PDF version.
    This typically indicates Rd problems.
Flavor: r-devel-windows-x86_64-gcc10-UCRT

Version: 0.15.0
Check: PDF version of manual without hyperrefs or index
Result: ERROR
    Re-running with no redirection of stdout/stderr.
Flavor: r-devel-windows-x86_64-gcc10-UCRT