CRAN Package Check Results for Package R2019nCoV

Last updated on 2021-07-30 02:51:51 CEST.

Flavor Version Tinstall Tcheck Ttotal Status Flags
r-devel-linux-x86_64-debian-clang 0.1.0 OK
r-devel-linux-x86_64-debian-gcc 0.1.0 5.74 48.38 54.12 OK
r-devel-linux-x86_64-fedora-clang 0.1.0 93.06 NOTE
r-devel-linux-x86_64-fedora-gcc 0.1.0 82.21 NOTE
r-devel-windows-x86_64 0.1.0 8.00 104.00 112.00 OK
r-devel-windows-x86_64-gcc10-UCRT 0.1.0 NOTE
r-patched-linux-x86_64 0.1.0 OK
r-patched-solaris-x86 0.1.0 124.70 NOTE
r-release-linux-x86_64 0.1.0 7.92 60.97 68.89 OK
r-release-macos-arm64 0.1.0 WARN
r-release-macos-x86_64 0.1.0 NOTE
r-release-windows-ix86+x86_64 0.1.0 17.00 97.00 114.00 OK
r-oldrel-macos-x86_64 0.1.0 NOTE
r-oldrel-windows-ix86+x86_64 0.1.0 13.00 100.00 113.00 OK

Check Details

Version: 0.1.0
Check: data for non-ASCII characters
Result: NOTE
     Note: found 89912 marked UTF-8 strings
Flavors: r-devel-linux-x86_64-fedora-clang, r-devel-linux-x86_64-fedora-gcc, r-devel-windows-x86_64-gcc10-UCRT, r-patched-solaris-x86, r-release-macos-arm64, r-release-macos-x86_64, r-oldrel-macos-x86_64

Version: 0.1.0
Check: re-building of vignette outputs
Result: WARN
    Error(s) in re-building vignettes:
    --- re-building ‘R2019nCoV-introduction.Rmd’ using rmarkdown
    Warning in engine$weave(file, quiet = quiet, encoding = enc) :
     Pandoc (>= 1.12.3) not available. Falling back to R Markdown v1.
    Warning: Use of `world_map$long` is discouraged. Use `long` instead.
    Warning: Use of `world_map$lat` is discouraged. Use `lat` instead.
    Warning: Use of `world_map$group` is discouraged. Use `group` instead.
    Warning: Use of `china_line_data$long` is discouraged. Use `long` instead.
    Warning: Use of `china_line_data$lat` is discouraged. Use `lat` instead.
    Warning: Use of `china_line_data$group` is discouraged. Use `group` instead.
    Warning: Use of `china_data$long` is discouraged. Use `long` instead.
    Warning: Use of `china_data$lat` is discouraged. Use `lat` instead.
    Warning: Use of `china_data$group` is discouraged. Use `group` instead.
    Warning: Use of `china_data$value_factor` is discouraged. Use `value_factor` instead.
    Warning: Removed 101 row(s) containing missing values (geom_path).
    Warning in grid.Call(C_stringMetric, as.graphicsAnnot(x$label)) :
     no font could be found for family "Arial"
    Warning in grid.Call(C_stringMetric, as.graphicsAnnot(x$label)) :
     no font could be found for family "Arial"
    Warning in grid.Call(C_stringMetric, as.graphicsAnnot(x$label)) :
     no font could be found for family "Arial"
    Warning in grid.Call(C_stringMetric, as.graphicsAnnot(x$label)) :
     no font could be found for family "Arial"
    Warning in grid.Call(C_stringMetric, as.graphicsAnnot(x$label)) :
     no font could be found for family "Arial"
    Warning in grid.Call(C_stringMetric, as.graphicsAnnot(x$label)) :
     no font could be found for family "Arial"
    Warning in grid.Call(C_stringMetric, as.graphicsAnnot(x$label)) :
     no font could be found for family "Arial"
    Warning in grid.Call(C_stringMetric, as.graphicsAnnot(x$label)) :
     no font could be found for family "Arial"
    Warning in grid.Call(C_stringMetric, as.graphicsAnnot(x$label)) :
     no font could be found for family "Arial"
    Warning in grid.Call(C_stringMetric, as.graphicsAnnot(x$label)) :
     no font could be found for family "Arial"
    Warning in grid.Call(C_stringMetric, as.graphicsAnnot(x$label)) :
     no font could be found for family "Arial"
    Warning in grid.Call(C_stringMetric, as.graphicsAnnot(x$label)) :
     no font could be found for family "Arial"
    Warning in grid.Call(C_stringMetric, as.graphicsAnnot(x$label)) :
     no font could be found for family "Arial"
    Warning in grid.Call(C_stringMetric, as.graphicsAnnot(x$label)) :
     no font could be found for family "Arial"
    Warning in grid.Call(C_textBounds, as.graphicsAnnot(x$label), x$x, x$y, :
     no font could be found for family "Arial"
    Quitting from lines 46-48 (R2019nCoV-introduction.Rmd)
    Error: processing vignette 'R2019nCoV-introduction.Rmd' failed with diagnostics:
    polygon edge not found
    --- failed re-building ‘R2019nCoV-introduction.Rmd’
    
    SUMMARY: processing the following file failed:
     ‘R2019nCoV-introduction.Rmd’
    
    Error: Vignette re-building failed.
    Execution halted
Flavor: r-release-macos-arm64