CRAN Package Check Results for Package R2MLwiN

Last updated on 2021-08-04 02:50:12 CEST.

Flavor Version Tinstall Tcheck Ttotal Status Flags
r-devel-linux-x86_64-debian-clang 0.8-7 58.16 202.07 260.23 OK
r-devel-linux-x86_64-debian-gcc 0.8-7 43.95 147.79 191.74 OK
r-devel-linux-x86_64-fedora-clang 0.8-7 322.14 NOTE
r-devel-linux-x86_64-fedora-gcc 0.8-7 310.68 OK
r-devel-windows-x86_64 0.8-7 80.00 240.00 320.00 OK
r-devel-windows-x86_64-gcc10-UCRT 0.8-7 OK
r-patched-linux-x86_64 0.8-7 59.06 187.62 246.68 OK
r-release-linux-x86_64 0.8-7 52.97 188.21 241.18 OK
r-release-macos-arm64 0.8-7 OK
r-release-macos-x86_64 0.8-7 OK
r-release-windows-ix86+x86_64 0.8-7 100.00 161.00 261.00 OK
r-oldrel-macos-x86_64 0.8-7 OK
r-oldrel-windows-ix86+x86_64 0.8-7 93.00 226.00 319.00 OK

Check Details

Version: 0.8-7
Check: Rd cross-references
Result: NOTE
    Undeclared package ‘generics’ in Rd xrefs
Flavor: r-devel-linux-x86_64-fedora-clang