CRAN Package Check Results for Package R6

Last updated on 2021-06-17 02:50:51 CEST.

Flavor Version Tinstall Tcheck Ttotal Status Flags
r-devel-linux-x86_64-debian-clang 2.5.0 1.63 30.28 31.91 NOTE
r-devel-linux-x86_64-debian-gcc 2.5.0 1.60 23.65 25.25 NOTE
r-devel-linux-x86_64-fedora-clang 2.5.0 49.69 NOTE
r-devel-linux-x86_64-fedora-gcc 2.5.0 37.20 NOTE
r-devel-windows-x86_64 2.5.0 6.00 51.00 57.00 NOTE
r-devel-windows-x86_64-gcc10-UCRT 2.5.0 NOTE
r-patched-linux-x86_64 2.5.0 1.95 29.05 31.00 NOTE
r-patched-solaris-x86 2.5.0 58.80 NOTE
r-release-linux-x86_64 2.5.0 1.57 28.87 30.44 NOTE
r-release-macos-arm64 2.5.0 NOTE
r-release-macos-x86_64 2.5.0 NOTE
r-release-windows-ix86+x86_64 2.5.0 7.00 46.00 53.00 NOTE
r-oldrel-macos-x86_64 2.5.0 OK
r-oldrel-windows-ix86+x86_64 2.5.0 6.00 46.00 52.00 OK

Check Details

Version: 2.5.0
Check: LazyData
Result: NOTE
     'LazyData' is specified without a 'data' directory
Flavors: r-devel-linux-x86_64-debian-clang, r-devel-linux-x86_64-debian-gcc, r-devel-linux-x86_64-fedora-clang, r-devel-linux-x86_64-fedora-gcc, r-devel-windows-x86_64, r-devel-windows-x86_64-gcc10-UCRT, r-patched-linux-x86_64, r-patched-solaris-x86, r-release-linux-x86_64, r-release-macos-arm64, r-release-macos-x86_64, r-release-windows-ix86+x86_64