CRAN Package Check Results for Package RCT

Last updated on 2021-08-04 02:50:12 CEST.

Flavor Version Tinstall Tcheck Ttotal Status Flags
r-devel-linux-x86_64-debian-clang 1.1 0.35 3.09 3.44 ERROR
r-devel-linux-x86_64-debian-gcc 1.1.1 4.44 45.74 50.18 OK
r-devel-linux-x86_64-fedora-clang 1.1.1 92.37 OK
r-devel-linux-x86_64-fedora-gcc 1.1.1 76.92 OK
r-devel-windows-x86_64 1.1 17.00 92.00 109.00 NOTE
r-devel-windows-x86_64-gcc10-UCRT 1.1.1 OK
r-patched-linux-x86_64 1.1.1 4.99 56.52 61.51 OK
r-patched-solaris-x86 1.1.1 107.10 OK
r-release-linux-x86_64 1.1 5.67 56.82 62.49 NOTE
r-release-macos-arm64 1.1 NOTE
r-release-macos-x86_64 1.1.1 OK
r-release-windows-ix86+x86_64 1.1 13.00 86.00 99.00 NOTE
r-oldrel-macos-x86_64 1.1.1 OK
r-oldrel-windows-ix86+x86_64 1.1 17.00 86.00 103.00 OK

Check Details

Version: 1.1
Check: package dependencies
Result: ERROR
    Package required but not available: 'lfe'
    
    See section 'The DESCRIPTION file' in the 'Writing R Extensions'
    manual.
Flavor: r-devel-linux-x86_64-debian-clang

Version: 1.1
Check: LazyData
Result: NOTE
     'LazyData' is specified without a 'data' directory
Flavors: r-devel-windows-x86_64, r-release-linux-x86_64, r-release-macos-arm64, r-release-windows-ix86+x86_64