CRAN Package Check Results for Package RKEEL

Last updated on 2021-07-28 02:49:20 CEST.

Flavor Version Tinstall Tcheck Ttotal Status Flags
r-devel-linux-x86_64-debian-clang 1.3.3 111.10 99.06 210.16 OK
r-devel-linux-x86_64-debian-gcc 1.3.3 83.08 74.42 157.50 OK
r-devel-linux-x86_64-fedora-clang 1.3.3 261.32 NOTE
r-devel-linux-x86_64-fedora-gcc 1.3.3 265.64 NOTE
r-devel-windows-x86_64 1.3.3 142.00 147.00 289.00 OK
r-devel-windows-x86_64-gcc10-UCRT 1.3.3 NOTE
r-patched-linux-x86_64 1.3.3 82.68 94.58 177.26 OK
r-release-linux-x86_64 1.3.3 90.88 94.98 185.86 OK
r-release-macos-arm64 1.3.3 ERROR
r-release-macos-x86_64 1.3.3 NOTE
r-release-windows-ix86+x86_64 1.3.3 147.00 124.00 271.00 OK
r-oldrel-macos-x86_64 1.3.3 NOTE
r-oldrel-windows-ix86+x86_64 1.3.3 112.00 155.00 267.00 OK

Check Details

Version: 1.3.3
Check: dependencies in R code
Result: NOTE
    Namespaces in Imports field not imported from:
     ‘Matrix’ ‘arules’ ‘pmml’ ‘rJava’
     All declared Imports should be used.
Flavors: r-devel-linux-x86_64-fedora-clang, r-devel-linux-x86_64-fedora-gcc, r-devel-windows-x86_64-gcc10-UCRT, r-release-macos-arm64, r-release-macos-x86_64, r-oldrel-macos-x86_64

Version: 1.3.3
Check: examples
Result: ERROR
    Running examples in ‘RKEEL-Ex.R’ failed
    The error most likely occurred in:
    
    > ### Name: C45_C
    > ### Title: C45_C KEEL Classification Algorithm
    > ### Aliases: C45_C R6_C45_C
    > ### Keywords: classification
    >
    > ### ** Examples
    >
    > data_train <- RKEEL::loadKeelDataset("iris_train")
    /Volumes/Builds/packages/big-sur-arm64/Rlib/4.1/RKEELdata/datasets/> data_test <- RKEEL::loadKeelDataset("iris_test")
    /Volumes/Builds/packages/big-sur-arm64/Rlib/4.1/RKEELdata/datasets/>
    > #Create algorithm
    > algorithm <- RKEEL::C45_C(data_train, data_test)
Flavor: r-release-macos-arm64