CRAN Package Check Results for Package RKHSMetaMod

Last updated on 2022-10-03 03:55:13 CEST.

Flavor Version Tinstall Tcheck Ttotal Status Flags
r-devel-linux-x86_64-debian-clang 1.1 228.39 35.72 264.11 OK
r-devel-linux-x86_64-debian-gcc 1.1 178.08 30.82 208.90 OK
r-devel-linux-x86_64-fedora-clang 1.1 382.70 OK
r-devel-linux-x86_64-fedora-gcc 1.1 380.16 OK
r-devel-windows-x86_64 1.1 165.00 99.00 264.00 OK
r-patched-linux-x86_64 1.1 186.96 38.24 225.20 OK
r-release-linux-x86_64 1.1 186.40 37.54 223.94 OK
r-release-macos-arm64 1.1 82.00 NOTE
r-release-macos-x86_64 1.1 110.00 NOTE
r-release-windows-x86_64 1.1 158.00 98.00 256.00 OK
r-oldrel-macos-arm64 1.1 101.00 NOTE
r-oldrel-macos-x86_64 1.1 163.00 NOTE
r-oldrel-windows-ix86+x86_64 1.1 495.00 107.00 602.00 OK

Additional issues

noSuggests

Check Details

Version: 1.1
Check: installed package size
Result: NOTE
     installed size is 19.8Mb
     sub-directories of 1Mb or more:
     libs 19.7Mb
Flavors: r-release-macos-arm64, r-release-macos-x86_64, r-oldrel-macos-arm64, r-oldrel-macos-x86_64