CRAN Package Check Results for Package RMariaDB

Last updated on 2023-01-31 03:00:56 CET.

Flavor Version Tinstall Tcheck Ttotal Status Flags
r-devel-linux-x86_64-debian-clang 1.2.2 120.92 55.40 176.32 OK
r-devel-linux-x86_64-debian-gcc 1.2.2 99.87 42.85 142.72 OK
r-devel-linux-x86_64-fedora-clang 1.2.2 276.94 OK
r-devel-linux-x86_64-fedora-gcc 1.2.2 234.09 OK
r-devel-windows-x86_64 1.2.2 417.00 198.00 615.00 OK
r-patched-linux-x86_64 1.2.2 95.70 54.49 150.19 OK
r-release-linux-x86_64 1.2.2 98.36 55.19 153.55 OK
r-release-macos-arm64 1.2.2 50.00 NOTE
r-release-macos-x86_64 1.2.2 79.00 NOTE
r-release-windows-x86_64 1.2.2 304.00 227.00 531.00 OK
r-oldrel-macos-arm64 1.2.2 52.00 NOTE
r-oldrel-macos-x86_64 1.2.2 83.00 NOTE
r-oldrel-windows-ix86+x86_64 1.2.2 542.00 236.00 778.00 NOTE

Check Details

Version: 1.2.2
Check: installed package size
Result: NOTE
     installed size is 6.1Mb
     sub-directories of 1Mb or more:
     libs 5.7Mb
Flavors: r-release-macos-arm64, r-release-macos-x86_64, r-oldrel-macos-arm64, r-oldrel-macos-x86_64, r-oldrel-windows-ix86+x86_64