CRAN Package Check Results for Package RNHANES

Last updated on 2023-06-07 02:59:25 CEST.

Flavor Version Tinstall Tcheck Ttotal Status Flags
r-devel-linux-x86_64-debian-clang 1.1.0 11.03 108.38 119.41 NOTE
r-devel-linux-x86_64-debian-gcc 1.1.0 10.28 83.01 93.29 NOTE
r-devel-linux-x86_64-fedora-clang 1.1.0 152.95 NOTE
r-devel-linux-x86_64-fedora-gcc 1.1.0 156.62 NOTE
r-devel-windows-x86_64 1.1.0 11.00 96.00 107.00 NOTE
r-patched-linux-x86_64 1.1.0 11.23 103.86 115.09 NOTE
r-release-linux-x86_64 1.1.0 10.65 102.44 113.09 NOTE
r-release-macos-arm64 1.1.0 50.00 NOTE
r-release-macos-x86_64 1.1.0 83.00 NOTE
r-release-windows-x86_64 1.1.0 15.00 114.00 129.00 NOTE
r-oldrel-macos-arm64 1.1.0 42.00 NOTE
r-oldrel-macos-x86_64 1.1.0 90.00 NOTE
r-oldrel-windows-x86_64 1.1.0 15.00 111.00 126.00 NOTE

Check Details

Version: 1.1.0
Check: LazyData
Result: NOTE
     'LazyData' is specified without a 'data' directory
Flavors: r-devel-linux-x86_64-debian-clang, r-devel-linux-x86_64-debian-gcc, r-devel-linux-x86_64-fedora-clang, r-devel-linux-x86_64-fedora-gcc, r-devel-windows-x86_64, r-patched-linux-x86_64, r-release-linux-x86_64, r-release-macos-arm64, r-release-macos-x86_64, r-release-windows-x86_64, r-oldrel-macos-arm64, r-oldrel-macos-x86_64, r-oldrel-windows-x86_64