CRAN Package Check Results for Package RPresto

Last updated on 2021-09-22 02:49:43 CEST.

Flavor Version Tinstall Tcheck Ttotal Status Flags
r-devel-linux-x86_64-debian-clang 1.3.7 34.93 47.70 82.63 OK
r-devel-linux-x86_64-debian-gcc 1.3.7 20.10 36.38 56.48 OK
r-devel-linux-x86_64-fedora-clang 1.3.7 112.69 OK
r-devel-linux-x86_64-fedora-gcc 1.3.7 121.15 OK
r-devel-windows-x86_64 1.3.7 32.00 64.00 96.00 OK
r-devel-windows-x86_64-gcc10-UCRT 1.3.7 ERROR
r-patched-linux-x86_64 1.3.7 25.29 46.16 71.45 OK
r-patched-solaris-x86 1.3.7 100.20 OK
r-release-linux-x86_64 1.3.7 24.86 45.59 70.45 OK
r-release-macos-arm64 1.3.7 OK
r-release-macos-x86_64 1.3.7 OK
r-release-windows-ix86+x86_64 1.3.7 72.00 110.00 182.00 OK
r-oldrel-macos-x86_64 1.3.7 OK
r-oldrel-windows-ix86+x86_64 1.3.7 73.00 92.00 165.00 OK

Check Details

Version: 1.3.7
Check: whether package can be installed
Result: ERROR
    Installation failed.
Flavor: r-devel-windows-x86_64-gcc10-UCRT