CRAN Package Check Results for Package RSelenium

Last updated on 2022-06-28 02:53:26 CEST.

Flavor Version Tinstall Tcheck Ttotal Status Flags
r-devel-linux-x86_64-debian-clang 1.7.7 5.78 59.28 65.06 NOTE
r-devel-linux-x86_64-debian-gcc 1.7.7 4.42 46.33 50.75 NOTE
r-devel-linux-x86_64-fedora-clang 1.7.7 90.62 NOTE
r-devel-linux-x86_64-fedora-gcc 1.7.7 91.64 NOTE
r-devel-windows-x86_64 1.7.7 58.00 100.00 158.00 NOTE
r-patched-linux-x86_64 1.7.7 5.92 57.81 63.73 NOTE
r-release-linux-x86_64 1.7.7 5.29 57.85 63.14 NOTE
r-release-macos-arm64 1.7.7 51.00 NOTE
r-release-macos-x86_64 1.7.7 65.00 NOTE
r-release-windows-x86_64 1.7.7 62.00 104.00 166.00 NOTE
r-oldrel-macos-arm64 1.7.7 39.00 NOTE
r-oldrel-macos-x86_64 1.7.7 50.00 NOTE
r-oldrel-windows-ix86+x86_64 1.7.7 17.00 92.00 109.00 NOTE

Check Details

Version: 1.7.7
Check: package dependencies
Result: NOTE
    Package suggested but not available for checking: 'Rcompression'
Flavors: r-devel-linux-x86_64-debian-clang, r-devel-linux-x86_64-debian-gcc, r-devel-linux-x86_64-fedora-clang, r-devel-linux-x86_64-fedora-gcc, r-devel-windows-x86_64, r-patched-linux-x86_64, r-release-linux-x86_64, r-release-macos-arm64, r-release-macos-x86_64, r-release-windows-x86_64, r-oldrel-macos-arm64, r-oldrel-macos-x86_64, r-oldrel-windows-ix86+x86_64

Version: 1.7.7
Check: LazyData
Result: NOTE
     'LazyData' is specified without a 'data' directory
Flavors: r-devel-linux-x86_64-debian-clang, r-devel-linux-x86_64-debian-gcc, r-devel-linux-x86_64-fedora-clang, r-devel-linux-x86_64-fedora-gcc, r-devel-windows-x86_64, r-patched-linux-x86_64, r-release-linux-x86_64, r-release-macos-arm64, r-release-macos-x86_64, r-release-windows-x86_64, r-oldrel-macos-arm64, r-oldrel-macos-x86_64, r-oldrel-windows-ix86+x86_64

Version: 1.7.7
Check: dependencies in R code
Result: NOTE
    Namespaces in Imports field not imported from:
     ‘binman’ ‘httr’
     All declared Imports should be used.
Flavors: r-devel-linux-x86_64-fedora-clang, r-devel-linux-x86_64-fedora-gcc, r-release-macos-arm64, r-release-macos-x86_64, r-oldrel-macos-arm64, r-oldrel-macos-x86_64