CRAN Package Check Results for Package RTD

Last updated on 2022-01-27 02:51:41 CET.

Flavor Version Tinstall Tcheck Ttotal Status Flags
r-devel-linux-x86_64-debian-clang 0.4.1 6.80 59.62 66.42 NOTE
r-devel-linux-x86_64-debian-gcc 0.4.1 4.66 45.37 50.03 NOTE
r-devel-linux-x86_64-fedora-clang 0.4.1 81.05 NOTE
r-devel-linux-x86_64-fedora-gcc 0.4.1 81.32 NOTE
r-devel-windows-x86_64-new-UL 0.4.1 30.00 81.00 111.00 NOTE
r-devel-windows-x86_64-new-TK 0.4.1 NOTE
r-patched-linux-x86_64 0.4.1 5.71 53.64 59.35 NOTE
r-release-linux-x86_64 0.4.1 4.20 53.77 57.97 NOTE
r-release-macos-arm64 0.4.1 NOTE
r-release-macos-x86_64 0.4.1 NOTE
r-release-windows-ix86+x86_64 0.4.1 17.00 68.00 85.00 NOTE
r-oldrel-macos-x86_64 0.4.1 OK
r-oldrel-windows-ix86+x86_64 0.4.1 17.00 67.00 84.00 OK

Check Details

Version: 0.4.1
Check: LazyData
Result: NOTE
     'LazyData' is specified without a 'data' directory
Flavors: r-devel-linux-x86_64-debian-clang, r-devel-linux-x86_64-debian-gcc, r-devel-linux-x86_64-fedora-clang, r-devel-linux-x86_64-fedora-gcc, r-devel-windows-x86_64-new-UL, r-devel-windows-x86_64-new-TK, r-patched-linux-x86_64, r-release-linux-x86_64, r-release-macos-arm64, r-release-macos-x86_64, r-release-windows-ix86+x86_64