Last updated on 2022-06-27 02:54:38 CEST.
Flavor | Version | Tinstall | Tcheck | Ttotal | Status | Flags |
---|---|---|---|---|---|---|
r-devel-linux-x86_64-debian-clang | 0.3.1 | 12.59 | 88.36 | 100.95 | OK | |
r-devel-linux-x86_64-debian-gcc | 0.3.1 | 8.48 | 65.89 | 74.37 | OK | |
r-devel-linux-x86_64-fedora-clang | 0.3.1 | 128.99 | OK | |||
r-devel-linux-x86_64-fedora-gcc | 0.3.1 | 129.09 | OK | |||
r-devel-windows-x86_64 | 0.3.1 | 45.00 | 169.00 | 214.00 | OK | |
r-patched-linux-x86_64 | 0.3.1 | 12.11 | 82.86 | 94.97 | OK | |
r-release-linux-x86_64 | 0.3.1 | 8.51 | 84.39 | 92.90 | OK | |
r-release-macos-arm64 | 0.3.1 | 44.00 | OK | |||
r-release-macos-x86_64 | 0.3.1 | 52.00 | OK | |||
r-release-windows-x86_64 | 0.3.1 | 51.00 | 151.00 | 202.00 | OK | |
r-oldrel-macos-arm64 | 0.3.1 | 45.00 | OK | |||
r-oldrel-macos-x86_64 | 0.3.1 | 60.00 | OK | |||
r-oldrel-windows-ix86+x86_64 | 0.3.1 | 31.00 | 211.00 | 242.00 | NOTE |
Version: 0.3.1
Check: installed package size
Result: NOTE
installed size is 5.0Mb
sub-directories of 1Mb or more:
exdata 2.4Mb
Flavor: r-oldrel-windows-ix86+x86_64