CRAN Package Check Results for Package RcmdrPlugin.MPAStats

Last updated on 2021-09-22 02:49:40 CEST.

Flavor Version Tinstall Tcheck Ttotal Status Flags
r-devel-linux-x86_64-debian-clang 1.2.2 18.17 138.22 156.39 OK
r-devel-linux-x86_64-debian-gcc 1.2.2 15.16 104.41 119.57 OK
r-devel-linux-x86_64-fedora-clang 1.2.2 199.65 OK
r-devel-linux-x86_64-fedora-gcc 1.2.2 189.46 OK
r-devel-windows-x86_64 1.2.2 21.00 115.00 136.00 OK
r-devel-windows-x86_64-gcc10-UCRT 1.2.2 ERROR
r-patched-linux-x86_64 1.2.2 17.55 130.82 148.37 OK
r-patched-solaris-x86 1.2.2 284.70 OK
r-release-linux-x86_64 1.2.2 17.96 130.78 148.74 OK
r-release-macos-arm64 1.2.2 OK
r-release-macos-x86_64 1.2.2 OK
r-release-windows-ix86+x86_64 1.2.2 43.00 160.00 203.00 OK
r-oldrel-macos-x86_64 1.2.2 OK
r-oldrel-windows-ix86+x86_64 1.2.2 41.00 119.00 160.00 OK

Check Details

Version: 1.2.2
Check: whether package can be installed
Result: WARN
    Found the following significant warnings:
     WARNING: installation-time patches will not be applied, could not get the patches index
Flavor: r-devel-windows-x86_64-gcc10-UCRT

Version: 1.2.2
Check: PDF version of manual
Result: WARN
    LaTeX errors when creating PDF version.
    This typically indicates Rd problems.
Flavor: r-devel-windows-x86_64-gcc10-UCRT

Version: 1.2.2
Check: PDF version of manual without hyperrefs or index
Result: ERROR
    Re-running with no redirection of stdout/stderr.
Flavor: r-devel-windows-x86_64-gcc10-UCRT