CRAN Package Check Results for Package Rfast

Last updated on 2021-06-16 02:49:45 CEST.

Flavor Version Tinstall Tcheck Ttotal Status Flags
r-devel-linux-x86_64-debian-clang 2.0.3 1386.25 115.78 1502.03 OK
r-devel-linux-x86_64-debian-gcc 2.0.3 899.77 86.77 986.54 OK
r-devel-linux-x86_64-fedora-clang 2.0.3 2091.84 NOTE
r-devel-linux-x86_64-fedora-gcc 2.0.3 1906.86 OK
r-devel-windows-x86_64 2.0.3 1549.00 172.00 1721.00 NOTE
r-devel-windows-x86_64-gcc10-UCRT 2.0.3 OK
r-patched-linux-x86_64 2.0.3 1089.42 112.48 1201.90 OK
r-patched-solaris-x86 2.0.3 1537.60 NOTE
r-release-linux-x86_64 2.0.3 1077.32 112.49 1189.81 OK
r-release-macos-arm64 2.0.3 NOTE
r-release-macos-x86_64 2.0.3 NOTE
r-release-windows-ix86+x86_64 2.0.3 3027.00 228.00 3255.00 NOTE
r-oldrel-macos-x86_64 2.0.3 NOTE
r-oldrel-windows-ix86+x86_64 2.0.3 2312.00 254.00 2566.00 NOTE

Check Details

Version: 2.0.3
Check: installed package size
Result: NOTE
     installed size is 52.1Mb
     sub-directories of 1Mb or more:
     libs 50.8Mb
Flavors: r-devel-linux-x86_64-fedora-clang, r-devel-windows-x86_64, r-patched-solaris-x86, r-release-macos-arm64, r-release-macos-x86_64, r-release-windows-ix86+x86_64, r-oldrel-macos-x86_64, r-oldrel-windows-ix86+x86_64