CRAN Package Check Results for Package Rmosek

Last updated on 2021-09-22 02:49:42 CEST.

Flavor Version Tinstall Tcheck Ttotal Status Flags
r-devel-linux-x86_64-debian-clang 1.3.5 1.88 21.78 23.66 NOTE --install=fake --no-examples --no-tests --no-vignettes
r-devel-linux-x86_64-debian-gcc 1.3.5 1.63 17.58 19.21 NOTE --install=fake --no-examples --no-tests --no-vignettes
r-devel-linux-x86_64-fedora-clang 1.3.5 39.49 OK
r-devel-linux-x86_64-fedora-gcc 1.3.5 28.44 OK
r-devel-windows-x86_64 1.3.5 4.00 29.00 33.00 OK
r-devel-windows-x86_64-gcc10-UCRT 1.3.5 ERROR --install=fake
r-patched-linux-x86_64 1.3.5 1.87 21.00 22.87 NOTE --no-examples --no-tests --no-vignettes
r-release-linux-x86_64 1.3.5 1.74 21.11 22.85 NOTE --no-examples --no-tests --no-vignettes
r-release-macos-arm64 1.3.5 OK
r-release-macos-x86_64 1.3.5 OK
r-release-windows-ix86+x86_64 1.3.5 5.00 40.00 45.00 OK
r-oldrel-macos-x86_64 1.3.5 OK
r-oldrel-windows-ix86+x86_64 1.3.5 5.00 30.00 35.00 OK

Check Details

Version: 1.3.5
Flags: --install=fake --no-examples --no-tests --no-vignettes
Check: R code for possible problems
Result: NOTE
    Found the following calls to attach():
    File 'Rmosek/R/builder.R':
     attach(builderenv, pos, name, warn.conflicts)
    See section 'Good practice' in '?attach'.
Flavors: r-devel-linux-x86_64-debian-clang, r-devel-linux-x86_64-debian-gcc

Version: 1.3.5
Flags: --install=fake
Check: whether package can be installed
Result: WARN
    Found the following significant warnings:
     WARNING: installation-time patches will not be applied, could not get the patches index
Flavor: r-devel-windows-x86_64-gcc10-UCRT

Version: 1.3.5
Flags: --install=fake
Check: PDF version of manual
Result: WARN
    LaTeX errors when creating PDF version.
    This typically indicates Rd problems.
Flavor: r-devel-windows-x86_64-gcc10-UCRT

Version: 1.3.5
Flags: --install=fake
Check: PDF version of manual without hyperrefs or index
Result: ERROR
    Re-running with no redirection of stdout/stderr.
Flavor: r-devel-windows-x86_64-gcc10-UCRT

Version: 1.3.5
Flags: --no-examples --no-tests --no-vignettes
Check: R code for possible problems
Result: NOTE
    Found the following calls to attach():
    File ‘Rmosek/R/builder.R’:
     attach(builderenv, pos, name, warn.conflicts)
    See section ‘Good practice’ in ‘?attach’.
Flavors: r-patched-linux-x86_64, r-release-linux-x86_64