CRAN Package Check Results for Package Rmpfr

Last updated on 2021-10-19 02:48:49 CEST.

Flavor Version Tinstall Tcheck Ttotal Status Flags
r-devel-linux-x86_64-debian-clang 0.8-5 21.47 189.31 210.78 OK
r-devel-linux-x86_64-debian-gcc 0.8-5 16.71 141.69 158.40 OK
r-devel-linux-x86_64-fedora-clang 0.8-5 268.99 OK
r-devel-linux-x86_64-fedora-gcc 0.8-5 254.86 OK
r-devel-windows-x86_64 0.8-5 32.00 271.00 303.00 OK
r-devel-windows-x86_64-gcc10-UCRT 0.8-5 OK
r-patched-linux-x86_64 0.8-5 20.90 185.00 205.90 OK
r-patched-solaris-x86 0.8-5 333.50 OK
r-release-linux-x86_64 0.8-5 19.98 184.85 204.83 OK
r-release-macos-arm64 0.8-4 OK
r-release-macos-x86_64 0.8-5 OK
r-release-windows-ix86+x86_64 0.8-5 30.00 458.00 488.00 OK
r-oldrel-macos-x86_64 0.8-5 OK
r-oldrel-windows-ix86+x86_64 0.8-5 1.00 6.00 7.00 ERROR

Additional issues

valgrind

Check Details

Version: 0.8-5
Check: whether package can be installed
Result: ERROR
    Installation failed.
Flavor: r-oldrel-windows-ix86+x86_64