CRAN Package Check Results for Package Rphylopars

Last updated on 2021-09-17 02:49:03 CEST.

Flavor Version Tinstall Tcheck Ttotal Status Flags
r-devel-linux-x86_64-debian-clang 0.3.2 64.14 137.37 201.51 OK
r-devel-linux-x86_64-debian-gcc 0.3.2 54.74 100.51 155.25 OK
r-devel-linux-x86_64-fedora-clang 0.3.2 269.53 OK
r-devel-linux-x86_64-fedora-gcc 0.3.2 250.18 OK
r-devel-windows-x86_64 0.3.2 89.00 166.00 255.00 OK
r-devel-windows-x86_64-gcc10-UCRT 0.3.2 OK
r-patched-linux-x86_64 0.3.2 60.33 127.38 187.71 OK
r-patched-solaris-x86 0.3.2 311.40 OK
r-release-linux-x86_64 0.3.2 58.30 126.53 184.83 OK
r-release-macos-arm64 0.3.2 NOTE
r-release-macos-x86_64 0.3.2 NOTE
r-release-windows-ix86+x86_64 0.3.2 157.00 233.00 390.00 OK
r-oldrel-macos-x86_64 0.3.2 NOTE
r-oldrel-windows-ix86+x86_64 0.3.2 139.00 207.00 346.00 OK

Check Details

Version: 0.3.2
Check: installed package size
Result: NOTE
     installed size is 7.1Mb
     sub-directories of 1Mb or more:
     libs 6.9Mb
Flavors: r-release-macos-arm64, r-release-macos-x86_64, r-oldrel-macos-x86_64