CRAN Package Check Results for Package SACOBRA

Last updated on 2021-07-28 02:49:21 CEST.

Flavor Version Tinstall Tcheck Ttotal Status Flags
r-devel-linux-x86_64-debian-clang 1.2 13.25 85.68 98.93 OK
r-devel-linux-x86_64-debian-gcc 1.2 8.75 62.84 71.59 OK
r-devel-linux-x86_64-fedora-clang 1.2 121.93 NOTE
r-devel-linux-x86_64-fedora-gcc 1.2 119.18 NOTE
r-devel-windows-x86_64 1.2 16.00 100.00 116.00 OK
r-devel-windows-x86_64-gcc10-UCRT 1.2 NOTE
r-patched-linux-x86_64 1.2 9.60 80.24 89.84 OK
r-patched-solaris-x86 1.2 128.40 NOTE
r-release-linux-x86_64 1.2 10.93 80.48 91.41 OK
r-release-macos-arm64 1.2 NOTE
r-release-macos-x86_64 1.2 NOTE
r-release-windows-ix86+x86_64 1.2 17.00 90.00 107.00 OK
r-oldrel-macos-x86_64 1.2 NOTE
r-oldrel-windows-ix86+x86_64 1.2 14.00 105.00 119.00 OK

Check Details

Version: 1.2
Check: dependencies in R code
Result: NOTE
    Namespaces in Imports field not imported from:
     ‘R6’ ‘mgcv’
     All declared Imports should be used.
Flavors: r-devel-linux-x86_64-fedora-clang, r-devel-linux-x86_64-fedora-gcc, r-devel-windows-x86_64-gcc10-UCRT, r-patched-solaris-x86, r-release-macos-arm64, r-release-macos-x86_64, r-oldrel-macos-x86_64