CRAN Package Check Results for Package SEAsic

Last updated on 2022-01-29 02:50:02 CET.

Flavor Version Tinstall Tcheck Ttotal Status Flags
r-devel-linux-x86_64-debian-clang 0.1 2.09 33.26 35.35 NOTE
r-devel-linux-x86_64-debian-gcc 0.1 2.45 25.84 28.29 NOTE
r-devel-linux-x86_64-fedora-clang 0.1 44.98 NOTE
r-devel-linux-x86_64-fedora-gcc 0.1 33.89 NOTE
r-devel-windows-x86_64-new-UL 0.1 18.00 49.00 67.00 NOTE
r-devel-windows-x86_64-new-TK 0.1 NOTE
r-patched-linux-x86_64 0.1 2.46 32.29 34.75 NOTE
r-release-linux-x86_64 0.1 2.11 31.52 33.63 NOTE
r-release-macos-arm64 0.1 NOTE
r-release-macos-x86_64 0.1 NOTE
r-release-windows-ix86+x86_64 0.1 5.00 45.00 50.00 NOTE
r-oldrel-macos-x86_64 0.1 NOTE
r-oldrel-windows-ix86+x86_64 0.1 4.00 37.00 41.00 NOTE

Check Details

Version: 0.1
Check: R code for possible problems
Result: NOTE
    adx: no visible global function definition for 'abline'
    adx: no visible global function definition for 'legend'
    dx: no visible global function definition for 'abline'
    dx: no visible global function definition for 'legend'
    maxd: no visible global function definition for 'abline'
    maxd: no visible global function definition for 'legend'
    pc: no visible global function definition for 'rainbow'
    pc: no visible global function definition for 'abline'
    pc: no visible global function definition for 'legend'
    pc: no visible global function definition for 'points'
    pcu: no visible global function definition for 'rainbow'
    pcu: no visible global function definition for 'abline'
    pcu: no visible global function definition for 'legend'
    pcu: no visible global function definition for 'points'
    rmsd: no visible global function definition for 'abline'
    rmsd: no visible global function definition for 'legend'
    rsd: no visible global function definition for 'abline'
    rsd: no visible global function definition for 'legend'
    Undefined global functions or variables:
     abline legend points rainbow
    Consider adding
     importFrom("grDevices", "rainbow")
     importFrom("graphics", "abline", "legend", "points")
    to your NAMESPACE file.
Flavors: r-devel-linux-x86_64-debian-clang, r-devel-linux-x86_64-debian-gcc, r-devel-linux-x86_64-fedora-clang, r-devel-linux-x86_64-fedora-gcc, r-devel-windows-x86_64-new-UL, r-devel-windows-x86_64-new-TK, r-patched-linux-x86_64, r-release-linux-x86_64, r-release-macos-arm64, r-release-macos-x86_64, r-release-windows-ix86+x86_64, r-oldrel-macos-x86_64, r-oldrel-windows-ix86+x86_64