CRAN Package Check Results for Package Signac

Last updated on 2023-02-09 02:53:25 CET.

Flavor Version Tinstall Tcheck Ttotal Status Flags
r-devel-linux-x86_64-debian-clang 1.9.0 88.56 407.25 495.81 NOTE
r-devel-linux-x86_64-debian-gcc 1.9.0 74.07 297.47 371.54 NOTE
r-devel-linux-x86_64-fedora-clang 1.9.0 630.31 NOTE
r-devel-linux-x86_64-fedora-gcc 1.9.0 643.21 NOTE
r-devel-windows-x86_64 1.9.0 141.00 492.00 633.00 NOTE
r-patched-linux-x86_64 1.9.0 87.88 372.99 460.87 OK
r-release-linux-x86_64 1.9.0 65.90 373.96 439.86 OK
r-release-macos-arm64 1.9.0 127.00 NOTE
r-release-macos-x86_64 1.9.0 202.00 OK
r-release-windows-x86_64 1.9.0 192.00 471.00 663.00 OK
r-oldrel-macos-arm64 1.9.0 9.00 ERROR
r-oldrel-macos-x86_64 1.9.0 11.00 ERROR
r-oldrel-windows-ix86+x86_64 1.9.0 190.00 594.00 784.00 OK

Check Details

Version: 1.9.0
Check: C++ specification
Result: NOTE
     Specified C++11: please update to current default of C++17
Flavor: r-devel-linux-x86_64-debian-clang

Version: 1.9.0
Check: C++ specification
Result: NOTE
     Specified C++11: please drop specification unless essential
Flavors: r-devel-linux-x86_64-debian-gcc, r-devel-linux-x86_64-fedora-clang, r-devel-linux-x86_64-fedora-gcc, r-devel-windows-x86_64

Version: 1.9.0
Check: package dependencies
Result: NOTE
    Imports includes 24 non-default packages.
    Importing from so many packages makes the package vulnerable to any of
    them becoming unavailable. Move as many as possible to Suggests and
    use conditionally.
Flavor: r-devel-linux-x86_64-fedora-clang

Version: 1.9.0
Check: package dependencies
Result: NOTE
    Packages suggested but not available for checking:
     'chromVAR', 'TFBSTools', 'motifmatchr'
Flavor: r-release-macos-arm64

Version: 1.9.0
Check: Rd cross-references
Result: NOTE
    Packages unavailable to check Rd xrefs: ‘TFBSTools’, ‘motifmatchr’, ‘chromVAR’
Flavor: r-release-macos-arm64

Version: 1.9.0
Check: package dependencies
Result: ERROR
    Package required and available but unsuitable version: ‘GenomeInfoDb’
    
    Packages suggested but not available for checking:
     'chromVAR', 'TFBSTools', 'motifmatchr'
    
    See section ‘The DESCRIPTION file’ in the ‘Writing R Extensions’
    manual.
Flavor: r-oldrel-macos-arm64

Version: 1.9.0
Check: package dependencies
Result: ERROR
    Package required and available but unsuitable version: ‘GenomeInfoDb’
    
    See section ‘The DESCRIPTION file’ in the ‘Writing R Extensions’
    manual.
Flavor: r-oldrel-macos-x86_64