CRAN Package Check Results for Package Sleuth2

Last updated on 2021-09-21 02:49:24 CEST.

Flavor Version Tinstall Tcheck Ttotal Status Flags
r-devel-linux-x86_64-debian-clang 2.0-5 4.05 218.18 222.23 OK
r-devel-linux-x86_64-debian-gcc 2.0-5 3.78 161.22 165.00 OK
r-devel-linux-x86_64-fedora-clang 2.0-5 259.84 OK
r-devel-linux-x86_64-fedora-gcc 2.0-5 249.83 OK
r-devel-windows-x86_64 2.0-5 7.00 221.00 228.00 OK
r-devel-windows-x86_64-gcc10-UCRT 2.0-5 ERROR
r-patched-linux-x86_64 2.0-5 6.12 250.39 256.51 OK
r-patched-solaris-x86 2.0-5 403.10 NOTE
r-release-linux-x86_64 2.0-5 4.55 251.91 256.46 OK
r-release-macos-arm64 2.0-5 OK
r-release-macos-x86_64 2.0-5 OK
r-release-windows-ix86+x86_64 2.0-5 12.00 372.00 384.00 OK
r-oldrel-macos-x86_64 2.0-5 OK
r-oldrel-windows-ix86+x86_64 2.0-5 9.00 420.00 429.00 OK

Check Details

Version: 2.0-5
Check: whether package can be installed
Result: WARN
    Found the following significant warnings:
     WARNING: installation-time patches will not be applied, could not get the patches index
Flavor: r-devel-windows-x86_64-gcc10-UCRT

Version: 2.0-5
Check: PDF version of manual
Result: WARN
    LaTeX errors when creating PDF version.
    This typically indicates Rd problems.
Flavor: r-devel-windows-x86_64-gcc10-UCRT

Version: 2.0-5
Check: PDF version of manual without hyperrefs or index
Result: ERROR
    Re-running with no redirection of stdout/stderr.
Flavor: r-devel-windows-x86_64-gcc10-UCRT

Version: 2.0-5
Check: installed package size
Result: NOTE
     installed size is 5.0Mb
     sub-directories of 1Mb or more:
     doc 4.2Mb
Flavor: r-patched-solaris-x86