CRAN Package Check Results for Package Sleuth3

Last updated on 2021-08-04 02:50:17 CEST.

Flavor Version Tinstall Tcheck Ttotal Status Flags
r-devel-linux-x86_64-debian-clang 1.0-3 6.06 286.60 292.66 OK
r-devel-linux-x86_64-debian-gcc 1.0-3 4.48 213.41 217.89 OK
r-devel-linux-x86_64-fedora-clang 1.0-3 345.32 NOTE
r-devel-linux-x86_64-fedora-gcc 1.0-3 335.42 OK
r-devel-windows-x86_64 1.0-3 8.00 448.00 456.00 NOTE
r-devel-windows-x86_64-gcc10-UCRT 1.0-3 OK
r-patched-linux-x86_64 1.0-3 8.39 269.81 278.20 OK
r-patched-solaris-x86 1.0-3 425.30 NOTE
r-release-linux-x86_64 1.0-3 5.32 270.26 275.58 OK
r-release-macos-arm64 1.0-3 NOTE
r-release-macos-x86_64 1.0-3 NOTE
r-release-windows-ix86+x86_64 1.0-3 12.00 440.00 452.00 NOTE
r-oldrel-macos-x86_64 1.0-3 NOTE
r-oldrel-windows-ix86+x86_64 1.0-3 10.00 443.00 453.00 NOTE

Check Details

Version: 1.0-3
Check: installed package size
Result: NOTE
     installed size is 5.1Mb
     sub-directories of 1Mb or more:
     doc 3.7Mb
Flavors: r-devel-linux-x86_64-fedora-clang, r-devel-windows-x86_64, r-patched-solaris-x86, r-release-macos-arm64, r-release-macos-x86_64, r-release-windows-ix86+x86_64, r-oldrel-macos-x86_64, r-oldrel-windows-ix86+x86_64