Last updated on 2023-03-23 02:49:58 CET.
Flavor | Version | Tinstall | Tcheck | Ttotal | Status | Flags |
---|---|---|---|---|---|---|
r-devel-linux-x86_64-debian-clang | 1.1.0 | 570.87 | 197.39 | 768.26 | NOTE | |
r-devel-linux-x86_64-debian-gcc | 1.1.0 | 529.14 | 184.44 | 713.58 | NOTE | |
r-devel-linux-x86_64-fedora-clang | 1.1.0 | 990.97 | NOTE | |||
r-devel-linux-x86_64-fedora-gcc | 1.1.0 | 1259.46 | NOTE | |||
r-devel-windows-x86_64 | 1.1.0 | 413.00 | 297.00 | 710.00 | NOTE | |
r-patched-linux-x86_64 | 1.1.0 | 540.65 | 220.56 | 761.21 | NOTE | |
r-release-linux-x86_64 | 1.1.0 | 469.31 | 217.66 | 686.97 | NOTE | |
r-release-macos-arm64 | 1.1.0 | 225.00 | NOTE | |||
r-release-macos-x86_64 | 1.1.0 | 360.00 | NOTE | |||
r-release-windows-x86_64 | 1.1.0 | 375.00 | 287.00 | 662.00 | NOTE | |
r-oldrel-macos-arm64 | 1.1.0 | 196.00 | NOTE | |||
r-oldrel-macos-x86_64 | 1.1.0 | 359.00 | NOTE | |||
r-oldrel-windows-ix86+x86_64 | 1.1.0 | 1297.00 | 470.00 | 1767.00 | NOTE |
Version: 1.1.0
Check: for GNU extensions in Makefiles
Result: NOTE
GNU make is a SystemRequirements.
Flavors: r-devel-linux-x86_64-debian-clang, r-devel-linux-x86_64-debian-gcc, r-devel-linux-x86_64-fedora-clang, r-devel-linux-x86_64-fedora-gcc, r-devel-windows-x86_64, r-patched-linux-x86_64, r-release-linux-x86_64, r-release-macos-arm64, r-release-macos-x86_64, r-release-windows-x86_64, r-oldrel-macos-arm64, r-oldrel-macos-x86_64, r-oldrel-windows-ix86+x86_64
Version: 1.1.0
Check: installed package size
Result: NOTE
installed size is 6.6Mb
sub-directories of 1Mb or more:
libs 5.7Mb
Flavors: r-devel-linux-x86_64-fedora-clang, r-devel-windows-x86_64, r-release-macos-arm64, r-release-macos-x86_64, r-release-windows-x86_64, r-oldrel-macos-arm64, r-oldrel-macos-x86_64, r-oldrel-windows-ix86+x86_64
Version: 1.1.0
Check: dependencies in R code
Result: NOTE
Namespaces in Imports field not imported from:
‘RcppParallel’ ‘httr’ ‘latex2exp’ ‘rstantools’ ‘tibble’ ‘tidyverse’
‘utils’
All declared Imports should be used.
Flavors: r-devel-linux-x86_64-fedora-clang, r-devel-linux-x86_64-fedora-gcc, r-release-macos-arm64, r-release-macos-x86_64, r-oldrel-macos-arm64, r-oldrel-macos-x86_64