Last updated on 2022-05-23 02:53:49 CEST.
Flavor | Version | Tinstall | Tcheck | Ttotal | Status | Flags |
---|---|---|---|---|---|---|
r-devel-linux-x86_64-debian-clang | 1.0 | 2.81 | 41.10 | 43.91 | NOTE | |
r-devel-linux-x86_64-debian-gcc | 1.0 | 2.46 | 31.13 | 33.59 | NOTE | |
r-devel-linux-x86_64-fedora-clang | 1.0 | 52.31 | NOTE | |||
r-devel-linux-x86_64-fedora-gcc | 1.0 | 51.92 | NOTE | |||
r-devel-windows-x86_64 | 1.0 | 45.00 | 57.00 | 102.00 | NOTE | |
r-patched-linux-x86_64 | 1.0 | 3.39 | 39.02 | 42.41 | NOTE | |
r-release-linux-x86_64 | 1.0 | 2.94 | 38.16 | 41.10 | NOTE | |
r-release-macos-arm64 | 1.0 | 18.00 | NOTE | |||
r-release-macos-x86_64 | 1.0 | 24.00 | NOTE | |||
r-release-windows-x86_64 | 1.0 | 33.00 | 56.00 | 89.00 | NOTE | |
r-oldrel-macos-arm64 | 1.0 | 22.00 | NOTE | |||
r-oldrel-macos-x86_64 | 1.0 | 27.00 | NOTE | |||
r-oldrel-windows-ix86+x86_64 | 1.0 | 7.00 | 49.00 | 56.00 | NOTE |
Version: 1.0
Check: R code for possible problems
Result: NOTE
actvspred: no visible global function definition for 'quantile'
actvspred: no visible global function definition for 'aggregate'
actvspred: no visible global function definition for 'par'
actvspred: no visible global function definition for 'lines'
auc: no visible global function definition for 'par'
decile: no visible global function definition for 'quantile'
dqcontinuous : numoutliers: no visible global function definition for
'quantile'
dqcontinuous : <anonymous>: no visible global function definition for
'sd'
dqcontinuous : <anonymous>: no visible global function definition for
'quantile'
gini: no visible global function definition for 'par'
gini: no visible global function definition for 'abline'
iv: no visible global function definition for 'quantile'
iv: no visible global function definition for 'aggregate'
ks: no visible global function definition for 'aggregate'
ks: no visible global function definition for 'par'
ks: no visible global function definition for 'lines'
outliers: no visible global function definition for 'quantile'
outliers: no visible global function definition for 'na.omit'
pentile: no visible global function definition for 'quantile'
Undefined global functions or variables:
abline aggregate lines na.omit par quantile sd
Consider adding
importFrom("graphics", "abline", "lines", "par")
importFrom("stats", "aggregate", "na.omit", "quantile", "sd")
to your NAMESPACE file.
Flavors: r-devel-linux-x86_64-debian-clang, r-devel-linux-x86_64-debian-gcc, r-devel-linux-x86_64-fedora-clang, r-devel-linux-x86_64-fedora-gcc, r-devel-windows-x86_64, r-patched-linux-x86_64, r-release-linux-x86_64, r-release-macos-arm64, r-release-macos-x86_64, r-release-windows-x86_64, r-oldrel-macos-arm64, r-oldrel-macos-x86_64, r-oldrel-windows-ix86+x86_64