CRAN Package Check Results for Package SynthCast

Last updated on 2022-10-04 02:54:54 CEST.

Flavor Version Tinstall Tcheck Ttotal Status Flags
r-devel-linux-x86_64-debian-clang 0.2.1 8.97 135.86 144.83 OK
r-devel-linux-x86_64-debian-gcc 0.2.1 5.66 97.57 103.23 OK
r-devel-linux-x86_64-fedora-clang 0.2.1 181.96 OK
r-devel-linux-x86_64-fedora-gcc 0.2.1 182.49 OK
r-devel-windows-x86_64 0.2.1 16.00 153.00 169.00 OK
r-patched-linux-x86_64 0.2.1 6.24 126.55 132.79 OK
r-release-linux-x86_64 0.2.1 7.52 123.64 131.16 OK
r-release-macos-arm64 0.2.1 44.00 OK
r-release-macos-x86_64 0.2.1 7.00 ERROR
r-release-windows-x86_64 0.2.1 17.00 159.00 176.00 OK
r-oldrel-macos-arm64 0.2.1 37.00 OK
r-oldrel-macos-x86_64 0.2.1 60.00 OK
r-oldrel-windows-ix86+x86_64 0.2.1 18.00 160.00 178.00 OK

Check Details

Version: 0.2.1
Check: package dependencies
Result: ERROR
    Package required but not available: ‘Synth’
    
    See section ‘The DESCRIPTION file’ in the ‘Writing R Extensions’
    manual.
Flavor: r-release-macos-x86_64