CRAN Package Check Results for Package TSPred

Last updated on 2021-09-21 02:49:30 CEST.

Flavor Version Tinstall Tcheck Ttotal Status Flags
r-devel-linux-x86_64-debian-clang 5.1 8.80 84.21 93.01 OK
r-devel-linux-x86_64-debian-gcc 5.1 6.84 60.73 67.57 OK
r-devel-linux-x86_64-fedora-clang 5.1 125.05 NOTE
r-devel-linux-x86_64-fedora-gcc 5.1 106.93 NOTE
r-devel-windows-x86_64 5.1 12.00 82.00 94.00 OK
r-devel-windows-x86_64-gcc10-UCRT 5.1 ERROR
r-patched-linux-x86_64 5.1 14.38 78.78 93.16 OK
r-patched-solaris-x86 5.1 145.50 NOTE
r-release-linux-x86_64 5.1 7.30 80.09 87.39 OK
r-release-macos-arm64 5.1 NOTE
r-release-macos-x86_64 5.1 NOTE
r-release-windows-ix86+x86_64 5.1 16.00 105.00 121.00 OK
r-oldrel-macos-x86_64 5.1 NOTE
r-oldrel-windows-ix86+x86_64 5.1 15.00 108.00 123.00 OK

Check Details

Version: 5.1
Check: dependencies in R code
Result: NOTE
    Namespaces in Imports field not imported from:
     ‘EMD’ ‘vars’
     All declared Imports should be used.
Flavors: r-devel-linux-x86_64-fedora-clang, r-devel-linux-x86_64-fedora-gcc, r-devel-windows-x86_64-gcc10-UCRT, r-patched-solaris-x86, r-release-macos-arm64, r-release-macos-x86_64, r-oldrel-macos-x86_64

Version: 5.1
Check: whether package can be installed
Result: WARN
    Found the following significant warnings:
     WARNING: installation-time patches will not be applied, could not get the patches index
Flavor: r-devel-windows-x86_64-gcc10-UCRT

Version: 5.1
Check: PDF version of manual
Result: WARN
    LaTeX errors when creating PDF version.
    This typically indicates Rd problems.
Flavor: r-devel-windows-x86_64-gcc10-UCRT

Version: 5.1
Check: PDF version of manual without hyperrefs or index
Result: ERROR
    Re-running with no redirection of stdout/stderr.
Flavor: r-devel-windows-x86_64-gcc10-UCRT