CRAN Package Check Results for Package TauP.R

Last updated on 2022-01-29 02:50:05 CET.

Flavor Version Tinstall Tcheck Ttotal Status Flags
r-devel-linux-x86_64-debian-clang 1.5 7.21 70.85 78.06 OK
r-devel-linux-x86_64-debian-gcc 1.5 6.32 52.23 58.55 OK
r-devel-linux-x86_64-fedora-clang 1.5 95.64 NOTE
r-devel-linux-x86_64-fedora-gcc 1.5 90.02 OK
r-devel-windows-x86_64-new-UL 1.5 37.00 89.00 126.00 OK
r-devel-windows-x86_64-new-TK 1.5 OK
r-patched-linux-x86_64 1.5 7.17 68.00 75.17 OK
r-release-linux-x86_64 1.5 7.70 67.11 74.81 OK
r-release-macos-arm64 1.5 OK
r-release-macos-x86_64 1.5 OK
r-release-windows-ix86+x86_64 1.5 15.00 78.00 93.00 OK
r-oldrel-macos-x86_64 1.5 OK
r-oldrel-windows-ix86+x86_64 1.5 16.00 77.00 93.00 OK

Check Details

Version: 1.5
Check: Rd cross-references
Result: NOTE
    Undeclared package ‘GEOmap’ in Rd xrefs
Flavor: r-devel-linux-x86_64-fedora-clang